{"id":79,"date":"2019-09-19T18:59:26","date_gmt":"2019-09-19T16:59:26","guid":{"rendered":"https:\/\/blogs.urz.uni-halle.de\/justscalligraphy\/?page_id=79"},"modified":"2019-10-05T17:35:31","modified_gmt":"2019-10-05T15:35:31","slug":"schreiben","status":"publish","type":"page","link":"https:\/\/blogs.urz.uni-halle.de\/justscalligraphy\/durchfuehrung\/schreiben\/","title":{"rendered":"Schreiben"},"content":{"rendered":"<p>Bodoni der Schriftgestalter sagte:<\/p>\n<p>&#8222;Die Buchstaben haben dann Anmut, wenn Sie nicht mit Unlust und Hast, auch nicht mit M\u00fche und Flei\u00df, sondern mit Lust und Liebe geschrieben sind.&#8220;<\/p>\n<p>Einen langen Atem sollte man dennoch mitbringen. Schlie\u00dflich ist kein Mensch perfekt und somit verschreibt man sich in aller Regel mal fr\u00fcher mal sp\u00e4ter bei einem Projekt.<\/p>\n<p>&nbsp;<\/p>\n\n\t\t<style type=\"text\/css\">\n\t\t\t#gallery-1 {\n\t\t\t\tmargin: auto;\n\t\t\t}\n\t\t\t#gallery-1 .gallery-item {\n\t\t\t\tfloat: left;\n\t\t\t\tmargin-top: 10px;\n\t\t\t\ttext-align: center;\n\t\t\t\twidth: 50%;\n\t\t\t}\n\t\t\t#gallery-1 img {\n\t\t\t\tborder: 2px solid #cfcfcf;\n\t\t\t}\n\t\t\t#gallery-1 .gallery-caption {\n\t\t\t\tmargin-left: 0;\n\t\t\t}\n\t\t\t\/* see gallery_shortcode() in wp-includes\/media.php *\/\n\t\t<\/style>\n\t\t<div id='gallery-1' class='gallery galleryid-79 gallery-columns-2 gallery-size-thumbnail'><dl class='gallery-item'>\n\t\t\t<dt class='gallery-icon landscape'>\n\t\t\t\t<a href='https:\/\/blogs.urz.uni-halle.de\/justscalligraphy\/durchfuehrung\/schreiben\/img_6663\/'><img width=\"150\" height=\"150\" src=\"https:\/\/blogs.urz.uni-halle.de\/justscalligraphy\/files\/2019\/10\/IMG_6663-150x150.jpg\" class=\"attachment-thumbnail size-thumbnail\" alt=\"\" loading=\"lazy\" aria-describedby=\"gallery-1-206\" srcset=\"https:\/\/blogs.urz.uni-halle.de\/justscalligraphy\/files\/2019\/10\/IMG_6663-150x150.jpg 150w, https:\/\/blogs.urz.uni-halle.de\/justscalligraphy\/files\/2019\/10\/IMG_6663-300x300.jpg 300w, https:\/\/blogs.urz.uni-halle.de\/justscalligraphy\/files\/2019\/10\/IMG_6663-768x768.jpg 768w, https:\/\/blogs.urz.uni-halle.de\/justscalligraphy\/files\/2019\/10\/IMG_6663-1024x1024.jpg 1024w\" sizes=\"(max-width: 150px) 100vw, 150px\" \/><\/a>\n\t\t\t<\/dt>\n\t\t\t\t<dd class='wp-caption-text gallery-caption' id='gallery-1-206'>\n\t\t\t\tLimetten Schnaps Glas\n\t\t\t\t<\/dd><\/dl><dl class='gallery-item'>\n\t\t\t<dt class='gallery-icon landscape'>\n\t\t\t\t<a href='https:\/\/blogs.urz.uni-halle.de\/justscalligraphy\/durchfuehrung\/schreiben\/img_6664\/'><img width=\"150\" height=\"150\" src=\"https:\/\/blogs.urz.uni-halle.de\/justscalligraphy\/files\/2019\/10\/IMG_6664-150x150.jpg\" class=\"attachment-thumbnail size-thumbnail\" alt=\"\" loading=\"lazy\" aria-describedby=\"gallery-1-207\" srcset=\"https:\/\/blogs.urz.uni-halle.de\/justscalligraphy\/files\/2019\/10\/IMG_6664-150x150.jpg 150w, https:\/\/blogs.urz.uni-halle.de\/justscalligraphy\/files\/2019\/10\/IMG_6664-300x300.jpg 300w, https:\/\/blogs.urz.uni-halle.de\/justscalligraphy\/files\/2019\/10\/IMG_6664-768x768.jpg 768w, https:\/\/blogs.urz.uni-halle.de\/justscalligraphy\/files\/2019\/10\/IMG_6664-1024x1024.jpg 1024w\" sizes=\"(max-width: 150px) 100vw, 150px\" \/><\/a>\n\t\t\t<\/dt>\n\t\t\t\t<dd class='wp-caption-text gallery-caption' id='gallery-1-207'>\n\t\t\t\tGla&#8230;\n\t\t\t\t<\/dd><\/dl><br style=\"clear: both\" \/><dl class='gallery-item'>\n\t\t\t<dt class='gallery-icon landscape'>\n\t\t\t\t<a href='https:\/\/blogs.urz.uni-halle.de\/justscalligraphy\/durchfuehrung\/schreiben\/img_6670\/'><img width=\"150\" height=\"150\" src=\"https:\/\/blogs.urz.uni-halle.de\/justscalligraphy\/files\/2019\/10\/IMG_6670-150x150.jpg\" class=\"attachment-thumbnail size-thumbnail\" alt=\"\" loading=\"lazy\" aria-describedby=\"gallery-1-208\" srcset=\"https:\/\/blogs.urz.uni-halle.de\/justscalligraphy\/files\/2019\/10\/IMG_6670-150x150.jpg 150w, https:\/\/blogs.urz.uni-halle.de\/justscalligraphy\/files\/2019\/10\/IMG_6670-300x300.jpg 300w, https:\/\/blogs.urz.uni-halle.de\/justscalligraphy\/files\/2019\/10\/IMG_6670-768x768.jpg 768w, https:\/\/blogs.urz.uni-halle.de\/justscalligraphy\/files\/2019\/10\/IMG_6670-1024x1024.jpg 1024w\" sizes=\"(max-width: 150px) 100vw, 150px\" \/><\/a>\n\t\t\t<\/dt>\n\t\t\t\t<dd class='wp-caption-text gallery-caption' id='gallery-1-208'>\n\t\t\t\tDoppelter Kreis\n\t\t\t\t<\/dd><\/dl><dl class='gallery-item'>\n\t\t\t<dt class='gallery-icon landscape'>\n\t\t\t\t<a href='https:\/\/blogs.urz.uni-halle.de\/justscalligraphy\/durchfuehrung\/schreiben\/img_6673\/'><img width=\"150\" height=\"150\" src=\"https:\/\/blogs.urz.uni-halle.de\/justscalligraphy\/files\/2019\/10\/IMG_6673-150x150.jpg\" class=\"attachment-thumbnail size-thumbnail\" alt=\"\" loading=\"lazy\" aria-describedby=\"gallery-1-209\" srcset=\"https:\/\/blogs.urz.uni-halle.de\/justscalligraphy\/files\/2019\/10\/IMG_6673-150x150.jpg 150w, https:\/\/blogs.urz.uni-halle.de\/justscalligraphy\/files\/2019\/10\/IMG_6673-300x300.jpg 300w, https:\/\/blogs.urz.uni-halle.de\/justscalligraphy\/files\/2019\/10\/IMG_6673-768x768.jpg 768w, https:\/\/blogs.urz.uni-halle.de\/justscalligraphy\/files\/2019\/10\/IMG_6673-1024x1024.jpg 1024w\" sizes=\"(max-width: 150px) 100vw, 150px\" \/><\/a>\n\t\t\t<\/dt>\n\t\t\t\t<dd class='wp-caption-text gallery-caption' id='gallery-1-209'>\n\t\t\t\tSnaps\n\t\t\t\t<\/dd><\/dl><br style=\"clear: both\" \/>\n\t\t<\/div>\n\n<p>&nbsp;<\/p>\n","protected":false},"excerpt":{"rendered":"<p>Bodoni der Schriftgestalter sagte: &#8222;Die Buchstaben haben dann Anmut, wenn Sie nicht mit Unlust und Hast, auch nicht mit M\u00fche und Flei\u00df, sondern mit Lust und Liebe geschrieben sind.&#8220; Einen langen Atem sollte man dennoch mitbringen. Schlie\u00dflich ist kein Mensch perfekt und somit verschreibt man sich in aller Regel mal fr\u00fcher mal sp\u00e4ter bei einem &#8230; <span class=\"more\"><a class=\"more-link\" href=\"https:\/\/blogs.urz.uni-halle.de\/justscalligraphy\/durchfuehrung\/schreiben\/\">[Read more&#8230;]<\/a><\/span><\/p>\n","protected":false},"author":4152,"featured_media":0,"parent":62,"menu_order":2,"comment_status":"closed","ping_status":"closed","template":"","meta":[],"_links":{"self":[{"href":"https:\/\/blogs.urz.uni-halle.de\/justscalligraphy\/wp-json\/wp\/v2\/pages\/79"}],"collection":[{"href":"https:\/\/blogs.urz.uni-halle.de\/justscalligraphy\/wp-json\/wp\/v2\/pages"}],"about":[{"href":"https:\/\/blogs.urz.uni-halle.de\/justscalligraphy\/wp-json\/wp\/v2\/types\/page"}],"author":[{"embeddable":true,"href":"https:\/\/blogs.urz.uni-halle.de\/justscalligraphy\/wp-json\/wp\/v2\/users\/4152"}],"replies":[{"embeddable":true,"href":"https:\/\/blogs.urz.uni-halle.de\/justscalligraphy\/wp-json\/wp\/v2\/comments?post=79"}],"version-history":[{"count":7,"href":"https:\/\/blogs.urz.uni-halle.de\/justscalligraphy\/wp-json\/wp\/v2\/pages\/79\/revisions"}],"predecessor-version":[{"id":211,"href":"https:\/\/blogs.urz.uni-halle.de\/justscalligraphy\/wp-json\/wp\/v2\/pages\/79\/revisions\/211"}],"up":[{"embeddable":true,"href":"https:\/\/blogs.urz.uni-halle.de\/justscalligraphy\/wp-json\/wp\/v2\/pages\/62"}],"wp:attachment":[{"href":"https:\/\/blogs.urz.uni-halle.de\/justscalligraphy\/wp-json\/wp\/v2\/media?parent=79"}],"curies":[{"name":"wp","href":"https:\/\/api.w.org\/{rel}","templated":true}]}}