{"id":24,"date":"2024-04-17T15:10:41","date_gmt":"2024-04-17T13:10:41","guid":{"rendered":"https:\/\/blogs.urz.uni-halle.de\/kiseminar\/?page_id=24"},"modified":"2024-05-06T13:02:11","modified_gmt":"2024-05-06T11:02:11","slug":"lernende","status":"publish","type":"page","link":"https:\/\/blogs.urz.uni-halle.de\/kiseminar\/lernende\/","title":{"rendered":"Lernende"},"content":{"rendered":"\n<p>Beitr\u00e4ge zu Effekten von KI auf Lernende mit den Unterkategorien &#8222;Kompetenz im Umgang mit KI&#8220;, &#8222;Leistungserbringungen&#8220; und &#8222;Selbstverantwortung&#8220;<\/p>\n\n\n<ul class=\"wp-block-latest-posts wp-block-latest-posts__list has-dates has-author\"><li><a href=\"https:\/\/blogs.urz.uni-halle.de\/kiseminar\/2024\/07\/chancen-und-risiken-der-ki-nutzung-durch-schuelerinnen-und-schuelern\/\">Chancen und Risiken der KI-Nutzung durch Sch\u00fclerinnen und Sch\u00fclern<\/a><div class=\"wp-block-latest-posts__post-author\">von Laura Sophie Arnold<\/div><time datetime=\"2024-07-04T09:47:10+02:00\" class=\"wp-block-latest-posts__post-date\">4. Juli 2024<\/time><div class=\"wp-block-latest-posts__post-excerpt\">Im Folgenden soll es darum gehen, inwiefern Sch\u00fclerinnen und Sch\u00fcler ab Klassenstufe 5 k\u00fcnstliche Intelligenzen f\u00fcr schulische Zwecke nutzen k\u00f6nnen. Dabei werden zum einen Nutzungsm\u00f6glichkeiten erw\u00e4hnt, vor allem steht aber im Vordergrund, welche Ma\u00dfnahmen Eltern ergreifen sollten. Welche Chancen k\u00f6nnen sie ihren Kindern mit der Nutzung bieten, was muss aber unbedingt beachtet werden, damit die &hellip; <a href=\"https:\/\/blogs.urz.uni-halle.de\/kiseminar\/2024\/07\/chancen-und-risiken-der-ki-nutzung-durch-schuelerinnen-und-schuelern\/\" class=\"more-link\"><span class=\"screen-reader-text\">Chancen und Risiken der KI-Nutzung durch Sch\u00fclerinnen und Sch\u00fclern<\/span> weiterlesen <span class=\"meta-nav\">&rarr;<\/span><\/a><\/div><\/li>\n<\/ul>","protected":false},"excerpt":{"rendered":"<p>Beitr\u00e4ge zu Effekten von KI auf Lernende mit den Unterkategorien &#8222;Kompetenz im Umgang mit KI&#8220;, &#8222;Leistungserbringungen&#8220; und &#8222;Selbstverantwortung&#8220;<\/p>\n","protected":false},"author":3517,"featured_media":0,"parent":0,"menu_order":0,"comment_status":"closed","ping_status":"closed","template":"","meta":[],"_links":{"self":[{"href":"https:\/\/blogs.urz.uni-halle.de\/kiseminar\/wp-json\/wp\/v2\/pages\/24"}],"collection":[{"href":"https:\/\/blogs.urz.uni-halle.de\/kiseminar\/wp-json\/wp\/v2\/pages"}],"about":[{"href":"https:\/\/blogs.urz.uni-halle.de\/kiseminar\/wp-json\/wp\/v2\/types\/page"}],"author":[{"embeddable":true,"href":"https:\/\/blogs.urz.uni-halle.de\/kiseminar\/wp-json\/wp\/v2\/users\/3517"}],"replies":[{"embeddable":true,"href":"https:\/\/blogs.urz.uni-halle.de\/kiseminar\/wp-json\/wp\/v2\/comments?post=24"}],"version-history":[{"count":3,"href":"https:\/\/blogs.urz.uni-halle.de\/kiseminar\/wp-json\/wp\/v2\/pages\/24\/revisions"}],"predecessor-version":[{"id":119,"href":"https:\/\/blogs.urz.uni-halle.de\/kiseminar\/wp-json\/wp\/v2\/pages\/24\/revisions\/119"}],"wp:attachment":[{"href":"https:\/\/blogs.urz.uni-halle.de\/kiseminar\/wp-json\/wp\/v2\/media?parent=24"}],"curies":[{"name":"wp","href":"https:\/\/api.w.org\/{rel}","templated":true}]}}