{"id":100,"date":"2017-09-26T09:57:02","date_gmt":"2017-09-26T07:57:02","guid":{"rendered":"https:\/\/blogs.urz.uni-halle.de\/latein\/?page_id=100"},"modified":"2024-01-16T15:47:05","modified_gmt":"2024-01-16T14:47:05","slug":"projekte","status":"publish","type":"page","link":"https:\/\/blogs.urz.uni-halle.de\/latein\/projekte\/","title":{"rendered":"Projekte und Vortr\u00e4ge"},"content":{"rendered":"\t\t<div data-elementor-type=\"wp-post\" data-elementor-id=\"100\" class=\"elementor elementor-100\" data-elementor-settings=\"[]\">\n\t\t\t\t\t\t\t<div class=\"elementor-section-wrap\">\n\t\t\t\t\t\t\t<section class=\"elementor-section elementor-top-section elementor-element elementor-element-cc58ce3 elementor-section-boxed elementor-section-height-default elementor-section-height-default\" data-id=\"cc58ce3\" data-element_type=\"section\">\n\t\t\t\t\t\t<div class=\"elementor-container elementor-column-gap-default\">\n\t\t\t\t\t<div class=\"elementor-column elementor-col-100 elementor-top-column elementor-element elementor-element-730617b\" data-id=\"730617b\" data-element_type=\"column\">\n\t\t\t<div class=\"elementor-widget-wrap elementor-element-populated\">\n\t\t\t\t\t\t\t\t<div class=\"elementor-element elementor-element-e0fa2b5 elementor-widget elementor-widget-text-editor\" data-id=\"e0fa2b5\" data-element_type=\"widget\" data-widget_type=\"text-editor.default\">\n\t\t\t\t<div class=\"elementor-widget-container\">\n\t\t\t\t\t<div class=\"elementor-text-editor elementor-clearfix\"><p>Folgende Projekte und Vortragsveranstaltungen sind momentan am Lehrstuhl aktuell:<\/p><ul><li><strong><a href=\"https:\/\/blogs.urz.uni-halle.de\/latein\/lernorte\/\">Fachdidaktisches Projekt: Au\u00dferschulische Lernorte<\/a><\/strong><\/li><li><strong><a href=\"https:\/\/blogs.urz.uni-halle.de\/latein\/projekte\/schnupperstudium-altertumswissenschaften\/\">J\u00e4hrliches Schnupperstudium f\u00fcr Altertumswissenschaften<\/a><\/strong><\/li><li><strong><a href=\"https:\/\/blogs.urz.uni-halle.de\/latein\/projekte\/wissenschaftliche-exkursionen\/\"><span>Wissenschaftliche Exkursionen<\/span><\/a><\/strong><\/li><li><strong><a href=\"https:\/\/blogs.urz.uni-halle.de\/latein\/laufende-dissertationen-und-habilitationen\/\">Laufende Dissertationen und Habilitationen<\/a><\/strong><\/li><li><strong><a href=\"https:\/\/blogs.urz.uni-halle.de\/latein\/projekte\/colloquium-latinum\/\">Colloquium Latinum<\/a><\/strong><\/li><\/ul><\/div>\n\t\t\t\t<\/div>\n\t\t\t\t<\/div>\n\t\t\t\t\t<\/div>\n\t\t<\/div>\n\t\t\t\t\t\t\t<\/div>\n\t\t<\/section>\n\t\t\t\t\t\t<\/div>\n\t\t\t\t\t<\/div>\n\t\t","protected":false},"excerpt":{"rendered":"<div class=\"entry-summary\">\nFolgende Projekte und Vortragsveranstaltungen sind momentan am Lehrstuhl aktuell: Fachdidaktisches Projekt: Au\u00dferschulische Lernorte J\u00e4hrliches Schnupperstudium f\u00fcr Altertumswissenschaften Wissenschaftliche Exkursionen Laufende&hellip;\n<\/div>\n<div class=\"link-more\"><a href=\"https:\/\/blogs.urz.uni-halle.de\/latein\/projekte\/\" class=\"more-link\">Continue reading<span class=\"screen-reader-text\"> &ldquo;Projekte und Vortr\u00e4ge&rdquo;<\/span>&hellip;<\/a><\/div>\n","protected":false},"author":2998,"featured_media":0,"parent":0,"menu_order":0,"comment_status":"closed","ping_status":"closed","template":"","meta":[],"_links":{"self":[{"href":"https:\/\/blogs.urz.uni-halle.de\/latein\/wp-json\/wp\/v2\/pages\/100"}],"collection":[{"href":"https:\/\/blogs.urz.uni-halle.de\/latein\/wp-json\/wp\/v2\/pages"}],"about":[{"href":"https:\/\/blogs.urz.uni-halle.de\/latein\/wp-json\/wp\/v2\/types\/page"}],"author":[{"embeddable":true,"href":"https:\/\/blogs.urz.uni-halle.de\/latein\/wp-json\/wp\/v2\/users\/2998"}],"replies":[{"embeddable":true,"href":"https:\/\/blogs.urz.uni-halle.de\/latein\/wp-json\/wp\/v2\/comments?post=100"}],"version-history":[{"count":10,"href":"https:\/\/blogs.urz.uni-halle.de\/latein\/wp-json\/wp\/v2\/pages\/100\/revisions"}],"predecessor-version":[{"id":2144,"href":"https:\/\/blogs.urz.uni-halle.de\/latein\/wp-json\/wp\/v2\/pages\/100\/revisions\/2144"}],"wp:attachment":[{"href":"https:\/\/blogs.urz.uni-halle.de\/latein\/wp-json\/wp\/v2\/media?parent=100"}],"curies":[{"name":"wp","href":"https:\/\/api.w.org\/{rel}","templated":true}]}}