{"id":1784,"date":"2021-11-19T09:23:02","date_gmt":"2021-11-19T08:23:02","guid":{"rendered":"https:\/\/blogs.urz.uni-halle.de\/latein\/?page_id=1784"},"modified":"2025-07-14T11:56:50","modified_gmt":"2025-07-14T09:56:50","slug":"lernorte","status":"publish","type":"page","link":"https:\/\/blogs.urz.uni-halle.de\/latein\/lernorte\/","title":{"rendered":"Au\u00dferschulische Lernorte mit Antikenbezug f\u00fcr Sachsen-Anhalt"},"content":{"rendered":"\t\t<div data-elementor-type=\"wp-page\" data-elementor-id=\"1784\" class=\"elementor elementor-1784\" data-elementor-settings=\"[]\">\n\t\t\t\t\t\t\t<div class=\"elementor-section-wrap\">\n\t\t\t\t\t\t\t<section class=\"elementor-section elementor-top-section elementor-element elementor-element-d362b97 elementor-section-boxed elementor-section-height-default elementor-section-height-default\" data-id=\"d362b97\" data-element_type=\"section\">\n\t\t\t\t\t\t<div class=\"elementor-container elementor-column-gap-default\">\n\t\t\t\t\t<div class=\"elementor-column elementor-col-100 elementor-top-column elementor-element elementor-element-b49a981\" data-id=\"b49a981\" data-element_type=\"column\">\n\t\t\t<div class=\"elementor-widget-wrap elementor-element-populated\">\n\t\t\t\t\t\t\t\t<div class=\"elementor-element elementor-element-139038e elementor-widget elementor-widget-text-editor\" data-id=\"139038e\" data-element_type=\"widget\" data-widget_type=\"text-editor.default\">\n\t\t\t\t<div class=\"elementor-widget-container\">\n\t\t\t\t\t<div class=\"elementor-text-editor elementor-clearfix\"><p>Au\u00dferschulisches Lernen gewinnt im Kontext lebenslangen Lernens und einer auf Nachhaltigkeit ausgerichteten Verschr\u00e4nkung von Bildung <em>intra et extra muros<\/em> zunehmend an Bedeutung und bildet einen der Forschungsschwerpunkte der Altsprachendidaktik an der MLU Halle-Wittenberg.<\/p><p>F\u00fcr den Latein- und Griechisch-Unterricht spielt die Erschlie\u00dfung des kulturellen Erbes Europas eine Schl\u00fcsselrolle. Transformationen der Antike lassen sich in verschiedensten Epochen und inhaltlichen Auspr\u00e4gungen fassen. In Mitteldeutschland haben Antikenbegeisterung und Antikenrezeption eine ausgesprochen lange, vielseitige und wirkungsvolle Tradition. Verschiedene Facetten davon wollen wir f\u00fcr schulische Studieng\u00e4nge und Tagesexkursionen fachimmanent in Bezug auf den Latein- und Griechisch-Unterricht sowie f\u00e4cher\u00fcbergreifend (Geschichte, Kunst, Religion) zug\u00e4nglich machen.<\/p><p>Im Verbund mit kulturellen Einrichtungen Sachsen-Anhalts und dem LISA (Halle) bringen wir verschiedene Akteure miteinander ins Gespr\u00e4ch, zeigen die bereits bestehenden Angebote in einer j\u00e4hrlich aktualisierten digitalen Brosch\u00fcre (<strong><a href=\"https:\/\/blogs.urz.uni-halle.de\/latein\/files\/2025\/07\/2025_lernorte_screen_doppel_final.pdf\">print<\/a><\/strong>) auf und entwickeln Ideen und Visionen f\u00fcr die zuk\u00fcnftige Gestaltung au\u00dferschulischer Lernorte mit Antikenbezug.<\/p><p>F\u00fcr Fragen und Anregungen wenden Sie sich bitte jederzeit an <a href=\"mailto:anne.friedrich@altertum.uni-halle.de\">anne.friedrich@altertum.uni-halle.de<\/a>.<\/p><\/div>\n\t\t\t\t<\/div>\n\t\t\t\t<\/div>\n\t\t\t\t\t<\/div>\n\t\t<\/div>\n\t\t\t\t\t\t\t<\/div>\n\t\t<\/section>\n\t\t\t\t<section class=\"elementor-section elementor-top-section elementor-element elementor-element-0dc601e elementor-section-boxed elementor-section-height-default elementor-section-height-default\" data-id=\"0dc601e\" data-element_type=\"section\">\n\t\t\t\t\t\t<div class=\"elementor-container elementor-column-gap-default\">\n\t\t\t\t\t<div class=\"elementor-column elementor-col-100 elementor-top-column elementor-element elementor-element-ed23f7d\" data-id=\"ed23f7d\" data-element_type=\"column\">\n\t\t\t<div class=\"elementor-widget-wrap elementor-element-populated\">\n\t\t\t\t\t\t\t\t<div class=\"elementor-element elementor-element-db372a7 elementor-widget elementor-widget-image\" data-id=\"db372a7\" data-element_type=\"widget\" data-widget_type=\"image.default\">\n\t\t\t\t<div class=\"elementor-widget-container\">\n\t\t\t\t\t<div class=\"elementor-image\">\n\t\t\t\t\t\t\t\t\t\t<img width=\"1170\" height=\"1518\" src=\"https:\/\/blogs.urz.uni-halle.de\/latein\/files\/2021\/12\/Graphik-Lernorte-in-Sachsen-Anhalt.png\" class=\"attachment-large size-large\" alt=\"\" loading=\"lazy\" srcset=\"https:\/\/blogs.urz.uni-halle.de\/latein\/files\/2021\/12\/Graphik-Lernorte-in-Sachsen-Anhalt.png 1170w, https:\/\/blogs.urz.uni-halle.de\/latein\/files\/2021\/12\/Graphik-Lernorte-in-Sachsen-Anhalt-744x965.png 744w, https:\/\/blogs.urz.uni-halle.de\/latein\/files\/2021\/12\/Graphik-Lernorte-in-Sachsen-Anhalt-420x545.png 420w, https:\/\/blogs.urz.uni-halle.de\/latein\/files\/2021\/12\/Graphik-Lernorte-in-Sachsen-Anhalt-768x996.png 768w\" sizes=\"(max-width: 1170px) 100vw, 1170px\" \/>\t\t\t\t\t\t\t\t\t\t\t<\/div>\n\t\t\t\t<\/div>\n\t\t\t\t<\/div>\n\t\t\t\t\t<\/div>\n\t\t<\/div>\n\t\t\t\t\t\t\t<\/div>\n\t\t<\/section>\n\t\t\t\t\t\t<\/div>\n\t\t\t\t\t<\/div>\n\t\t","protected":false},"excerpt":{"rendered":"<div class=\"entry-summary\">\nAu\u00dferschulisches Lernen gewinnt im Kontext lebenslangen Lernens und einer auf Nachhaltigkeit ausgerichteten Verschr\u00e4nkung von Bildung intra et extra muros zunehmend&hellip;\n<\/div>\n<div class=\"link-more\"><a href=\"https:\/\/blogs.urz.uni-halle.de\/latein\/lernorte\/\" class=\"more-link\">Continue reading<span class=\"screen-reader-text\"> &ldquo;Au\u00dferschulische Lernorte mit Antikenbezug f\u00fcr Sachsen-Anhalt&rdquo;<\/span>&hellip;<\/a><\/div>\n","protected":false},"author":3347,"featured_media":0,"parent":0,"menu_order":0,"comment_status":"closed","ping_status":"closed","template":"","meta":[],"_links":{"self":[{"href":"https:\/\/blogs.urz.uni-halle.de\/latein\/wp-json\/wp\/v2\/pages\/1784"}],"collection":[{"href":"https:\/\/blogs.urz.uni-halle.de\/latein\/wp-json\/wp\/v2\/pages"}],"about":[{"href":"https:\/\/blogs.urz.uni-halle.de\/latein\/wp-json\/wp\/v2\/types\/page"}],"author":[{"embeddable":true,"href":"https:\/\/blogs.urz.uni-halle.de\/latein\/wp-json\/wp\/v2\/users\/3347"}],"replies":[{"embeddable":true,"href":"https:\/\/blogs.urz.uni-halle.de\/latein\/wp-json\/wp\/v2\/comments?post=1784"}],"version-history":[{"count":10,"href":"https:\/\/blogs.urz.uni-halle.de\/latein\/wp-json\/wp\/v2\/pages\/1784\/revisions"}],"predecessor-version":[{"id":2265,"href":"https:\/\/blogs.urz.uni-halle.de\/latein\/wp-json\/wp\/v2\/pages\/1784\/revisions\/2265"}],"wp:attachment":[{"href":"https:\/\/blogs.urz.uni-halle.de\/latein\/wp-json\/wp\/v2\/media?parent=1784"}],"curies":[{"name":"wp","href":"https:\/\/api.w.org\/{rel}","templated":true}]}}