{"id":206,"date":"2024-02-08T17:27:46","date_gmt":"2024-02-08T16:27:46","guid":{"rendered":"https:\/\/blogs.urz.uni-halle.de\/lehrstuhlulber\/?page_id=206"},"modified":"2024-02-14T09:50:53","modified_gmt":"2024-02-14T08:50:53","slug":"daniel-ulber","status":"publish","type":"page","link":"https:\/\/blogs.urz.uni-halle.de\/lehrstuhlulber\/daniel-ulber\/","title":{"rendered":"Prof. Dr. Daniel Ulber"},"content":{"rendered":"\n<div class=\"wp-block-columns has-background\" style=\"background-color:#f0f0f0\">\n<div class=\"wp-block-column is-vertically-aligned-center\" style=\"flex-basis:33.33%\">\n<figure class=\"wp-block-image size-large\"><img loading=\"lazy\" width=\"800\" height=\"909\" src=\"https:\/\/blogs.urz.uni-halle.de\/lehrstuhlulber\/files\/2024\/01\/1653978656_2401_00_800.jpg\" alt=\"\" class=\"wp-image-25\" srcset=\"https:\/\/blogs.urz.uni-halle.de\/lehrstuhlulber\/files\/2024\/01\/1653978656_2401_00_800.jpg 800w, https:\/\/blogs.urz.uni-halle.de\/lehrstuhlulber\/files\/2024\/01\/1653978656_2401_00_800-264x300.jpg 264w, https:\/\/blogs.urz.uni-halle.de\/lehrstuhlulber\/files\/2024\/01\/1653978656_2401_00_800-768x873.jpg 768w\" sizes=\"(max-width: 800px) 100vw, 800px\" \/><\/figure>\n<\/div>\n\n\n\n<div class=\"wp-block-column\">\n<h1 class=\"has-text-align-center\"><span style=\"text-decoration: underline\"><strong>Prof. Dr. Daniel Ulber<\/strong><\/span><\/h1>\n\n\n\n<p class=\"has-text-color has-medium-font-size\" style=\"color:#4d5256\"><span class=\"has-inline-color has-cyan-bluish-gray-color\">Leitung<\/span><br><br><strong>Kontakt<\/strong><br><br><span style=\"color:#646a6f\" class=\"has-inline-color\">Prof. Dr. Daniel Ulber<\/span><br><span style=\"color:#646a6f\" class=\"has-inline-color\"><br>Lehrstuhl f\u00fcr B\u00fcrgerliches Recht, Unternehmensrecht und Arbeitsrecht<br>Universit\u00e4tsplatz 10a<br>Thomasianum<br>06108 Halle (Saale)<\/span><br><br><span style=\"color:#646a6f\" class=\"has-inline-color\">Raum 21 <\/span><br><br><strong>Telefon<\/strong>: <span style=\"color:#646a6f\" class=\"has-inline-color\">(0345) 55 23169<\/span><br><strong>E-Mail<\/strong>: <span style=\"color:#646a6f\" class=\"has-inline-color\"><a rel=\"noreferrer noopener\" href=\"mailto:sekretariat.ulber@jura.uni-halle.de\" data-type=\"mailto\" data-id=\"mailto:sekretariat.ulber@jura.uni-halle.de\" target=\"_blank\"><\/a><a rel=\"noreferrer noopener\" href=\"mailto:sekretariat.ulber@jura.uni-halle.de\" target=\"_blank\">sekretariat.ulber@jura.uni-halle.de<\/a><\/span><br><br><\/p>\n\n\n\n<details>\n  <summary><u>Curriculum Vitae<\/u><\/summary>\n  <p><b>01.02.2017 Ernennung zum Professor<\/b><br>an der Martin-Luther-Universit\u00e4t Halle-Wittenberg<\/p>\n  <p><b>Wintersemester 2016\/2017 Lehrstuhlvertretung<\/b><br>an der Martin-Luther-Universit\u00e4t Halle-Wittenberg<\/p>\n  <p><b>Sommersemester 2016 Lehrstuhlvertretung<\/b><br>an der Heinrich-Heine-Universit\u00e4t D\u00fcsseldorf<\/p>\n  <p><b>Wintersemester 2015\/2016 Lehrstuhlvertretung<\/b><br>an der Universit\u00e4t zu K\u00f6ln<\/p>\n  <p><b>2016 Hans-Kelsen-Preis f\u00fcr NachwuchswissenschaftlerInnen der Universit\u00e4t zu K\u00f6ln<\/b><\/p>\n  <p><b>Oktober 2015 Habilitation<\/b><br>durch die Rechtswissenschaftliche Fakult\u00e4t der Universit\u00e4t zu K\u00f6ln mit der Arbeit: \u201eDer richterliche Hinweis auf bestehende Einreden im Zivilprozess \u2013 ein Beitrag zum Spannungsverh\u00e4ltnis von Parteifreiheit und Richtermacht\u201c,<br>Betreuer Prof. Dr. Dr. h.c. Ulrich Preis,<br>Zweitgutachter Prof. Dr. Hanns Pr\u00fctting<br>Verleihung der venia legendi f\u00fcr die F\u00e4cher B\u00fcrgerliches Recht, Zivilprozessrecht, Arbeitsrecht, Sozialrecht und Europarecht<\/p>\n  <p><b>Seit April 2015 Mitglied des JuS-Beirats<\/b><\/p>\n  <p><b>Seit Mai 2011 wissenschaftlicher Mitarbeiter<\/b><br>im Institut f\u00fcr Deutsches und Europ\u00e4isches Arbeits- und Sozialrecht<br>Mitglied Organisationsteam GJZ-Tagung 2014, K\u00f6ln<\/p>\n  <p><b>Februar bis Mai 2011 wissenschaftlicher Mitarbeiter<\/b><br>beim Bundesverfassungsgericht (Dezernat: Prof. Dr. Susanne Baer, LL.M.)<\/p>\n  <p><b>Januar 2011 Zweites Juristisches Staatsexamen<\/b><\/p>\n  <p><b>Januar 2010 Verleihung des CBH-Promotionspreises der rechtswissenschaftlichen Fakult\u00e4t der Universit\u00e4t zu K\u00f6ln<\/b><\/p>\n  <p><b>Dezember 2009 Promotion<\/b><br>Dissertation mit dem Thema \u201eTarifdispositives Gesetzesrecht im Spannungsfeld von Tarifautonomie und grundrechtlichen Schutzpflichten\u201c<\/p>\n  <p><b>Seit Dezember 2008 Rechtsreferendariat<\/b><br>im Bezirk des OLG K\u00f6ln (LG K\u00f6ln)<br>Verwaltungsstation im Bundesministerium f\u00fcr Arbeit und Soziales und Wahlstation am Bundesverfassungsgericht (Dezernat: Prof. Dr. Brun-Otto Bryde)<\/p>\n  <p><b>Seit November 2006 wissenschaftlicher Mitarbeiter<\/b><br>am Forschungsinstitut f\u00fcr Deutsches und Europ\u00e4isches Sozialrecht<\/p>\n  <p><b>Oktober 2006 Erstes Juristisches Staatsexamen<\/b><br>in K\u00f6ln<\/p>\n  <p><b>Februar bis August 2004 Auslandsstudium<\/b><br>an der Universidad Autonoma (Madrid)<\/p>\n  <p><b>Seit August 2002 studentische Hilfskraft<\/b><br>am Forschungsinstitut f\u00fcr Deutsches und Europ\u00e4isches Sozialrecht<\/p>\n  <p><b>Oktober 2001 Aufnahme Jurastudium<\/b><br>an der Universit\u00e4t zu K\u00f6ln<\/p>\n  <p><b>Geboren 1980 in K\u00f6ln<\/b><\/p>\n<\/details>\n\n\n\n<details>\n  <summary><u>Publikationen<\/u><\/summary>\n  <p><b>Aktuelle Publikationen<\/b><\/p>\n  <p>Das v\u00f6lkerrechtliche Streikrecht vor dem IGH, Verfassungsblog am 01. Dezember 2023, <a href=\"https:\/\/verfassungsblog.de\/das-volkerrechtliche-streikrecht-vor-dem-igh\/\" target=\"_blank\" rel=\"noopener noreferrer\">https:\/\/verfassungsblog.de\/das-volkerrechtliche-streikrecht-vor-dem-igh\/<\/a> (gemeinsam mit Christian Tietje)<\/p>\n  <p>Kommentierung von \u00a7\u00a7 243, vor \u00a7\u00a7 275-285, vor \u00a7\u00a7 320-327 BGB in: Westermann, Harm-Peter\/Grunewald, Barbara\/Maier-Reimer, Georg, Erman \u2013 BGB Kommentar, Otto-Schmidt-Verlag, 17. Aufl. 2023<\/p>\n  <p>Kommentierung von \u00a7\u00a7 3a, 8, 16-18 A\u00dcG in: Ulber, Daniel\/Ulber, J\u00fcrgen, Arbeitnehmer\u00fcberlassungsgesetz (A\u00dcG), Bund-Verlag, 6. Aufl. 2023<\/p>\n  <p>Kommentierung von \u00a7 2 (Arbeitsverh\u00e4ltnis\/Arbeitsvertrag), \u00a7 3 (Arbeitnehmer), \u00a7 4 (Arbeitgeber) und \u00a7 12 (Betriebsvereinbarung, gemeinsam mit Olaf Deinert) in: Deinert, Olaf\/Wenckebach, Johanna\/Zwanziger, Bertram, Arbeitsrecht, Handbuch f\u00fcr die Praxis, Bund-Verlag, 11. Aufl. 2023<\/p>\n  <p>Der Referentenentwurf zur Arbeitszeiterfassung \u2013 Inhalt und erste Einsch\u00e4tzung, in: BB 2023, S. 1588-1592<\/p>\n  <p>Sonntagsarbeit im Mobile- und Homeoffice \u2013 Grundlagen und Grenzen des Verbots der Sonntagsarbeit in der digitalisierten Arbeitswelt, in: VSSAR 2023 S. 55-86, (gemeinsam mit Till Staps)<\/p>\n  <p>Die Richtigkeitschance des Tarifvertrags, in: Grundfragen des Arbeits- und Sozialrechts, in: Festschrift f\u00fcr Ulrich Preis zum 65. Geburtstag, 2021, S. 1373-1386<\/p>\n  <p><a href=\"https:\/\/wcms.itz.uni-halle.de\/download.php?down=66283&amp;elem=3328158\" target=\"_blank\" rel=\"noopener noreferrer\">Schriftenverzeichnis Stand 25.10.2023<\/a><\/p>\n<\/details>\n\n\n\n<details>\n  <summary><u>Vortragsverzeichnis<\/u><\/summary>\n  <p>Folgt in K\u00fcrze<\/p>\n<\/details>\n<\/div>\n<\/div>\n","protected":false},"excerpt":{"rendered":"<p>Prof. Dr. Daniel Ulber Leitung Kontakt Prof. Dr. Daniel UlberLehrstuhl f\u00fcr B\u00fcrgerliches Recht, Unternehmensrecht und ArbeitsrechtUniversit\u00e4tsplatz 10aThomasianum06108 Halle (Saale) Raum 21 Telefon: (0345) 55 23169E-Mail: sekretariat.ulber@jura.uni-halle.de Curriculum Vitae 01.02.2017 Ernennung zum Professoran der Martin-Luther-Universit\u00e4t Halle-Wittenberg Wintersemester 2016\/2017 Lehrstuhlvertretungan der Martin-Luther-Universit\u00e4t Halle-Wittenberg Sommersemester 2016 Lehrstuhlvertretungan der Heinrich-Heine-Universit\u00e4t D\u00fcsseldorf Wintersemester 2015\/2016 Lehrstuhlvertretungan der Universit\u00e4t zu K\u00f6ln 2016 [&hellip;]<\/p>\n","protected":false},"author":5815,"featured_media":0,"parent":0,"menu_order":0,"comment_status":"closed","ping_status":"closed","template":"","meta":[],"_links":{"self":[{"href":"https:\/\/blogs.urz.uni-halle.de\/lehrstuhlulber\/wp-json\/wp\/v2\/pages\/206"}],"collection":[{"href":"https:\/\/blogs.urz.uni-halle.de\/lehrstuhlulber\/wp-json\/wp\/v2\/pages"}],"about":[{"href":"https:\/\/blogs.urz.uni-halle.de\/lehrstuhlulber\/wp-json\/wp\/v2\/types\/page"}],"author":[{"embeddable":true,"href":"https:\/\/blogs.urz.uni-halle.de\/lehrstuhlulber\/wp-json\/wp\/v2\/users\/5815"}],"replies":[{"embeddable":true,"href":"https:\/\/blogs.urz.uni-halle.de\/lehrstuhlulber\/wp-json\/wp\/v2\/comments?post=206"}],"version-history":[{"count":10,"href":"https:\/\/blogs.urz.uni-halle.de\/lehrstuhlulber\/wp-json\/wp\/v2\/pages\/206\/revisions"}],"predecessor-version":[{"id":228,"href":"https:\/\/blogs.urz.uni-halle.de\/lehrstuhlulber\/wp-json\/wp\/v2\/pages\/206\/revisions\/228"}],"wp:attachment":[{"href":"https:\/\/blogs.urz.uni-halle.de\/lehrstuhlulber\/wp-json\/wp\/v2\/media?parent=206"}],"curies":[{"name":"wp","href":"https:\/\/api.w.org\/{rel}","templated":true}]}}