{"id":13,"date":"2019-02-14T11:58:54","date_gmt":"2019-02-14T10:58:54","guid":{"rendered":"https:\/\/blogs.urz.uni-halle.de\/lernboarisch\/?page_id=13"},"modified":"2019-03-23T10:31:30","modified_gmt":"2019-03-23T09:31:30","slug":"lektion-1","status":"publish","type":"page","link":"https:\/\/blogs.urz.uni-halle.de\/lernboarisch\/lektion-1\/","title":{"rendered":"Lektion 1"},"content":{"rendered":"<h1><span style=\"font-size: 36pt\">Lektion 1<\/span><\/h1>\n<p style=\"text-align: justify\">Ich packe meinen Koffer und nehme mit&#8230; Ein W\u00f6rterbuch!\u00a0Wenn ich ins Ausland reise, sei es nach Spanien, Italien oder Frankreich, nehme ich mir vor, mindestens in der Landessprache begr\u00fc\u00dfen und verabschieden zu k\u00f6nnen.\u00a0Vermutlich geht es aber den <a href=\"https:\/\/blogs.urz.uni-halle.de\/lernboarisch\/files\/2019\/02\/luggage-2708829_1920.png\"><img loading=\"lazy\" class=\"alignright wp-image-449\" src=\"https:\/\/blogs.urz.uni-halle.de\/lernboarisch\/files\/2019\/02\/luggage-2708829_1920-284x300.png\" alt=\"\" width=\"179\" height=\"189\" srcset=\"https:\/\/blogs.urz.uni-halle.de\/lernboarisch\/files\/2019\/02\/luggage-2708829_1920-284x300.png 284w, https:\/\/blogs.urz.uni-halle.de\/lernboarisch\/files\/2019\/02\/luggage-2708829_1920-768x810.png 768w, https:\/\/blogs.urz.uni-halle.de\/lernboarisch\/files\/2019\/02\/luggage-2708829_1920-971x1024.png 971w, https:\/\/blogs.urz.uni-halle.de\/lernboarisch\/files\/2019\/02\/luggage-2708829_1920.png 1820w\" sizes=\"(max-width: 179px) 100vw, 179px\" \/><\/a>meisten Urlaubern so, dass vor der Abreise nochmal ein kurzer Blick ins W\u00f6rterbuch geworfen wird.\u00a0Im Grunde ist es bei einer Reise in ein anderes Bundesland doch nicht anders. Ich meine damit, dass es durchaus wichtig ist, sich unterschiedlichen Regionen in Deutschland auch sprachlich anzupassen. Daher sollen in der ersten Lektion die Grundlagen f\u00fcr eine Reise nach Bayern gebildet werden. Also legen wir los oder wie man auf Bairisch sagt: \u201ePack ma\u00b4s o!\u201c.<\/p>\n<h1 style=\"text-align: left\"><a id=\"begruessung\" class=\"submenu\"><\/a><span style=\"font-size: 24pt\"><strong>Begr\u00fc\u00dfung<\/strong><\/span><\/h1>\n\n<table id=\"tablepress-3\" class=\"tablepress tablepress-id-3\">\n<thead>\n<tr class=\"row-1 odd\">\n\t<th class=\"column-1\"><img src=\"https:\/\/blogs.urz.uni-halle.de\/lernboarisch\/files\/2019\/02\/Deutschlandflagge-Mini2.png\" alt=\"\" width=\"52\" height=\"31\" class=\"alignnone size-full wp-image-64\" \/><br \/>\n<strong>Hochdeutsch<\/strong><\/th><th class=\"column-2\"><img src=\"https:\/\/blogs.urz.uni-halle.de\/lernboarisch\/files\/2019\/02\/Bayernflagge-Mini2.png\" alt=\"\" width=\"50\" height=\"31\" class=\"alignnone size-full wp-image-67\" \/><br \/>\n<strong>Bairisch<\/strong><\/th>\n<\/tr>\n<\/thead>\n<tbody class=\"row-hover\">\n<tr class=\"row-2 even\">\n\t<td class=\"column-1\">Guten Morgen!<\/td><td class=\"column-2\">Guad Moang!<\/td>\n<\/tr>\n<tr class=\"row-3 odd\">\n\t<td class=\"column-1\">Gr\u00fc\u00df Gott!<\/td><td class=\"column-2\">Gria\u00df Gohd!<\/td>\n<\/tr>\n<tr class=\"row-4 even\">\n\t<td class=\"column-1\">Gr\u00fc\u00df dich (Gott)!<\/td><td class=\"column-2\">Gria\u00df di (Gohd)!<\/td>\n<\/tr>\n<tr class=\"row-5 odd\">\n\t<td class=\"column-1\">Gr\u00fc\u00dfe Sie (Gott)!<\/td><td class=\"column-2\">Gria\u00df Eahna (Gohd)!<\/td>\n<\/tr>\n<tr class=\"row-6 even\">\n\t<td class=\"column-1\">Gr\u00fc\u00df euch (Gott)!<\/td><td class=\"column-2\">Gria\u00df eich (Gohd)!<\/td>\n<\/tr>\n<tr class=\"row-7 odd\">\n\t<td class=\"column-1\">Hallo!<\/td><td class=\"column-2\">Servus!<\/td>\n<\/tr>\n<\/tbody>\n<\/table>\n<!-- #tablepress-3 from cache -->\n<blockquote><p><span style=\"color: #000000\">Was macht eigentlich \u201eGott\u201c in meinem Gru\u00df? Die Nennung von Gott bei Begr\u00fc\u00dfungen und Verabschiedungen ist auf die lange Geschichte des katholischen Glaubens in Bayern zur\u00fcckzuf\u00fchren. Urspr\u00fcnglich hat der Gru\u00df in etwa die Bedeutung von \u201em\u00f6ge dich Gott segnen\u201c. Bei der \u00e4lteren Generation ist das noch eine h\u00e4ufig verwendete Variante. Ein einfaches \u201eGria\u00df di!\u201c ist aber ausreichend.<\/span><\/p><\/blockquote>\n<h1><a id=\"verabschiedung\" class=\"submenu\"><\/a><span style=\"font-size: 24pt\"><strong>Verabschiedung<\/strong><\/span><\/h1>\n\n<table id=\"tablepress-4\" class=\"tablepress tablepress-id-4\">\n<thead>\n<tr class=\"row-1 odd\">\n\t<th class=\"column-1\"><img src=\"https:\/\/blogs.urz.uni-halle.de\/lernboarisch\/files\/2019\/02\/Deutschlandflagge-Mini2.png\" alt=\"\" width=\"52\" height=\"31\" class=\"alignnone size-full wp-image-64\" \/><br \/>\n<strong>Hochdeutsch<\/strong><\/th><th class=\"column-2\"><img src=\"https:\/\/blogs.urz.uni-halle.de\/lernboarisch\/files\/2019\/02\/Bayernflagge-Mini2.png\" alt=\"\" width=\"50\" height=\"31\" class=\"alignnone size-full wp-image-67\" \/><br \/>\n<strong>Bairisch<\/strong><\/th>\n<\/tr>\n<\/thead>\n<tbody class=\"row-hover\">\n<tr class=\"row-2 even\">\n\t<td class=\"column-1\">Auf Wiedersehen!<\/td><td class=\"column-2\">Pfiat di (Gohd)!<\/td>\n<\/tr>\n<tr class=\"row-3 odd\">\n\t<td class=\"column-1\">Auf Wiedersehen!<\/td><td class=\"column-2\">Pfiats eich (Gohd)!<\/td>\n<\/tr>\n<tr class=\"row-4 even\">\n\t<td class=\"column-1\">Auf Wiedersehen!<\/td><td class=\"column-2\">Pfiat Eahna (Gohd)!<\/td>\n<\/tr>\n<tr class=\"row-5 odd\">\n\t<td class=\"column-1\">Auf Wiedersehen!<\/td><td class=\"column-2\">(af) Widaschaung!<\/td>\n<\/tr>\n<tr class=\"row-6 even\">\n\t<td class=\"column-1\">Tsch\u00fc\u00df!<\/td><td class=\"column-2\">Servus!<\/td>\n<\/tr>\n<\/tbody>\n<\/table>\n<!-- #tablepress-4 from cache -->\n<h1><a id=\"bestimmteartikel\" class=\"submenu\"><\/a><span style=\"font-size: 24pt\"><strong>Bestimmte Artikel<\/strong><\/span><\/h1>\n<h4><a id=\"bestimmteartikelmask\" class=\"submenu\"><\/a><strong>Maskulinum\u00a0<\/strong><\/h4>\n\n<table id=\"tablepress-6\" class=\"tablepress tablepress-id-6\">\n<thead>\n<tr class=\"row-1 odd\">\n\t<th class=\"column-1\">&nbsp;<\/th><th class=\"column-2\"><img src=\"https:\/\/blogs.urz.uni-halle.de\/lernboarisch\/files\/2019\/02\/Deutschlandflagge-Mini2.png\" alt=\"\" width=\"52\" height=\"31\" class=\"alignnone size-full wp-image-64\" \/><br \/>\n<strong>Hochdeutsch<\/strong><\/th><th class=\"column-3\"><img src=\"https:\/\/blogs.urz.uni-halle.de\/lernboarisch\/files\/2019\/02\/Bayernflagge-Mini2.png\" alt=\"\" width=\"50\" height=\"31\" class=\"alignnone size-full wp-image-67\" \/><br \/>\n<strong>Bairisch<\/strong><\/th>\n<\/tr>\n<\/thead>\n<tbody class=\"row-hover\">\n<tr class=\"row-2 even\">\n\t<td class=\"column-1\"><strong>Singular<\/strong><\/td><td class=\"column-2\"><\/td><td class=\"column-3\"><\/td>\n<\/tr>\n<tr class=\"row-3 odd\">\n\t<td class=\"column-1\">Nominativ<\/td><td class=\"column-2\">der Stuhl<\/td><td class=\"column-3\"><strong>da<\/strong> Stui<\/td>\n<\/tr>\n<tr class=\"row-4 even\">\n\t<td class=\"column-1\">Genitiv<\/td><td class=\"column-2\">des Stuhles<\/td><td class=\"column-3\">-<\/td>\n<\/tr>\n<tr class=\"row-5 odd\">\n\t<td class=\"column-1\">Dativ<\/td><td class=\"column-2\">dem Stuhl<\/td><td class=\"column-3\"><strong>am<\/strong> Stui<\/td>\n<\/tr>\n<tr class=\"row-6 even\">\n\t<td class=\"column-1\">Akkusativ<\/td><td class=\"column-2\">den Stuhl<\/td><td class=\"column-3\"><strong>an<\/strong> Stui<\/td>\n<\/tr>\n<tr class=\"row-7 odd\">\n\t<td class=\"column-1\"><strong>Plural<\/strong><\/td><td class=\"column-2\"><\/td><td class=\"column-3\"><\/td>\n<\/tr>\n<tr class=\"row-8 even\">\n\t<td class=\"column-1\">Nominativ<\/td><td class=\"column-2\">die St\u00fchle<\/td><td class=\"column-3\"><strong>d<\/strong> Stui<\/td>\n<\/tr>\n<tr class=\"row-9 odd\">\n\t<td class=\"column-1\">Genitiv<\/td><td class=\"column-2\">der St\u00fchle<\/td><td class=\"column-3\">-<\/td>\n<\/tr>\n<tr class=\"row-10 even\">\n\t<td class=\"column-1\">Dativ<\/td><td class=\"column-2\">den St\u00fchlen<\/td><td class=\"column-3\"><strong>dene<\/strong> Stui<\/td>\n<\/tr>\n<tr class=\"row-11 odd\">\n\t<td class=\"column-1\">Akkusativ<\/td><td class=\"column-2\">die St\u00fchle<\/td><td class=\"column-3\"><strong>de<\/strong> Stui<\/td>\n<\/tr>\n<\/tbody>\n<\/table>\n<!-- #tablepress-6 from cache -->\n<blockquote><p>Gute Nachrichten: Im Bairischen fehlt der Genitiv.\u00a0Stattdessen wird meist die Pr\u00e4position\u00a0<b>vo (von) + Dativ\u00a0<\/b>verwendet. Also zum Beispiel nicht\u00a0\u201eDie Glocke der Kuh\u201c, sondern\u00a0\u201eD Glockn vo da Kuah\u201c.<\/p><\/blockquote>\n<h4><a id=\"bestimmteartikelfem\" class=\"submenu\"><\/a><strong>Femininum<\/strong><\/h4>\n\n<table id=\"tablepress-16\" class=\"tablepress tablepress-id-16\">\n<thead>\n<tr class=\"row-1 odd\">\n\t<th class=\"column-1\">&nbsp;<\/th><th class=\"column-2\"><img src=\"https:\/\/blogs.urz.uni-halle.de\/lernboarisch\/files\/2019\/02\/Deutschlandflagge-Mini2.png\" alt=\"\" width=\"52\" height=\"31\" class=\"alignnone size-full wp-image-64\" \/><br \/>\n<strong>Hochdeutsch<\/strong><\/th><th class=\"column-3\"><img src=\"https:\/\/blogs.urz.uni-halle.de\/lernboarisch\/files\/2019\/02\/Bayernflagge-Mini2.png\" alt=\"\" width=\"50\" height=\"31\" class=\"alignnone size-full wp-image-67\" \/><br \/>\n<strong>Bairisch<\/strong><\/th>\n<\/tr>\n<\/thead>\n<tbody class=\"row-hover\">\n<tr class=\"row-2 even\">\n\t<td class=\"column-1\"><strong>Singular<\/strong><\/td><td class=\"column-2\"><\/td><td class=\"column-3\"><\/td>\n<\/tr>\n<tr class=\"row-3 odd\">\n\t<td class=\"column-1\">Nominativ<\/td><td class=\"column-2\">die Kuh<\/td><td class=\"column-3\"><strong>d<\/strong> Kuah<\/td>\n<\/tr>\n<tr class=\"row-4 even\">\n\t<td class=\"column-1\">Genitiv<\/td><td class=\"column-2\">der Kuh<\/td><td class=\"column-3\">-<\/td>\n<\/tr>\n<tr class=\"row-5 odd\">\n\t<td class=\"column-1\">Dativ<\/td><td class=\"column-2\">der Kuh<\/td><td class=\"column-3\"><strong>da<\/strong> Kuah<\/td>\n<\/tr>\n<tr class=\"row-6 even\">\n\t<td class=\"column-1\">Akkusativ<\/td><td class=\"column-2\">die Kuh<\/td><td class=\"column-3\"><strong>d<\/strong> Kuah<\/td>\n<\/tr>\n<tr class=\"row-7 odd\">\n\t<td class=\"column-1\"><strong>Plural<\/strong><\/td><td class=\"column-2\"><\/td><td class=\"column-3\"><\/td>\n<\/tr>\n<tr class=\"row-8 even\">\n\t<td class=\"column-1\">Nominativ<\/td><td class=\"column-2\">die K\u00fche<\/td><td class=\"column-3\"><strong>d <\/strong>Kiah<\/td>\n<\/tr>\n<tr class=\"row-9 odd\">\n\t<td class=\"column-1\">Genitiv<\/td><td class=\"column-2\">der K\u00fche<\/td><td class=\"column-3\">-<\/td>\n<\/tr>\n<tr class=\"row-10 even\">\n\t<td class=\"column-1\">Dativ<\/td><td class=\"column-2\">den K\u00fchen<\/td><td class=\"column-3\"><strong>dene<\/strong> Kiah<\/td>\n<\/tr>\n<tr class=\"row-11 odd\">\n\t<td class=\"column-1\">Akkusativ<\/td><td class=\"column-2\">die K\u00fche<\/td><td class=\"column-3\"><strong>de<\/strong> Kiah<\/td>\n<\/tr>\n<\/tbody>\n<\/table>\n<!-- #tablepress-16 from cache -->\n<h4><a id=\"bestimmteartikelneut\" class=\"submenu\"><\/a><strong>Neutrum<\/strong><\/h4>\n\n<table id=\"tablepress-17\" class=\"tablepress tablepress-id-17\">\n<thead>\n<tr class=\"row-1 odd\">\n\t<th class=\"column-1\">&nbsp;<\/th><th class=\"column-2\"><img src=\"https:\/\/blogs.urz.uni-halle.de\/lernboarisch\/files\/2019\/02\/Deutschlandflagge-Mini2.png\" alt=\"\" width=\"52\" height=\"31\" class=\"alignnone size-full wp-image-64\" \/><br \/>\n<strong>Hochdeutsch<\/strong><\/th><th class=\"column-3\"><img src=\"https:\/\/blogs.urz.uni-halle.de\/lernboarisch\/files\/2019\/02\/Bayernflagge-Mini2.png\" alt=\"\" width=\"50\" height=\"31\" class=\"alignnone size-full wp-image-67\" \/><br \/>\n<strong>Bairisch<\/strong><\/th>\n<\/tr>\n<\/thead>\n<tbody class=\"row-hover\">\n<tr class=\"row-2 even\">\n\t<td class=\"column-1\"><strong>Singular<\/strong><\/td><td class=\"column-2\"><\/td><td class=\"column-3\"><\/td>\n<\/tr>\n<tr class=\"row-3 odd\">\n\t<td class=\"column-1\">Nominativ<\/td><td class=\"column-2\">das Bild<\/td><td class=\"column-3\"><strong>as<\/strong> Buidl<\/td>\n<\/tr>\n<tr class=\"row-4 even\">\n\t<td class=\"column-1\">Genitiv<\/td><td class=\"column-2\">des Bildes<\/td><td class=\"column-3\">-<\/td>\n<\/tr>\n<tr class=\"row-5 odd\">\n\t<td class=\"column-1\">Dativ<\/td><td class=\"column-2\">dem Bild<\/td><td class=\"column-3\"><strong>am<\/strong> Buidl<\/td>\n<\/tr>\n<tr class=\"row-6 even\">\n\t<td class=\"column-1\">Akkusativ<\/td><td class=\"column-2\">das Bild<\/td><td class=\"column-3\"><strong>as<\/strong> Buidl<\/td>\n<\/tr>\n<tr class=\"row-7 odd\">\n\t<td class=\"column-1\"><strong>Plural<\/strong><\/td><td class=\"column-2\"><\/td><td class=\"column-3\"><\/td>\n<\/tr>\n<tr class=\"row-8 even\">\n\t<td class=\"column-1\">Nominativ<\/td><td class=\"column-2\">die Bilder<\/td><td class=\"column-3\"><strong>d <\/strong>Buidl<\/td>\n<\/tr>\n<tr class=\"row-9 odd\">\n\t<td class=\"column-1\">Genitiv<\/td><td class=\"column-2\">der Bilder<\/td><td class=\"column-3\">-<\/td>\n<\/tr>\n<tr class=\"row-10 even\">\n\t<td class=\"column-1\">Dativ<\/td><td class=\"column-2\">den Bildern<\/td><td class=\"column-3\"><strong>dene<\/strong> Buidl<\/td>\n<\/tr>\n<tr class=\"row-11 odd\">\n\t<td class=\"column-1\">Akkusativ<\/td><td class=\"column-2\">die Bilder<\/td><td class=\"column-3\"><strong>de<\/strong> Buidl<\/td>\n<\/tr>\n<\/tbody>\n<\/table>\n<!-- #tablepress-17 from cache -->\n<blockquote><p>Eine weitere gute Nachricht: Die Pluralformen der bestimmten Artikel sind bei Maskulinum, Femininum und Neutrum identisch.<\/p><\/blockquote>\n<h1><a id=\"fuenfwichtigsten\" class=\"submenu\"><\/a><span style=\"font-size: 24pt\"><strong>Die f\u00fcnf wichtigsten W\u00f6rter<\/strong><\/span><\/h1>\n\n<table id=\"tablepress-5\" class=\"tablepress tablepress-id-5\">\n<thead>\n<tr class=\"row-1 odd\">\n\t<th class=\"column-1\"><img src=\"https:\/\/blogs.urz.uni-halle.de\/lernboarisch\/files\/2019\/02\/Deutschlandflagge-Mini2.png\" alt=\"\" width=\"52\" height=\"31\" class=\"alignnone size-full wp-image-64\" \/><br \/>\n<strong>Hochdeutsch<\/strong><\/th><th class=\"column-2\"><img src=\"https:\/\/blogs.urz.uni-halle.de\/lernboarisch\/files\/2019\/02\/Bayernflagge-Mini2.png\" alt=\"\" width=\"50\" height=\"31\" class=\"alignnone size-full wp-image-67\" \/><br \/>\n<strong>Bairisch<\/strong><\/th>\n<\/tr>\n<\/thead>\n<tbody class=\"row-hover\">\n<tr class=\"row-2 even\">\n\t<td class=\"column-1\">Bitte sch\u00f6n<\/td><td class=\"column-2\">Bitt schee<\/td>\n<\/tr>\n<tr class=\"row-3 odd\">\n\t<td class=\"column-1\">Danke sch\u00f6n<\/td><td class=\"column-2\">Dank schee<\/td>\n<\/tr>\n<tr class=\"row-4 even\">\n\t<td class=\"column-1\">Ja<\/td><td class=\"column-2\">Joh<\/td>\n<\/tr>\n<tr class=\"row-5 odd\">\n\t<td class=\"column-1\">Nein<\/td><td class=\"column-2\">Naa<\/td>\n<\/tr>\n<tr class=\"row-6 even\">\n\t<td class=\"column-1\">Guten Appetit!<\/td><td class=\"column-2\">An Guadn!<\/td>\n<\/tr>\n<\/tbody>\n<\/table>\n<!-- #tablepress-5 from cache -->\n<h1><a id=\"testeins\" class=\"submenu\"><\/a><span style=\"font-size: 24pt\">Test: Lektion 1<\/span><\/h1>\n<div data-opinionstage-embed-url=\"https:\/\/www.opinionstage.com\/api\/v1\/widgets\/agihihihi\/quiz-lektion-1\/code.json?width=\" style=\"display: none; visibility: hidden;\"><\/div>\n<blockquote><p>&nbsp;<\/p><\/blockquote>\n","protected":false},"excerpt":{"rendered":"<p>Lektion 1 Ich packe meinen Koffer und nehme mit&#8230; Ein W\u00f6rterbuch!\u00a0Wenn ich ins Ausland reise, sei es nach Spanien, Italien oder Frankreich, nehme ich mir vor, mindestens in der Landessprache begr\u00fc\u00dfen und verabschieden zu k\u00f6nnen.\u00a0Vermutlich geht es aber den meisten &hellip; <a href=\"https:\/\/blogs.urz.uni-halle.de\/lernboarisch\/lektion-1\/\">Weiterlesen <span class=\"meta-nav\">&rarr;<\/span><\/a><\/p>\n","protected":false},"author":3873,"featured_media":0,"parent":0,"menu_order":0,"comment_status":"closed","ping_status":"closed","template":"","meta":[],"_links":{"self":[{"href":"https:\/\/blogs.urz.uni-halle.de\/lernboarisch\/wp-json\/wp\/v2\/pages\/13"}],"collection":[{"href":"https:\/\/blogs.urz.uni-halle.de\/lernboarisch\/wp-json\/wp\/v2\/pages"}],"about":[{"href":"https:\/\/blogs.urz.uni-halle.de\/lernboarisch\/wp-json\/wp\/v2\/types\/page"}],"author":[{"embeddable":true,"href":"https:\/\/blogs.urz.uni-halle.de\/lernboarisch\/wp-json\/wp\/v2\/users\/3873"}],"replies":[{"embeddable":true,"href":"https:\/\/blogs.urz.uni-halle.de\/lernboarisch\/wp-json\/wp\/v2\/comments?post=13"}],"version-history":[{"count":10,"href":"https:\/\/blogs.urz.uni-halle.de\/lernboarisch\/wp-json\/wp\/v2\/pages\/13\/revisions"}],"predecessor-version":[{"id":693,"href":"https:\/\/blogs.urz.uni-halle.de\/lernboarisch\/wp-json\/wp\/v2\/pages\/13\/revisions\/693"}],"wp:attachment":[{"href":"https:\/\/blogs.urz.uni-halle.de\/lernboarisch\/wp-json\/wp\/v2\/media?parent=13"}],"curies":[{"name":"wp","href":"https:\/\/api.w.org\/{rel}","templated":true}]}}