{"id":100,"date":"2017-03-09T11:16:29","date_gmt":"2017-03-09T10:16:29","guid":{"rendered":"https:\/\/blogs.urz.uni-halle.de\/medsoz1\/?page_id=100"},"modified":"2019-01-12T14:49:32","modified_gmt":"2019-01-12T13:49:32","slug":"ergebnisbewertung","status":"publish","type":"page","link":"https:\/\/blogs.urz.uni-halle.de\/medsoz1\/der-forschungsprozess-2\/der-forschungsprozess\/ergebnisbewertung\/","title":{"rendered":"Ergebnisbewertung"},"content":{"rendered":"<div class=\"ilc_Paragraph ilc_text_block_Standard\">Bereit<a href=\"https:\/\/blogs.urz.uni-halle.de\/medsoz1\/der-forschungsprozess-2\/der-forschungsprozess\/ergebnisbewertung\/ergebnisbewertung-2\/#main\" rel=\"attachment wp-att-393\"><img loading=\"lazy\" class=\"size-medium wp-image-393 alignright\" src=\"https:\/\/blogs.urz.uni-halle.de\/medsoz1\/files\/2017\/03\/Ergebnisbewertung-300x210.png\" alt=\"\" width=\"300\" height=\"210\" srcset=\"https:\/\/blogs.urz.uni-halle.de\/medsoz1\/files\/2017\/03\/Ergebnisbewertung-300x210.png 300w, https:\/\/blogs.urz.uni-halle.de\/medsoz1\/files\/2017\/03\/Ergebnisbewertung.png 597w\" sizes=\"(max-width: 300px) 100vw, 300px\" \/><\/a>s zu Beginn eines Forschungsprojektes sollte man wissen, welchem Zweck die Untersuchung dient und wozu die Untersuchungsergebnisse genutzt werden k\u00f6nnen bzw. sollen. Am Ende stellt sich die Frage: Wie aussagekr\u00e4ftig sind die Ergebnisse des Forschungsprojektes?<\/div>\n<div class=\"ilc_Paragraph ilc_text_block_Standard\">Grundprinzipien wissenschaftlichen Arbeitens, die bei der Beantwortung dieser Frage helfen, sind:<\/div>\n<ul class=\"ilc_list_u_Standard\">\n<li class=\"ilc_list_item_StandardListItem\">\n<div class=\"ilc_Paragraph ilc_text_block_List\"><span style=\"color: #ff950e\"><span class=\"ilc_text_inline_Strong\">Replizierbarkeit <\/span><\/span>= Die Ergebnisse einer Studie sollten gedanklich und praktisch nachvollziehbar dargestellt sein, sodass sie durch Wiederholbarkeit \u00fcberpr\u00fcfbar sind. Verl\u00e4ssliche Ergebnisse m\u00fcssen durch wiederholtes Pr\u00fcfen best\u00e4tigt werden k\u00f6nnen gem\u00e4\u00df dem Motto \u201eEinmal ist keinmal\u201c.<\/div>\n<\/li>\n<li class=\"ilc_list_item_StandardListItem\">\n<div class=\"ilc_Paragraph ilc_text_block_List\">Die <span style=\"color: #ff950e\"><span class=\"ilc_text_inline_Strong\">Generalisierbarkeit oder auch externe Validit\u00e4t<\/span><\/span> meint das Ausma\u00df, zu welchem wissenschaftliche Ergebnisse verallgemeinert werden k\u00f6nnen. Sie ist abh\u00e4ngig von Datenumfang, Datenqualit\u00e4t und Fragestellung.<\/div>\n<\/li>\n<li class=\"ilc_list_item_StandardListItem\">\n<div class=\"ilc_Paragraph ilc_text_block_List\">Die Evaluation meint die Beurteilung von Strukturen, Prozessen und Ergebnissen Bewertung von Ma\u00dfnahmen. Man differenziert zwischen der <span style=\"color: #ff950e\"><span class=\"ilc_text_inline_Strong\">formativen <\/span><\/span><span style=\"color: #ff950e\">und <\/span><span style=\"color: #ff950e\"><span class=\"ilc_text_inline_Strong\">summativen Evaluation<\/span><\/span>. Wird bei der formativen Evaluation eine Intervention entwickelt und stetig verbessert, wird diese Intervention bei der summativen Evaluation mittels einer randomisierten kontrollierten Studie (Goldstandard) gepr\u00fcft.<\/div>\n<\/li>\n<li class=\"ilc_list_item_StandardListItem\">\n<div class=\"ilc_Paragraph ilc_text_block_List\">Die Wirksamkeit einer Intervention ist umso glaubw\u00fcrdiger, je \u00f6fter diese in RCTs bewiesen wurde. Liegen mehrere Studien zu einer Intervention vor, so k\u00f6nnen diese in einer Metaanalyse zusammengefasst werden. Eine <span style=\"color: #ff950e\"><span class=\"ilc_text_inline_Strong\">Metaanalyse<\/span><\/span> ist eine quantitative Zusammenfassung von Ergebnissen einzelner Studien.<\/div>\n<\/li>\n<\/ul>\n<p>&nbsp;<\/p>\n<p><a href=\"https:\/\/blogs.urz.uni-halle.de\/medsoz1\/der-forschungsprozess-2\/der-forschungsprozess\/\">zur \u00dcbersicht\u00a0<\/a>\u00a0\u00a0\u00a0\u00a0\u00a0\u00a0\u00a0\u00a0 <a href=\"https:\/\/blogs.urz.uni-halle.de\/medsoz1\/der-forschungsprozess-2\/der-forschungsprozess\/datenauswertung-und-interpretation\/inferenzstatistik\/\">zur\u00fcck<\/a><\/p>\n","protected":false},"excerpt":{"rendered":"<p>Bereits zu Beginn eines Forschungsprojektes sollte man wissen, welchem Zweck die Untersuchung dient und wozu die Untersuchungsergebnisse genutzt werden k\u00f6nnen bzw. sollen. Am Ende stellt sich die Frage: Wie aussagekr\u00e4ftig sind die Ergebnisse des Forschungsprojektes? Grundprinzipien wissenschaftlichen Arbeitens, die bei der Beantwortung dieser Frage helfen, sind: Replizierbarkeit = Die Ergebnisse einer Studie sollten gedanklich und &#8230; <a title=\"Ergebnisbewertung\" class=\"read-more\" href=\"https:\/\/blogs.urz.uni-halle.de\/medsoz1\/der-forschungsprozess-2\/der-forschungsprozess\/ergebnisbewertung\/\">Weiterlesen <span class=\"screen-reader-text\">Ergebnisbewertung<\/span><\/a><\/p>\n","protected":false},"author":2524,"featured_media":0,"parent":25,"menu_order":10,"comment_status":"closed","ping_status":"closed","template":"","meta":[],"_links":{"self":[{"href":"https:\/\/blogs.urz.uni-halle.de\/medsoz1\/wp-json\/wp\/v2\/pages\/100"}],"collection":[{"href":"https:\/\/blogs.urz.uni-halle.de\/medsoz1\/wp-json\/wp\/v2\/pages"}],"about":[{"href":"https:\/\/blogs.urz.uni-halle.de\/medsoz1\/wp-json\/wp\/v2\/types\/page"}],"author":[{"embeddable":true,"href":"https:\/\/blogs.urz.uni-halle.de\/medsoz1\/wp-json\/wp\/v2\/users\/2524"}],"replies":[{"embeddable":true,"href":"https:\/\/blogs.urz.uni-halle.de\/medsoz1\/wp-json\/wp\/v2\/comments?post=100"}],"version-history":[{"count":11,"href":"https:\/\/blogs.urz.uni-halle.de\/medsoz1\/wp-json\/wp\/v2\/pages\/100\/revisions"}],"predecessor-version":[{"id":1031,"href":"https:\/\/blogs.urz.uni-halle.de\/medsoz1\/wp-json\/wp\/v2\/pages\/100\/revisions\/1031"}],"up":[{"embeddable":true,"href":"https:\/\/blogs.urz.uni-halle.de\/medsoz1\/wp-json\/wp\/v2\/pages\/25"}],"wp:attachment":[{"href":"https:\/\/blogs.urz.uni-halle.de\/medsoz1\/wp-json\/wp\/v2\/media?parent=100"}],"curies":[{"name":"wp","href":"https:\/\/api.w.org\/{rel}","templated":true}]}}