{"id":550,"date":"2017-06-02T16:06:17","date_gmt":"2017-06-02T14:06:17","guid":{"rendered":"https:\/\/blogs.urz.uni-halle.de\/medsoz1\/?page_id=550"},"modified":"2019-01-12T14:57:17","modified_gmt":"2019-01-12T13:57:17","slug":"dokumentenanalyse","status":"publish","type":"page","link":"https:\/\/blogs.urz.uni-halle.de\/medsoz1\/der-forschungsprozess-2\/der-forschungsprozess\/methoden-der-datengewinnung\/dokumentenanalyse\/","title":{"rendered":"Dokumentenanalyse"},"content":{"rendered":"<p>Bei der Dokumentenanalyse werden <span style=\"color: #ee7d00\">vorgefundene Dokumente<\/span> (genuine Dokumente, z.B. Krankenhausakten, Standesamtaufzeichnungen usw.) analysiert. Dar\u00fcber hinaus gibt es <span style=\"color: #ee7d00\">forschungsgenerierte Dokumente<\/span> (z.B. Feldnotizen, offene Kommentare in Frageb\u00f6gen), deren Analyse streng genommen nicht als Dokumentenanalyse bezeichnet wird, da sie nicht unabh\u00e4ngig vom Forschungsprozess erzeugt werden. Konzentrieren wir uns auf die genuine Dokumentenanalyse.<\/p>\n<p>In der Praxis der empirischen Sozialforschung werden Dokumentenanalysen h\u00e4ufig mit anderen Methoden der Datenerhebung kombiniert.<\/p>\n<p>Folgende Umst\u00e4nde sprechen f\u00fcr eine besondere Eignung der Dokumentenanalyse zur Bearbeitung eines Forschungsproblems:<\/p>\n<ol>\n<li>Wenn sich die <span style=\"color: #ee7d00\">interessierenden Sachverhalte<\/span> systematisch in Dokumenten niederschlagen (z.B. die medien- und kommunikationswissenschaftliche Produkt- und Medieninhaltsforschung greift auf Dokumentenanalysen ausgew\u00e4hlter Mediendarstellungen zur\u00fcck. Auch in der Politikwissenschaft werden h\u00e4ufig Zeitungsartikel \u00fcber Politikerinnen und Politiker, Gesetzestexte, Gerichtsurteile, Protokolle parlamentarischer Debatten oder Manuskripte politischer Reden analysiert.<\/li>\n<li>Die <span style=\"color: #ee7d00\">Nonreaktivit\u00e4t des Verfahrens<\/span> der Datenerhebung, da auf Dokumente zur\u00fcckgegriffen wird, die unabh\u00e4ngig vom Forschungsprozess erzeugt wurden. Somit wird Rohdatenmaterial bearbeitet, das hinsichtlich Form und Inhalt nicht durch den Forschungsprozess beeinflusst ist.<\/li>\n<li><span style=\"color: #ee7d00\">Forschungs\u00f6konomische<\/span> Form der Datenerhebung.<\/li>\n<\/ol>\n<p>Die Dokumentenanalyse ist allerdings auch mit Nachteilen verbunden, denn die <span style=\"color: #ee7d00\">Kontextbedingungen der Dokumentenproduktion<\/span>, quasi die Entstehung der Daten, kann kaum nachvollzogen werden. Dar\u00fcber hinaus ist<span style=\"color: #ee7d00\"> Aussagekraft<\/span> f\u00fcr das Forschungsproblem evtl. eingeschr\u00e4nkt, da die vorgefundene Dokumente oft nur teilweise auf f\u00fcr das Forschungsproblem relevante Themen eingehen. Die Dokumentenanalyse arbeitet typischerweise mit Stichproben von Dokumenten. Praktische und methodische Hinweise f\u00fcr die Planung und Umsetzung aussagekr\u00e4ftiger Dokumentenstichproben sind jedoch wenig verbreitet, was die <span style=\"color: #ee7d00\">Stichprobenqualit\u00e4t<\/span> beeintr\u00e4chtigen kann. Inhaltlich relevante Dokumente unterscheiden sich im <span style=\"color: #ee7d00\">Grad ihrer Zug\u00e4nglichkeit <\/span>sowie hinsichtlich der notwendigen Aktivit\u00e4ten zur Beschaffung und Archivierung des Materials. Weiterhin kann die <span style=\"color: #ee7d00\">Qualit\u00e4t vorgefundener Dokumente<\/span> kann in unterschiedlicher Hinsicht eingeschr\u00e4nkt sein: Authentizit\u00e4t, Glaubw\u00fcrdigkeit, Repr\u00e4sentativit\u00e4t und Interpretierbarkeit. Als letzter Punkt ist noch der Aspekt der <span style=\"color: #ee7d00\">Forschungsethik<\/span> zu nennen. D\u00fcrfen Dokumente von Personen (z.B. Krankenakten), die nichts dar\u00fcber wissen, analysiert werden?<\/p>\n<p>&nbsp;<\/p>\n<div class=\"ilc_Paragraph ilc_text_block_List\"><\/div>\n<div><a href=\"https:\/\/blogs.urz.uni-halle.de\/medsoz1\/der-forschungsprozess-2\/der-forschungsprozess\/\">zur \u00dcbersicht\u00a0<\/a>\u00a0\u00a0\u00a0\u00a0\u00a0\u00a0\u00a0\u00a0 <a href=\"https:\/\/blogs.urz.uni-halle.de\/medsoz1\/der-forschungsprozess-2\/der-forschungsprozess\/methoden-der-datengewinnung\/die-wissenschaftliche-beobachtung\/\">zur\u00fcck<\/a>\u00a0\u00a0\u00a0\u00a0\u00a0\u00a0\u00a0\u00a0\u00a0\u00a0\u00a0<a href=\"https:\/\/blogs.urz.uni-halle.de\/medsoz1\/der-forschungsprozess-2\/der-forschungsprozess\/methoden-der-datengewinnung\/muendliche-befragung\/\"> n\u00e4chste Seite<\/a><\/div>\n","protected":false},"excerpt":{"rendered":"<p>Bei der Dokumentenanalyse werden vorgefundene Dokumente (genuine Dokumente, z.B. Krankenhausakten, Standesamtaufzeichnungen usw.) analysiert. Dar\u00fcber hinaus gibt es forschungsgenerierte Dokumente (z.B. Feldnotizen, offene Kommentare in Frageb\u00f6gen), deren Analyse streng genommen nicht als Dokumentenanalyse bezeichnet wird, da sie nicht unabh\u00e4ngig vom Forschungsprozess erzeugt werden. Konzentrieren wir uns auf die genuine Dokumentenanalyse. In der Praxis der empirischen Sozialforschung &#8230; <a title=\"Dokumentenanalyse\" class=\"read-more\" href=\"https:\/\/blogs.urz.uni-halle.de\/medsoz1\/der-forschungsprozess-2\/der-forschungsprozess\/methoden-der-datengewinnung\/dokumentenanalyse\/\">Weiterlesen <span class=\"screen-reader-text\">Dokumentenanalyse<\/span><\/a><\/p>\n","protected":false},"author":2524,"featured_media":0,"parent":96,"menu_order":2,"comment_status":"closed","ping_status":"closed","template":"","meta":[],"_links":{"self":[{"href":"https:\/\/blogs.urz.uni-halle.de\/medsoz1\/wp-json\/wp\/v2\/pages\/550"}],"collection":[{"href":"https:\/\/blogs.urz.uni-halle.de\/medsoz1\/wp-json\/wp\/v2\/pages"}],"about":[{"href":"https:\/\/blogs.urz.uni-halle.de\/medsoz1\/wp-json\/wp\/v2\/types\/page"}],"author":[{"embeddable":true,"href":"https:\/\/blogs.urz.uni-halle.de\/medsoz1\/wp-json\/wp\/v2\/users\/2524"}],"replies":[{"embeddable":true,"href":"https:\/\/blogs.urz.uni-halle.de\/medsoz1\/wp-json\/wp\/v2\/comments?post=550"}],"version-history":[{"count":5,"href":"https:\/\/blogs.urz.uni-halle.de\/medsoz1\/wp-json\/wp\/v2\/pages\/550\/revisions"}],"predecessor-version":[{"id":1043,"href":"https:\/\/blogs.urz.uni-halle.de\/medsoz1\/wp-json\/wp\/v2\/pages\/550\/revisions\/1043"}],"up":[{"embeddable":true,"href":"https:\/\/blogs.urz.uni-halle.de\/medsoz1\/wp-json\/wp\/v2\/pages\/96"}],"wp:attachment":[{"href":"https:\/\/blogs.urz.uni-halle.de\/medsoz1\/wp-json\/wp\/v2\/media?parent=550"}],"curies":[{"name":"wp","href":"https:\/\/api.w.org\/{rel}","templated":true}]}}