{"id":31,"date":"2022-07-14T15:10:41","date_gmt":"2022-07-14T13:10:41","guid":{"rendered":"https:\/\/blogs.urz.uni-halle.de\/mehrsprachigeschule\/?page_id=31"},"modified":"2024-02-12T15:27:00","modified_gmt":"2024-02-12T14:27:00","slug":"ueber-uns","status":"publish","type":"page","link":"https:\/\/blogs.urz.uni-halle.de\/mehrsprachigeschule\/ueber-uns\/","title":{"rendered":"\u00dcber Uns"},"content":{"rendered":"\n<p>Wir sind Studierende des Lehramts Grundschule an der Martin-Luther-Universit\u00e4t Halle-Wittenberg, die sich im Zuge des Seminars \u201eMehrsprachigkeit in der einsprachigen Schule\u201c mit Chancen und Herausforderungen von Mehrsprachigkeit besch\u00e4ftigt haben. Unser Anliegen ist es Sensibilit\u00e4t f\u00fcr Mehrsprachigkeit zu schaffen.<\/p>\n\n\n\n<p>We are students of elementary school teaching at the Martin-Luther-University Halle-Wittenberg.In the course of the seminar &#8222;Multilingualism in monolingual schools&#8220; we have dealt with chances and challenges of multilingualism.Our concern is to create sensitivity for multilingualism.<\/p>\n\n\n\n<figure class=\"wp-block-gallery columns-1 is-cropped\"><ul class=\"blocks-gallery-grid\"><li class=\"blocks-gallery-item\"><figure><img loading=\"lazy\" width=\"783\" height=\"478\" src=\"https:\/\/blogs.urz.uni-halle.de\/mehrsprachigeschule\/files\/2022\/07\/22-07-CHrJ_Das-sind-wir-wortwolke.png\" alt=\"\" data-id=\"83\" data-full-url=\"https:\/\/blogs.urz.uni-halle.de\/mehrsprachigeschule\/files\/2022\/07\/22-07-CHrJ_Das-sind-wir-wortwolke.png\" data-link=\"https:\/\/blogs.urz.uni-halle.de\/mehrsprachigeschule\/ueber-uns\/22-07-chrj_das-sind-wir-wortwolke\/\" class=\"wp-image-83\" srcset=\"https:\/\/blogs.urz.uni-halle.de\/mehrsprachigeschule\/files\/2022\/07\/22-07-CHrJ_Das-sind-wir-wortwolke.png 783w, https:\/\/blogs.urz.uni-halle.de\/mehrsprachigeschule\/files\/2022\/07\/22-07-CHrJ_Das-sind-wir-wortwolke-300x183.png 300w, https:\/\/blogs.urz.uni-halle.de\/mehrsprachigeschule\/files\/2022\/07\/22-07-CHrJ_Das-sind-wir-wortwolke-768x469.png 768w\" sizes=\"(max-width: 783px) 100vw, 783px\" \/><figcaption class=\"blocks-gallery-item__caption\">Das sind wir! Studierende im Sommersemester 22<\/figcaption><\/figure><\/li><\/ul><\/figure>\n\n\n\n<figure class=\"wp-block-image size-large\"><img loading=\"lazy\" width=\"783\" height=\"478\" src=\"https:\/\/blogs.urz.uni-halle.de\/mehrsprachigeschule\/files\/2023\/02\/23-02-6qo2_Mehrsprachigkeit-wortwolke.png\" alt=\"\" class=\"wp-image-183\" srcset=\"https:\/\/blogs.urz.uni-halle.de\/mehrsprachigeschule\/files\/2023\/02\/23-02-6qo2_Mehrsprachigkeit-wortwolke.png 783w, https:\/\/blogs.urz.uni-halle.de\/mehrsprachigeschule\/files\/2023\/02\/23-02-6qo2_Mehrsprachigkeit-wortwolke-300x183.png 300w, https:\/\/blogs.urz.uni-halle.de\/mehrsprachigeschule\/files\/2023\/02\/23-02-6qo2_Mehrsprachigkeit-wortwolke-768x469.png 768w\" sizes=\"(max-width: 783px) 100vw, 783px\" \/><figcaption>Das sind wir! Studierende im Wintersemester 22\/23<\/figcaption><\/figure>\n\n\n\n<figure class=\"wp-block-image size-large is-resized\"><img loading=\"lazy\" src=\"https:\/\/blogs.urz.uni-halle.de\/mehrsprachigeschule\/files\/2024\/02\/wordcloud1-1024x1024.png\" alt=\"\" class=\"wp-image-267\" width=\"346\" height=\"346\" srcset=\"https:\/\/blogs.urz.uni-halle.de\/mehrsprachigeschule\/files\/2024\/02\/wordcloud1-1024x1024.png 1024w, https:\/\/blogs.urz.uni-halle.de\/mehrsprachigeschule\/files\/2024\/02\/wordcloud1-300x300.png 300w, https:\/\/blogs.urz.uni-halle.de\/mehrsprachigeschule\/files\/2024\/02\/wordcloud1-150x150.png 150w, https:\/\/blogs.urz.uni-halle.de\/mehrsprachigeschule\/files\/2024\/02\/wordcloud1-768x768.png 768w, https:\/\/blogs.urz.uni-halle.de\/mehrsprachigeschule\/files\/2024\/02\/wordcloud1.png 1500w\" sizes=\"(max-width: 346px) 100vw, 346px\" \/><figcaption>Das sind wir! Studierende im Wintersemester 23\/24<\/figcaption><\/figure>\n","protected":false},"excerpt":{"rendered":"<p>Wir sind Studierende des Lehramts Grundschule an der Martin-Luther-Universit\u00e4t Halle-Wittenberg, die sich im Zuge des Seminars \u201eMehrsprachigkeit in der einsprachigen Schule\u201c mit Chancen und Herausforderungen von Mehrsprachigkeit besch\u00e4ftigt haben. Unser Anliegen ist es Sensibilit\u00e4t f\u00fcr Mehrsprachigkeit zu schaffen. We are<\/p>\n","protected":false},"author":5523,"featured_media":0,"parent":0,"menu_order":0,"comment_status":"closed","ping_status":"closed","template":"","meta":[],"_links":{"self":[{"href":"https:\/\/blogs.urz.uni-halle.de\/mehrsprachigeschule\/wp-json\/wp\/v2\/pages\/31"}],"collection":[{"href":"https:\/\/blogs.urz.uni-halle.de\/mehrsprachigeschule\/wp-json\/wp\/v2\/pages"}],"about":[{"href":"https:\/\/blogs.urz.uni-halle.de\/mehrsprachigeschule\/wp-json\/wp\/v2\/types\/page"}],"author":[{"embeddable":true,"href":"https:\/\/blogs.urz.uni-halle.de\/mehrsprachigeschule\/wp-json\/wp\/v2\/users\/5523"}],"replies":[{"embeddable":true,"href":"https:\/\/blogs.urz.uni-halle.de\/mehrsprachigeschule\/wp-json\/wp\/v2\/comments?post=31"}],"version-history":[{"count":9,"href":"https:\/\/blogs.urz.uni-halle.de\/mehrsprachigeschule\/wp-json\/wp\/v2\/pages\/31\/revisions"}],"predecessor-version":[{"id":268,"href":"https:\/\/blogs.urz.uni-halle.de\/mehrsprachigeschule\/wp-json\/wp\/v2\/pages\/31\/revisions\/268"}],"wp:attachment":[{"href":"https:\/\/blogs.urz.uni-halle.de\/mehrsprachigeschule\/wp-json\/wp\/v2\/media?parent=31"}],"curies":[{"name":"wp","href":"https:\/\/api.w.org\/{rel}","templated":true}]}}