{"id":54,"date":"2022-07-14T15:26:29","date_gmt":"2022-07-14T13:26:29","guid":{"rendered":"https:\/\/blogs.urz.uni-halle.de\/mehrsprachigeschule\/?page_id=54"},"modified":"2023-02-02T19:28:05","modified_gmt":"2023-02-02T18:28:05","slug":"auf-dem-schulhof","status":"publish","type":"page","link":"https:\/\/blogs.urz.uni-halle.de\/mehrsprachigeschule\/auf-dem-schulhof\/","title":{"rendered":"Auf dem Schulhof"},"content":{"rendered":"\n<h2>Interkulturelle Schnitzeljagd<\/h2>\n\n\n\n<p>Dieses Material nimmt besonders das Klassengef\u00fcge in den Blick. Die Sch\u00fcler:innen k\u00f6nnen bei einer Schnitzeljagd gemeinsam R\u00e4tsel und Aufgaben l\u00f6sen, die auch den Mehrsprachigkeits-Aspekt in den Blick nehmen und sich dabei besser kennenlernen und zusammenwachsen.<\/p>\n\n\n\n<div class=\"wp-block-file\"><a href=\"https:\/\/blogs.urz.uni-halle.de\/mehrsprachigeschule\/files\/2022\/08\/Interkulturelle-Schnitzeljagd.pdf\">Interkulturelle-Schnitzeljagd<\/a><a href=\"https:\/\/blogs.urz.uni-halle.de\/mehrsprachigeschule\/files\/2022\/08\/Interkulturelle-Schnitzeljagd.pdf\" class=\"wp-block-file__button\" download>Herunterladen<\/a><\/div>\n\n\n\n<figure class=\"wp-block-image size-large\"><img loading=\"lazy\" width=\"1024\" height=\"576\" src=\"https:\/\/blogs.urz.uni-halle.de\/mehrsprachigeschule\/files\/2023\/02\/Interkulturelle-Schnitzeljagd-1024x576.jpg\" alt=\"\" class=\"wp-image-175\" srcset=\"https:\/\/blogs.urz.uni-halle.de\/mehrsprachigeschule\/files\/2023\/02\/Interkulturelle-Schnitzeljagd-1024x576.jpg 1024w, https:\/\/blogs.urz.uni-halle.de\/mehrsprachigeschule\/files\/2023\/02\/Interkulturelle-Schnitzeljagd-300x169.jpg 300w, https:\/\/blogs.urz.uni-halle.de\/mehrsprachigeschule\/files\/2023\/02\/Interkulturelle-Schnitzeljagd-768x432.jpg 768w, https:\/\/blogs.urz.uni-halle.de\/mehrsprachigeschule\/files\/2023\/02\/Interkulturelle-Schnitzeljagd-1536x864.jpg 1536w, https:\/\/blogs.urz.uni-halle.de\/mehrsprachigeschule\/files\/2023\/02\/Interkulturelle-Schnitzeljagd.jpg 1920w\" sizes=\"(max-width: 1024px) 100vw, 1024px\" \/><figcaption>Vorschau auf die Schnitzeljagd<\/figcaption><\/figure>\n","protected":false},"excerpt":{"rendered":"<p>Interkulturelle Schnitzeljagd Dieses Material nimmt besonders das Klassengef\u00fcge in den Blick. Die Sch\u00fcler:innen k\u00f6nnen bei einer Schnitzeljagd gemeinsam R\u00e4tsel und Aufgaben l\u00f6sen, die auch den Mehrsprachigkeits-Aspekt in den Blick nehmen und sich dabei besser kennenlernen und zusammenwachsen.<\/p>\n","protected":false},"author":5523,"featured_media":0,"parent":0,"menu_order":0,"comment_status":"closed","ping_status":"closed","template":"","meta":[],"_links":{"self":[{"href":"https:\/\/blogs.urz.uni-halle.de\/mehrsprachigeschule\/wp-json\/wp\/v2\/pages\/54"}],"collection":[{"href":"https:\/\/blogs.urz.uni-halle.de\/mehrsprachigeschule\/wp-json\/wp\/v2\/pages"}],"about":[{"href":"https:\/\/blogs.urz.uni-halle.de\/mehrsprachigeschule\/wp-json\/wp\/v2\/types\/page"}],"author":[{"embeddable":true,"href":"https:\/\/blogs.urz.uni-halle.de\/mehrsprachigeschule\/wp-json\/wp\/v2\/users\/5523"}],"replies":[{"embeddable":true,"href":"https:\/\/blogs.urz.uni-halle.de\/mehrsprachigeschule\/wp-json\/wp\/v2\/comments?post=54"}],"version-history":[{"count":6,"href":"https:\/\/blogs.urz.uni-halle.de\/mehrsprachigeschule\/wp-json\/wp\/v2\/pages\/54\/revisions"}],"predecessor-version":[{"id":176,"href":"https:\/\/blogs.urz.uni-halle.de\/mehrsprachigeschule\/wp-json\/wp\/v2\/pages\/54\/revisions\/176"}],"wp:attachment":[{"href":"https:\/\/blogs.urz.uni-halle.de\/mehrsprachigeschule\/wp-json\/wp\/v2\/media?parent=54"}],"curies":[{"name":"wp","href":"https:\/\/api.w.org\/{rel}","templated":true}]}}