{"id":10592,"date":"2020-05-05T09:46:29","date_gmt":"2020-05-05T07:46:29","guid":{"rendered":"https:\/\/www.menalib.de\/?page_id=10592"},"modified":"2023-11-22T13:08:21","modified_gmt":"2023-11-22T12:08:21","slug":"miras-maktoob","status":"publish","type":"page","link":"https:\/\/blogs.urz.uni-halle.de\/menalib\/vifa\/fid-lizenzen\/miras-maktoob\/","title":{"rendered":"Miras Maktoob"},"content":{"rendered":"<p><\/p>\n<div class=\"bigger-box\">\n<h2>Werke zur islamischen Geschichte und Kultur<\/h2>\n<p><a href=\"https:\/\/www.menalib.de\/files\/2020\/12\/miras-maktoob-covers.png\" class=\"broken_link\"><img loading=\"lazy\" class=\"alignleft wp-image-11170 size-medium\" src=\"https:\/\/www.menalib.de\/files\/2020\/12\/miras-maktoob-covers-800x461.png\" alt=\"Miras Maktoob Cover\" width=\"800\" height=\"461\" srcset=\"https:\/\/blogs.urz.uni-halle.de\/menalib\/files\/2020\/12\/miras-maktoob-covers-800x461.png 800w, https:\/\/blogs.urz.uni-halle.de\/menalib\/files\/2020\/12\/miras-maktoob-covers-1280x738.png 1280w, https:\/\/blogs.urz.uni-halle.de\/menalib\/files\/2020\/12\/miras-maktoob-covers-420x242.png 420w, https:\/\/blogs.urz.uni-halle.de\/menalib\/files\/2020\/12\/miras-maktoob-covers-768x443.png 768w, https:\/\/blogs.urz.uni-halle.de\/menalib\/files\/2020\/12\/miras-maktoob-covers-1536x886.png 1536w, https:\/\/blogs.urz.uni-halle.de\/menalib\/files\/2020\/12\/miras-maktoob-covers-2048x1181.png 2048w, https:\/\/blogs.urz.uni-halle.de\/menalib\/files\/2020\/12\/miras-maktoob-covers-500x288.png 500w\" sizes=\"(max-width: 800px) 100vw, 800px\" \/><\/a><\/p>\n<p>Die E-Book-Sammlung mit 248 B\u00e4nden (189 Werke) bietet Editionen von literarischen Werken und Abhandlungen zur iranischen Kulturgeschichte die bis in das 10. Jahrhundert zur\u00fcckreichen.<!--more--><\/p>\n<p>Die persischen und arabischen Texte behandeln insbesondere historische, geografische und philosophische Themen.<\/p>\n<p><a class=\"button\" href=\"https:\/\/brill.com\/view\/serial\/MMP\">Zur Datenbank<\/a><br \/>\nDieser Link leitet Sie zur Datenbank des Anbieters weiter.<\/p>\n<p>Die Sammlung wurde urspr\u00fcnglich vom Written Heritage Research Institute (Miras Maktoob), einer Nichtregierungsorganisation in Teheran, herausgegeben.<\/p>\n<p>Alle E-Books k\u00f6nnen als PDF heruntergeladen und im Volltext durchsucht werden. Das Angebot ist deutschlandweit und an deutschen Auslandsinstituten \u00fcber das System der<a href=\"https:\/\/www.menalib.de\/vifa\/fid-lizenzen\/nutzerkreismodelle-der-fid-lizenzen\/#national\"> Nationallizenzen<\/a> kostenfrei zug\u00e4nglich.<\/p>\n<\/div>\n<h2>Das Forschungsinstitut Miras Maktoob<\/h2>\n<p>Das Forschungsinstitut Miras Maktoob in Teheran befasst sich neben der kritischen Edition persischer und arabischer Manuskripte mit wissenschaftlicher Forschung zu Themen aus den Bereichen Textlinguistik, Textgeschichte, Kodikologie, Katalogisierung von Manuskripten, Kulturgut des Iran und des iranischen Kulturraums sowie Wissenschaftsgeschichte.<\/p>\n<p>Vor der Islamischen Revolution 1978 \/ 1979 waren vor allem die Kulturstiftung Iran (<i>Buny\u0101d-i Farhang-i \u012ar\u0101n<\/i>) und die Buch\u00fcbersetzungs- und Verlagsgesellschaft (<i>Bung\u0101h-i Tar\u01e7uma va Na\u0161r-i Kit\u0101b<\/i>) f\u00fcr kritische Edition historischer Texte bekannt.<\/p>\n<p>Nach der Revolution wurden historische Texte nur noch gelegentlich von staatlichen Zentren wie dem Universit\u00e4tsverlagszentrum (<i>Markaz-i Na\u0161r-i D\u0101ne\u0161g\u0101h\u012b<\/i>) ver\u00f6ffentlicht. Daneben ist Miras Maktoob das einzige nicht-staatliche Institut, das sich mit der kritischen Edition historischer Texte befasst.<\/p>\n<p>Das Forschungsinstitut wurde 1993 als Publikationsb\u00fcro f\u00fcr Schriftliches Kulturgut (<i>Daftar-i Na\u0161r-i M\u012br\u0101<\/i><i><u>\u1e6f<\/u><\/i><i>-i Makt\u016bb<\/i>) gegr\u00fcndet um die wissenschaftliche Forschung zur Bewahrung des schriftlichen Kulturgutes zu f\u00f6rdern. Seit 2005 hei\u00dft es offiziell Forschungsinstitut f\u00fcr Schriftliches Kulturgut (<i>Mu\u02beassis-i Pa\u017e\u016bhi\u0161\u012b-i <\/i><i>M\u012br\u0101<\/i><i><u>\u1e6f<\/u><\/i><i>-i Makt\u016bb<\/i>).<\/p>\n<p>Die Publikationen erscheinen in verschiedenen Reihen, unterteilt in 16 Themenbereiche, darunter persische Sprache und Literatur, islamische Gelehrsamkeit, Wissenschaft und Technologie, Geschichte und Geographie, Textforschung, \u00dcbersetzungen und Kataloge von Manuskripten, Aufs\u00e4tze, Gedenkschriften und Konferenzb\u00e4nde.<\/p>\n<p>Ein Gro\u00dfteil der Texte, die wissenschaftlich untersucht werden, ist in persischer Sprache verfasst. Einige Texte, die au\u00dferhalb der Reihe zur Persischen Sprache und Literatur ver\u00f6ffentlicht wurden, sind ebenso auch in ihrer persischen Fassung von herausragender historischer Bedeutung.<\/p>\n<p>In der Reihe \u201eArbeitsbericht der Islamwissenschaftler und Iranisten\u201c (<i>K\u0101rn\u0101ma-i D\u0101ni\u0161var\u0101n-i Isl\u0101m va \u012ar\u0101n<\/i>) ver\u00f6ffentlicht Miras Maktoob die Texte au\u00dferdem in einer leichter verst\u00e4ndlichen Bearbeitung um Menschen, die sich nicht mit wissenschaftlicher Forschung in diesem Bereich befassen, insbesondere auch junge Menschen, mit den historischen Texten vertraut zu machen.<\/p>\n<p>Dar\u00fcber hinaus gibt Miras Maktoob drei Zeitschriften heraus:<\/p>\n<ul>\n<li>Im <i>Spiegel des Kulturgutes <\/i>(<i>\u0100yina-i M\u012br\u0101<\/i><i><u>\u1e6f<\/u><\/i>) werdenalle zwei Monate Bibliographien, Rezensionen und Informationen zur Textforschung ver\u00f6ffentlicht.<\/li>\n<li>Der <i>Kulturgutbericht<\/i>(<i>Guz\u0101ri\u0161-i M\u012br\u0101<\/i><i><u>\u1e6f<\/u><\/i>) ist eine viertelj\u00e4hrliche Zeitschrift zur Textkritik in Kodikologie und Iranisitik.<\/li>\n<li>Das <i>Wissenschaftliche Erbe des Iran und des Islam<\/i> (<i>M\u012br\u0101<\/i><i><u>\u1e6f<\/u><\/i><i>-i \u02bfilm\u012b-i \u012ar\u0101n va Isl\u0101m<\/i>) erscheint alle zwei Monate zu Themenbereichen der Geschichte der Wissenschaft und Technik im islamischen Zeitalter.<\/li>\n<\/ul>\n<p>Miras Maktoob war an einer Vielzahl von Konferenzen und Kooperationen mit Institutionen im Iran wie auch im Ausland beteiligt, wie z. B. der UNESCO, verschiedenen Kulturinstitutionen in der T\u00fcrkei, dem Institut f\u00fcr Iranistik der \u00d6sterreichischen Akademie der Wissenschaften, der Osaka University of Foreign Studies in Japan und der Lahore Universit\u00e4t in Pakistan.<\/p>\n<p>Die E-Book-Sammlung ist exklusiv bei Brill erh\u00e4ltlich.<\/p>\n<p><a class=\"button\" href=\"https:\/\/kxp.k10plus.de\/DB=2.1\/SET=1\/TTL=1\/CMD?MATCFILTER=N&amp;MATCSET=N&amp;ACT0=&amp;IKT0=&amp;TRM0=&amp;ACT3=*&amp;IKT3=8183&amp;ACT=SRCHA&amp;IKT=1016&amp;SRT=YOP&amp;TRM=xpr+%27ZDB-1-PEMM%27&amp;TRM3=\">Zur E-Book Sammlung im Katalog<\/a><br \/>\nDieser Link leitet Sie zu den Eintr\u00e4gen im GVK-Katalog weiter.<br \/>\n<\/p>","protected":false},"excerpt":{"rendered":"Werke zur islamischen Geschichte und Kultur Die E-Book-Sammlung mit 248 B\u00e4nden (189 Werke) bietet Editionen von literarischen Werken und Abhandlungen zur iranischen Kulturgeschichte die bis in das 10. Jahrhundert zur\u00fcckreichen.","protected":false},"author":3336,"featured_media":11170,"parent":5785,"menu_order":0,"comment_status":"closed","ping_status":"closed","template":"","meta":{"ngg_post_thumbnail":0},"categories":[],"tags":[],"_links":{"self":[{"href":"https:\/\/blogs.urz.uni-halle.de\/menalib\/wp-json\/wp\/v2\/pages\/10592"}],"collection":[{"href":"https:\/\/blogs.urz.uni-halle.de\/menalib\/wp-json\/wp\/v2\/pages"}],"about":[{"href":"https:\/\/blogs.urz.uni-halle.de\/menalib\/wp-json\/wp\/v2\/types\/page"}],"author":[{"embeddable":true,"href":"https:\/\/blogs.urz.uni-halle.de\/menalib\/wp-json\/wp\/v2\/users\/3336"}],"replies":[{"embeddable":true,"href":"https:\/\/blogs.urz.uni-halle.de\/menalib\/wp-json\/wp\/v2\/comments?post=10592"}],"version-history":[{"count":10,"href":"https:\/\/blogs.urz.uni-halle.de\/menalib\/wp-json\/wp\/v2\/pages\/10592\/revisions"}],"predecessor-version":[{"id":14517,"href":"https:\/\/blogs.urz.uni-halle.de\/menalib\/wp-json\/wp\/v2\/pages\/10592\/revisions\/14517"}],"up":[{"embeddable":true,"href":"https:\/\/blogs.urz.uni-halle.de\/menalib\/wp-json\/wp\/v2\/pages\/5785"}],"wp:featuredmedia":[{"embeddable":true,"href":"https:\/\/blogs.urz.uni-halle.de\/menalib\/wp-json\/wp\/v2\/media\/11170"}],"wp:attachment":[{"href":"https:\/\/blogs.urz.uni-halle.de\/menalib\/wp-json\/wp\/v2\/media?parent=10592"}],"wp:term":[{"taxonomy":"category","embeddable":true,"href":"https:\/\/blogs.urz.uni-halle.de\/menalib\/wp-json\/wp\/v2\/categories?post=10592"},{"taxonomy":"post_tag","embeddable":true,"href":"https:\/\/blogs.urz.uni-halle.de\/menalib\/wp-json\/wp\/v2\/tags?post=10592"}],"curies":[{"name":"wp","href":"https:\/\/api.w.org\/{rel}","templated":true}]}}