{"id":11669,"date":"2021-03-01T15:28:49","date_gmt":"2021-03-01T14:28:49","guid":{"rendered":"https:\/\/www.menalib.de\/?page_id=11669"},"modified":"2021-10-28T09:41:17","modified_gmt":"2021-10-28T07:41:17","slug":"noormags","status":"publish","type":"page","link":"https:\/\/blogs.urz.uni-halle.de\/menalib\/vifa\/fid-lizenzen\/noormags\/","title":{"rendered":"Noormags"},"content":{"rendered":"<p><\/p>\n<div class=\"bigger-box\">\n<h2>Datenbank iranischer Fachzeitschriften<\/h2>\n<p><a href=\"https:\/\/www.menalib.de\/files\/2021\/03\/noormags-screenshot_01-scaled.jpg\" class=\"broken_link\"><img loading=\"lazy\" class=\"alignleft wp-image-11668 size-medium\" src=\"https:\/\/www.menalib.de\/files\/2021\/03\/noormags-screenshot_01-800x456.jpg\" alt=\"\" width=\"800\" height=\"456\" srcset=\"https:\/\/blogs.urz.uni-halle.de\/menalib\/files\/2021\/03\/noormags-screenshot_01-800x456.jpg 800w, https:\/\/blogs.urz.uni-halle.de\/menalib\/files\/2021\/03\/noormags-screenshot_01-1280x729.jpg 1280w, https:\/\/blogs.urz.uni-halle.de\/menalib\/files\/2021\/03\/noormags-screenshot_01-420x239.jpg 420w, https:\/\/blogs.urz.uni-halle.de\/menalib\/files\/2021\/03\/noormags-screenshot_01-768x437.jpg 768w, https:\/\/blogs.urz.uni-halle.de\/menalib\/files\/2021\/03\/noormags-screenshot_01-1536x875.jpg 1536w, https:\/\/blogs.urz.uni-halle.de\/menalib\/files\/2021\/03\/noormags-screenshot_01-2048x1166.jpg 2048w, https:\/\/blogs.urz.uni-halle.de\/menalib\/files\/2021\/03\/noormags-screenshot_01-500x285.jpg 500w\" sizes=\"(max-width: 800px) 100vw, 800px\" \/><\/a>Noor Specialized Magazines bietet digitalisierte Versionen von Fachzeitschriften f\u00fcr Islamwissenschaften, Sozial- und Geisteswissenschaften an. <!--more--><\/p>\n<p><a class=\"button\" href=\"http:\/\/nahost.proxy.fid-lizenzen.de\/fid\/noor-specialized-journal\/\">Zur Datenbank<\/a><\/p>\n<p>Die umfangreiche Text-Bild-Datenbank geh\u00f6rt inzwischen zu den wichtigsten Datenbanken f\u00fcr wissenschaftliche Texte in persischer Sprache. Sie wird vom Computer Research Center of Islamic Sciences (CRCIS) im Iran betreut.<\/p>\n<p><a href=\"#access-information\">Zugangshinweise<\/a><\/p>\n<p>Unser Fachinformationsdienst hat eine Testphase dieses Produktes bis zum 25. Januar 2022 f\u00fcr unseren <a href=\"https:\/\/www.menalib.de\/vifa\/fid-lizenzen\/al-manhal-islamic-studies-e-book-collection\/nutzerkreis\/\">Nutzerkreis<\/a> vereinbart. Bei positiven <a href=\"https:\/\/www.menalib.de\/vifa\/fid-lizenzen\/feedback-zu-fid-lizenzen\/\" class=\"broken_link\">R\u00fcckmeldungen<\/a> w\u00fcrden wir eine dauerhafte Lizenz anstreben.<\/p>\n<\/div>\n<h2>PDF-Download<\/h2>\n<p>Der Download von PDFs ist f\u00fcr die Testperiode leider limitiert. Eine Betrachtung der Dokumente im PDF-Viewer der Website ist jedoch m\u00f6glich.<\/p>\n<h2 id=\"access-information\" class=\"inline-block\">Zugangshinweise<\/h2>\n<p>Der Zugang steht Angeh\u00f6rigen der Institutionen unseres <a href=\"https:\/\/www.menalib.de\/vifa\/fid-lizenzen\/al-manhal-islamic-studies-e-book-collection\/nutzerkreis\/\">Nutzerkreises<\/a> bis zum 25. Januar 2022 zur Verf\u00fcgung. Die Authentifizierung erfolgt durch die IP-Nummern des jeweiligen Netzwerkes.<\/p>\n<p>Bei der Arbeit im Home Office wird eine VPN- oder andere Remote-Verbindung ben\u00f6tigt. Sollte Ihnen kein Zugang per Remote-Verbindung m\u00f6glich sein, k\u00f6nnen Sie sich <a href=\"https:\/\/nahost.fid-lizenzen.de\/kfllogin\">als Einzelnutzer anmelden<\/a>.<\/p>","protected":false},"excerpt":{"rendered":"Datenbank iranischer Fachzeitschriften Noor Specialized Magazines bietet digitalisierte Versionen von Fachzeitschriften f\u00fcr Islamwissenschaften, Sozial- und Geisteswissenschaften an.","protected":false},"author":3336,"featured_media":11668,"parent":5785,"menu_order":0,"comment_status":"closed","ping_status":"closed","template":"","meta":{"ngg_post_thumbnail":0},"categories":[],"tags":[],"_links":{"self":[{"href":"https:\/\/blogs.urz.uni-halle.de\/menalib\/wp-json\/wp\/v2\/pages\/11669"}],"collection":[{"href":"https:\/\/blogs.urz.uni-halle.de\/menalib\/wp-json\/wp\/v2\/pages"}],"about":[{"href":"https:\/\/blogs.urz.uni-halle.de\/menalib\/wp-json\/wp\/v2\/types\/page"}],"author":[{"embeddable":true,"href":"https:\/\/blogs.urz.uni-halle.de\/menalib\/wp-json\/wp\/v2\/users\/3336"}],"replies":[{"embeddable":true,"href":"https:\/\/blogs.urz.uni-halle.de\/menalib\/wp-json\/wp\/v2\/comments?post=11669"}],"version-history":[{"count":10,"href":"https:\/\/blogs.urz.uni-halle.de\/menalib\/wp-json\/wp\/v2\/pages\/11669\/revisions"}],"predecessor-version":[{"id":12475,"href":"https:\/\/blogs.urz.uni-halle.de\/menalib\/wp-json\/wp\/v2\/pages\/11669\/revisions\/12475"}],"up":[{"embeddable":true,"href":"https:\/\/blogs.urz.uni-halle.de\/menalib\/wp-json\/wp\/v2\/pages\/5785"}],"wp:featuredmedia":[{"embeddable":true,"href":"https:\/\/blogs.urz.uni-halle.de\/menalib\/wp-json\/wp\/v2\/media\/11668"}],"wp:attachment":[{"href":"https:\/\/blogs.urz.uni-halle.de\/menalib\/wp-json\/wp\/v2\/media?parent=11669"}],"wp:term":[{"taxonomy":"category","embeddable":true,"href":"https:\/\/blogs.urz.uni-halle.de\/menalib\/wp-json\/wp\/v2\/categories?post=11669"},{"taxonomy":"post_tag","embeddable":true,"href":"https:\/\/blogs.urz.uni-halle.de\/menalib\/wp-json\/wp\/v2\/tags?post=11669"}],"curies":[{"name":"wp","href":"https:\/\/api.w.org\/{rel}","templated":true}]}}