{"id":12,"date":"2016-03-08T14:04:11","date_gmt":"2016-03-08T13:04:11","guid":{"rendered":"http:\/\/localhost\/wordpress\/?page_id=2"},"modified":"2021-06-04T12:50:29","modified_gmt":"2021-06-04T10:50:29","slug":"about","status":"publish","type":"page","link":"https:\/\/blogs.urz.uni-halle.de\/menalib\/about\/","title":{"rendered":"\u00dcber uns"},"content":{"rendered":"<p><\/p>\n<ul class=\"preview-grid\">\n<li class=\"full-width\"><article id=\"post-8073\" class=\"preview post-8073 bigger-box\"><header class=\"entry-header\"><h2 class=\"entry-title\">Der Fachinformationsdienst<\/h2><\/header><div class=\"entry-content\"><div class=\"image-container figure\" style=\"background-image: url(https:\/\/blogs.urz.uni-halle.de\/menalib\/files\/2019\/08\/fid-logo-2018.svg)\"><img src=\"https:\/\/blogs.urz.uni-halle.de\/menalib\/files\/2019\/08\/fid-logo-2018.svg\"><\/div>Der Fachinformationsdienst (FID) Nahost-, Nordafrika- und Islamstudien versorgt die deutsche Wissenschaft mit hochspezialisierten Forschungsmaterialien aus den L\u00e4ndern der MENA-Region. Er wird seit 2016 von der Deutschen Forschungsgemeinschaft (DFG) gef\u00f6rdert ...<\/div><footer class=\"entry-meta\"><\/footer><a class=\"overlay\" href=\"https:\/\/blogs.urz.uni-halle.de\/menalib\/about\/der-fachinformationsdienst\/\">more<\/a><\/article><\/li>\n<li><article id=\"post-89\" class=\"preview post-89 default\"><header class=\"entry-header\"><h2 class=\"entry-title\">Kontakt<\/h2><\/header><div class=\"entry-content\"><div class=\"image-container figure\" style=\"background-image: url(https:\/\/blogs.urz.uni-halle.de\/menalib\/files\/2018\/12\/icon-contact.svg)\"><img src=\"https:\/\/blogs.urz.uni-halle.de\/menalib\/files\/2018\/12\/icon-contact.svg\"><\/div>So kommen Sie zu unserer Zweigbibliothek und finden die richtigen Ansprechpartner beim Fachinformationsdienst Nahost-, Nordafrika- und Islamstudien ...<\/div><footer class=\"entry-meta\"><\/footer><a class=\"overlay\" href=\"https:\/\/blogs.urz.uni-halle.de\/menalib\/about\/kontakt\/\">more<\/a><\/article><\/li>\n<li><article id=\"post-436\" class=\"preview post-436 default\"><header class=\"entry-header\"><h2 class=\"entry-title\">F\u00e4cherspektrum und Sammelschwerpunkte<\/h2><\/header><div class=\"entry-content\"><div class=\"image-container figure\" style=\"background-image: url(https:\/\/blogs.urz.uni-halle.de\/menalib\/files\/2018\/06\/tafsir-al-kabir-420x290.jpg)\"><img src=\"https:\/\/blogs.urz.uni-halle.de\/menalib\/files\/2018\/06\/tafsir-al-kabir-420x290.jpg\"><\/div>Der FID Nahost erwirbt schwer zug\u00e4ngliche Prim\u00e4rliteratur aus den L\u00e4ndern und in den Sprachen der MENA-Region (Naher Osten und Nordafrika). ...<\/div><footer class=\"entry-meta\"><\/footer><a class=\"overlay\" href=\"https:\/\/blogs.urz.uni-halle.de\/menalib\/about\/faecherspektrum\/\">more<\/a><\/article><\/li>\n<li><article id=\"post-10673\" class=\"preview post-10673 default\"><header class=\"entry-header\"><h2 class=\"entry-title\">Kooperationen mit anderen Fachinformationsdiensten<\/h2><\/header><div class=\"entry-content\"><div class=\"image-container figure\" style=\"background-image: url(https:\/\/blogs.urz.uni-halle.de\/menalib\/files\/2020\/06\/fid-afrikastudien-logo-1-420x393.png)\"><img src=\"https:\/\/blogs.urz.uni-halle.de\/menalib\/files\/2020\/06\/fid-afrikastudien-logo-1-420x393.png\"><\/div>Unser F\u00e4cherspektrum und unsere Serviceschwerpunkte weisen regionale und fachliche \u00dcberschneidungen mit anderen Fachinformationsdiensten auf.\r\n\r\nSo sind z.B. der Islam oder  ...<\/div><footer class=\"entry-meta\"><\/footer><a class=\"overlay\" href=\"https:\/\/blogs.urz.uni-halle.de\/menalib\/about\/kooperationen-mit-anderen-fachinformationsdiensten\/\">more<\/a><\/article><\/li>\n<li><article id=\"post-10057\" class=\"preview post-10057 default\"><header class=\"entry-header\"><h2 class=\"entry-title\">Wissenschaftlicher Beirat<\/h2><\/header><div class=\"entry-content\"><div class=\"image-container figure\" style=\"background-image: url(https:\/\/blogs.urz.uni-halle.de\/menalib\/files\/2020\/10\/avicenna-beirat-420x420.png)\"><img src=\"https:\/\/blogs.urz.uni-halle.de\/menalib\/files\/2020\/10\/avicenna-beirat-420x420.png\"><\/div>\r\nBeratungsgremium des Fachinformationsdienstes\r\nDer Wissenschaftliche Beirat des FID besteht aus Sachverst\u00e4ndigen unterschiedlichster Forschungsrichtungen, darunter ...<\/div><footer class=\"entry-meta\"><\/footer><a class=\"overlay\" href=\"https:\/\/blogs.urz.uni-halle.de\/menalib\/about\/wissenschaftlicher-beirat\/\">more<\/a><\/article><\/li>\n<li><article id=\"post-619\" class=\"preview post-619 default\"><header class=\"entry-header\"><h2 class=\"entry-title\">Partner<\/h2><\/header><div class=\"entry-content\"><div class=\"image-container figure\" style=\"background-image: url(https:\/\/blogs.urz.uni-halle.de\/menalib\/files\/2018\/12\/icon-partners.svg)\"><img src=\"https:\/\/blogs.urz.uni-halle.de\/menalib\/files\/2018\/12\/icon-partners.svg\"><\/div>Die folgenden Institutionen haben in der Vergangenheit bereits aktiv an MENALIB mitgewirkt oder anderweitig mit uns zusammengearbeitet. ...<\/div><footer class=\"entry-meta\"><\/footer><a class=\"overlay\" href=\"https:\/\/blogs.urz.uni-halle.de\/menalib\/about\/partner\/\">more<\/a><\/article><\/li>\n<li><article id=\"post-6861\" class=\"preview post-6861 default\"><header class=\"entry-header\"><h2 class=\"entry-title\">Impressum<\/h2><\/header><div class=\"entry-content\"><div class=\"image-container figure\" style=\"background-image: url(https:\/\/blogs.urz.uni-halle.de\/menalib\/files\/2018\/12\/icon-impress.svg)\"><img src=\"https:\/\/blogs.urz.uni-halle.de\/menalib\/files\/2018\/12\/icon-impress.svg\"><\/div>Die Anbieterkennzeichnung dieser online Publikation nach \u00a7 5 des deutschen Telemediengesetzes (TMG) ...<\/div><footer class=\"entry-meta\"><\/footer><a class=\"overlay\" href=\"https:\/\/blogs.urz.uni-halle.de\/menalib\/about\/impressum\/\">more<\/a><\/article><\/li>\n<\/ul>\n<p>So kommen Sie zu unserer Zweigbibliothek und finden die richtigen Ansprechpartner beim Fachinformationsdienst Nahost-, Nordafrika- und Islamstudien ...<\/div><footer class=\"entry-meta\"><\/footer><a class=\"overlay\" href=\"https:\/\/blogs.urz.uni-halle.de\/menalib\/about\/kontakt\/\">more<\/a><\/article><\/li>\n<li><article id=\"post-436\" class=\"preview post-436 default\"><header class=\"entry-header\"><h2 class=\"entry-title\">F\u00e4cherspektrum und Sammelschwerpunkte<\/h2><\/header><div class=\"entry-content\"><div class=\"image-container figure\" style=\"background-image: url(https:\/\/blogs.urz.uni-halle.de\/menalib\/files\/2018\/06\/tafsir-al-kabir-420x290.jpg)\"><img src=\"https:\/\/blogs.urz.uni-halle.de\/menalib\/files\/2018\/06\/tafsir-al-kabir-420x290.jpg\"><\/div>Der FID Nahost erwirbt schwer zug\u00e4ngliche Prim\u00e4rliteratur aus den L\u00e4ndern und in den Sprachen der MENA-Region (Naher Osten und Nordafrika). ...<\/div><footer class=\"entry-meta\"><\/footer><a class=\"overlay\" href=\"https:\/\/blogs.urz.uni-halle.de\/menalib\/about\/faecherspektrum\/\">more<\/a><\/article><\/li>\n<li><article id=\"post-10673\" class=\"preview post-10673 default\"><header class=\"entry-header\"><h2 class=\"entry-title\">Kooperationen mit anderen Fachinformationsdiensten<\/h2><\/header><div class=\"entry-content\"><div class=\"image-container figure\" style=\"background-image: url(https:\/\/blogs.urz.uni-halle.de\/menalib\/files\/2020\/06\/fid-afrikastudien-logo-1-420x393.png)\"><img src=\"https:\/\/blogs.urz.uni-halle.de\/menalib\/files\/2020\/06\/fid-afrikastudien-logo-1-420x393.png\"><\/div>Unser F\u00e4cherspektrum und unsere Serviceschwerpunkte weisen regionale und fachliche \u00dcberschneidungen mit anderen Fachinformationsdiensten auf.\r\n\r\nSo sind z.B. der Islam oder  ...<\/div><footer class=\"entry-meta\"><\/footer><a class=\"overlay\" href=\"https:\/\/blogs.urz.uni-halle.de\/menalib\/about\/kooperationen-mit-anderen-fachinformationsdiensten\/\">more<\/a><\/article><\/li>\n<li><article id=\"post-10057\" class=\"preview post-10057 default\"><header class=\"entry-header\"><h2 class=\"entry-title\">Wissenschaftlicher Beirat<\/h2><\/header><div class=\"entry-content\"><div class=\"image-container figure\" style=\"background-image: url(https:\/\/blogs.urz.uni-halle.de\/menalib\/files\/2020\/10\/avicenna-beirat-420x420.png)\"><img src=\"https:\/\/blogs.urz.uni-halle.de\/menalib\/files\/2020\/10\/avicenna-beirat-420x420.png\"><\/div>\r\nBeratungsgremium des Fachinformationsdienstes\r\nDer Wissenschaftliche Beirat des FID besteht aus Sachverst\u00e4ndigen unterschiedlichster Forschungsrichtungen, darunter ...<\/div><footer class=\"entry-meta\"><\/footer><a class=\"overlay\" href=\"https:\/\/blogs.urz.uni-halle.de\/menalib\/about\/wissenschaftlicher-beirat\/\">more<\/a><\/article><\/li>\n<li><article id=\"post-619\" class=\"preview post-619 default\"><header class=\"entry-header\"><h2 class=\"entry-title\">Partner<\/h2><\/header><div class=\"entry-content\"><div class=\"image-container figure\" style=\"background-image: url(https:\/\/blogs.urz.uni-halle.de\/menalib\/files\/2018\/12\/icon-partners.svg)\"><img src=\"https:\/\/blogs.urz.uni-halle.de\/menalib\/files\/2018\/12\/icon-partners.svg\"><\/div>Die folgenden Institutionen haben in der Vergangenheit bereits aktiv an MENALIB mitgewirkt oder anderweitig mit uns zusammengearbeitet. ...<\/div><footer class=\"entry-meta\"><\/footer><a class=\"overlay\" href=\"https:\/\/blogs.urz.uni-halle.de\/menalib\/about\/partner\/\">more<\/a><\/article><\/li>\n<li><article id=\"post-6861\" class=\"preview post-6861 default\"><header class=\"entry-header\"><h2 class=\"entry-title\">Impressum<\/h2><\/header><div class=\"entry-content\"><div class=\"image-container figure\" style=\"background-image: url(https:\/\/blogs.urz.uni-halle.de\/menalib\/files\/2018\/12\/icon-impress.svg)\"><img src=\"https:\/\/blogs.urz.uni-halle.de\/menalib\/files\/2018\/12\/icon-impress.svg\"><\/div>Die Anbieterkennzeichnung dieser online Publikation nach \u00a7 5 des deutschen Telemediengesetzes (TMG) ...<\/div><footer class=\"entry-meta\"><\/footer><a class=\"overlay\" href=\"https:\/\/blogs.urz.uni-halle.de\/menalib\/about\/impressum\/\">more<\/a><\/article><\/li>\n<\/ul>\n<p><\/p>","protected":false},"excerpt":{"rendered":"&hellip; <a href=\"\" class=\"read-more\">Weiterlesen <\/a>","protected":false},"author":2691,"featured_media":634,"parent":0,"menu_order":0,"comment_status":"closed","ping_status":"open","template":"sidebar-page.php","meta":{"ngg_post_thumbnail":0},"categories":[],"tags":[],"_links":{"self":[{"href":"https:\/\/blogs.urz.uni-halle.de\/menalib\/wp-json\/wp\/v2\/pages\/12"}],"collection":[{"href":"https:\/\/blogs.urz.uni-halle.de\/menalib\/wp-json\/wp\/v2\/pages"}],"about":[{"href":"https:\/\/blogs.urz.uni-halle.de\/menalib\/wp-json\/wp\/v2\/types\/page"}],"author":[{"embeddable":true,"href":"https:\/\/blogs.urz.uni-halle.de\/menalib\/wp-json\/wp\/v2\/users\/2691"}],"replies":[{"embeddable":true,"href":"https:\/\/blogs.urz.uni-halle.de\/menalib\/wp-json\/wp\/v2\/comments?post=12"}],"version-history":[{"count":10,"href":"https:\/\/blogs.urz.uni-halle.de\/menalib\/wp-json\/wp\/v2\/pages\/12\/revisions"}],"predecessor-version":[{"id":11894,"href":"https:\/\/blogs.urz.uni-halle.de\/menalib\/wp-json\/wp\/v2\/pages\/12\/revisions\/11894"}],"wp:featuredmedia":[{"embeddable":true,"href":"https:\/\/blogs.urz.uni-halle.de\/menalib\/wp-json\/wp\/v2\/media\/634"}],"wp:attachment":[{"href":"https:\/\/blogs.urz.uni-halle.de\/menalib\/wp-json\/wp\/v2\/media?parent=12"}],"wp:term":[{"taxonomy":"category","embeddable":true,"href":"https:\/\/blogs.urz.uni-halle.de\/menalib\/wp-json\/wp\/v2\/categories?post=12"},{"taxonomy":"post_tag","embeddable":true,"href":"https:\/\/blogs.urz.uni-halle.de\/menalib\/wp-json\/wp\/v2\/tags?post=12"}],"curies":[{"name":"wp","href":"https:\/\/api.w.org\/{rel}","templated":true}]}}