{"id":13404,"date":"2022-09-28T16:27:45","date_gmt":"2022-09-28T14:27:45","guid":{"rendered":"https:\/\/www.menalib.de\/?page_id=13404"},"modified":"2024-09-25T10:58:51","modified_gmt":"2024-09-25T08:58:51","slug":"menasearch-discovery","status":"publish","type":"page","link":"https:\/\/blogs.urz.uni-halle.de\/menalib\/service\/menasearch-discovery\/","title":{"rendered":"Suchtipps f\u00fcr MENAsearch"},"content":{"rendered":"<p><\/p>\n<p data-wp-editing=\"1\"><img loading=\"lazy\" class=\"wp-image-14987 aligncenter\" src=\"https:\/\/www.menalib.de\/files\/2024\/09\/E3615396-D007-4E2F-B233-6A83FC3A0E50-800x412.png\" alt=\"\" width=\"603\" height=\"317\"><\/p>\n<p><strong><a href=\"https:\/\/menasearch.bibliothek.uni-halle.de\/\" target=\"_blank\" rel=\"noopener noreferrer\">MENAsearch<\/a><\/strong> ist das <em>Discovery-System des FID Nahost-, Nordafrika- und Islamstudien<\/em> f\u00fcr Ihre Literaturrecherche. Es handelt sich um ein bibliothekarisches Suchsystem, das auf modernen Suchmaschinentechnologien beruht. Dabei werden nicht nur die Best\u00e4nde der eigenen Bibliothek angeboten, sondern verschiedenste Datenquellen durchsucht, so dass auch Zeitschriftenaufs\u00e4tze oder Volltexte aus lizenzierten Datenbanken sowie elektronische Texte im <em>Open Access<\/em> gefunden werden k\u00f6nnen.<\/p>\n<div id=\"a\" class=\"accordion\">\n<div id=\"tab-1\">\n<p><a class=\"tab broken_link\" href=\"#tab-1\">Hinweise zur Nutzung<\/a><\/p>\n<div class=\"content\">\n<p><a class=\"close broken_link\" href=\"#a\">+<\/a><\/p>\n<h2>Hinweise zur Nutzung:<\/h2>\n<p><img loading=\"lazy\" class=\"wp-image-14988 alignleft\" src=\"https:\/\/www.menalib.de\/files\/2024\/09\/24370D40-936E-4B17-85BD-671BCB9E66A8.png\" alt=\"\" width=\"279\" height=\"108\"><\/p>\n<h5><strong>Allgemeine Hinweise<\/strong><\/h5>\n<p>Suchanfragen best\u00e4tigen Sie durch Anklicken des Suchbuttons oder durch die Enter-Taste nach Eingabe des Begriffs.<\/p>\n<h5><strong>Suchbegriffe<\/strong><\/h5>\n<p><em>Autovervollst\u00e4ndigen<\/em> unterst\u00fctzt Sie bei der Auswahl der Suchbegriffe auch bei Begriffen in nichtlateinischen Schriften.<\/p>\n<p><strong>Suchergebnis eingrenzen<\/strong><br \/>\nF\u00fcr eine m\u00f6glichst schnelle und effiziente Recherche empfiehlt es sich, das Suchergebnis m\u00f6glichst genau einzugrenzen. Die gew\u00fcnschte Treffermenge kann mit dem Schieberegler auf einen ausgew\u00e4hlten Zeitraum eingeschr\u00e4nkt werden. Ein Klick auf die Jahreszahlen erm\u00f6glicht die manuelle Eingabe. Zudem kann das Suchergebnis auf einen Publikationstyp (z.B. gedruckt) sowie auf ein Medienformat (z.B. Buch) eingegrenzt werden.<\/p>\n<p><strong>Suchanfragen und Suchergebnis<\/strong><br \/>\nDie Suche nach den eingegebenen Begriffen erfolgt in allen Feldern (Person, Titelstichwort, Schlagwort usw.). Die Sortierung der Suchergebnisse erfolgt nach Relevanz. Mit den Jahrespfeilen kann die Treffermenge chronologisch auf- und absteigend sortiert werden.<\/p>\n<p><strong>Zugang zu lizenzierten elektronischen Ressourcen<\/strong><br \/>\nF\u00fcr eine Reihe von elektronischen Ressourcen mit MENA-Content bietet die Bibliothek den Zugriff auf den elektronischen Volltext an. Folgen Sie den angegebenen Links. F\u00fcr Angeh\u00f6rige der <em> Martin-Luther-Universit\u00e4t<\/em> ist der Zugriff auf lizenzierte elektronische Angebote auch von au\u00dferhalb \u00fcber Shibboleth oder VPN m\u00f6glich. Der FID ist bestrebt, nach M\u00f6glichkeit <a href=\"https:\/\/www.menalib.de\/vifa\/fid-lizenzen\/\" target=\"_blank\" rel=\"noopener noreferrer\" class=\"broken_link\">Nationallizenzen<\/a> auszuhandeln, auf die auch Angeh\u00f6rige anderer Hochschulen\/Bibliotheken \u00fcber ihre Heimatinstitution zugreifen k\u00f6nnen.<\/p>\n<p><strong>Platzhalter<\/strong><br \/>\nPlatzhalter sind Sonderzeichen, die f\u00fcr unbekannte Zeichen in einem Text verwendet werden k\u00f6nnen und bei der Suche nach mehreren Elementen mit \u00e4hnlichen, aber nicht identischen Daten n\u00fctzlich sind.<\/p>\n<p>Das Zeichen <em><strong>?<\/strong><\/em> ersetzt genau ein Zeichen. Es kann eine beliebige Stelle im Suchbegriff gesetzt werden.<br \/>\nBeispiel:<br \/>\n&#8211; <em>B?irut <\/em>findet Beirut und Bairut<br \/>\n&#8211; <em>B??rut<\/em> findet Beirut, Bairut, Bayrut und Beyrut etc.<\/p>\n<p>Der Asterisk \u201e*\u201c ersetzt beliebig viele Zeichen innerhalb von W\u00f6rtern und Phrasen.<br \/>\nBeispiel:<br \/>\n&#8211; <em>comput? <\/em>findet computer, computing<br \/>\n&#8211; <em>\u201aa midsummer * dream&#8216; <\/em>findet auch \u201aa midsummer night&#8217;s dream&#8216;<\/p>\n<\/div>\n<\/div>\n<div id=\"a\" class=\"accordion\">\n<div id=\"tab-2\">\n<p><a class=\"tab broken_link\" href=\"#tab-2\">Suchen nach Phrasen<\/a><\/p>\n<div class=\"content\">\n<p><a class=\"close broken_link\" href=\"#a\">+<\/a><\/p>\n<h2>Suchen nach Phrasen<\/h2>\n<p>Bei der Suche nach exakten Namen, Phrasen und Zitaten empfiehlt es sich, die Sucheingabe in Anf\u00fchrungszeichen zu setzen:<br \/>\n<code>\"Carl Brockelmann\"<\/code><\/p>\n<p><strong>Originalschriftliche Suche<\/strong><br \/>\nMENAsearch erm\u00f6glicht die Suche in den verschiedenen Schriften der MENA-Region sowie in Transkriptionen. Dabei ist es unerheblich, ob Sie Diakritika verwenden oder die Grundbuchstaben (z.B. A\u1e2bb\u0101r oder Ahbar). Die Kenntnis der geltenden DIN <a href=\"https:\/\/www.menalib.de\/service\/hinweise-zu-transliterationen\/\" target=\"_blank\" rel=\"noopener noreferrer\">Umschriftregeln<\/a> ist hilfreich und zwingend n\u00f6tig, um \u00e4ltere Titel (vor 2012) finden zu k\u00f6nnen.<\/p>\n<\/div>\n<\/div>\n<div id=\"tab-3\">\n<p><a class=\"tab broken_link\" href=\"#tab-3\">Verschiedene Bedienelemente<\/a><\/p>\n<div class=\"content\">\n<p><a class=\"close broken_link\" href=\"#a\">+<\/a><\/p>\n<h2>Verschiedene &nbsp;Bedienelemente<\/h2>\n<p><strong>Einstellen des Suchraumes<\/strong><\/p>\n<ul>\n<li>Der voreingestellte Suchraum ist \u201eSuche in allen Bibliotheken\u201c. Die Suche erfolgt im gesamten&nbsp;<a href=\"https:\/\/findex.gbv.de\">K10plusZentral<\/a>. Sie k\u00f6nnen Ihre Suche auch auf die Best\u00e4nde des FID-Nahost in Halle beschr\u00e4nken. Deaktivieren Sie dazu unter Einstellungen &#8222;Suche auch in Verbundbibliotheken&#8220;.<br \/>\n<img loading=\"lazy\" class=\"alignnone wp-image-13979\" src=\"https:\/\/www.menalib.de\/files\/2023\/03\/suchraum_umschalten.png\" alt=\"\" width=\"157\" height=\"42\"><\/li>\n<li>F\u00fcr alle Best\u00e4nde des Gemeinsamen Bibliotheksverbundes einschlie\u00dflich des FID wird ein Link zum <a href=\"http:\/\/gso.gbv.de\/DB=2.1\/\">Fernleih-Katalog GVK<\/a> angeboten.<\/li>\n<li>Sie k\u00f6nnen die <a title=\"Quelle Wikipedia\" href=\"https:\/\/de.wikipedia.org\/wiki\/Phonetische_Suche\" target=\"_blank\" rel=\"noopener noreferrer\">phonetische Suche<\/a> aktivieren, um eine gewisse Toleranz bei der Schreibweise zuzulassen.<\/li>\n<\/ul>\n<table style=\"margin-left: 30px;height: 28px\" width=\"563\">\n<tbody>\n<tr>\n<td><img loading=\"lazy\" class=\"alignnone wp-image-13983\" src=\"https:\/\/www.menalib.de\/files\/2023\/03\/sprache.png\" alt=\"\" width=\"46\" height=\"34\"><\/td>\n<td>Auswahl der Men\u00fcsprache (deutsch oder englisch)<\/td>\n<\/tr>\n<tr>\n<td><img loading=\"lazy\" class=\"alignnone wp-image-13983\" src=\"https:\/\/www.menalib.de\/files\/2023\/03\/columns.png\" alt=\"\" width=\"46\" height=\"34\"><\/td>\n<td style=\"text-align: left\">Auswahl der Anzeige der Trefferliste in ein bis maximal vier Spalten<\/td>\n<\/tr>\n<tr>\n<td><img loading=\"lazy\" class=\"alignnone wp-image-13982\" src=\"https:\/\/www.menalib.de\/files\/2023\/03\/favorite.png\" alt=\"\" width=\"33\" height=\"35\"><\/td>\n<td>Anzeige aller Titel auf der Merkliste<\/td>\n<\/tr>\n<\/tbody>\n<\/table>\n<p><strong>Login, Zugang zum Benutzerkonto<\/strong><\/p>\n<ul>\n<li>Anzeige der Entleihungen, Bestellungen, abholbaren und bereitgestellten Medien, Vormerkungen und Geb\u00fchren<\/li>\n<li>Verl\u00e4ngerung der Leihfrist<\/li>\n<li>Stornieren von Vormerkungen<\/li>\n<li>Passwort \u00e4ndern<\/li>\n<\/ul>\n<\/div>\n<\/div>\n<div id=\"tab-4\">\n<p><a class=\"tab broken_link\" href=\"#tab-4\">Suche f\u00fcr Expert*innen<\/a><\/p>\n<div class=\"content\">\n<p><a class=\"close broken_link\" href=\"#a\">+<\/a><\/p>\n<h2>Suche f\u00fcr Expert*innen<\/h2>\n<p>Im Suchfeld k\u00f6nnen verschiedene Suchbegriffe eingegeben werden, um gezielt z.B. nach Sprache, Schlagwort, Erscheinungsort zu suchen.<\/p>\n<p>Dabei ist folgende Suchsyntax m\u00f6glich:<br \/>\n&lt;interner Befehl&gt;:Wert&nbsp;&nbsp; z.B.:&nbsp; <em>year:2005<\/em><br \/>\n&lt;interner Befehl&gt;(Wert1, Wert2, usw)&nbsp;&nbsp; z.B.: <em>year(2012, 2013)<\/em><\/p>\n<p><strong>Sprachcode<\/strong>&nbsp; <a href=\"https:\/\/wiki.dnb.de\/download\/attachments\/90411323\/sprachenCodesDeutsch.pdf\" target=\"_blank\" rel=\"noopener noreferrer\">ISO 639-2<\/a><\/p>\n<p style=\"padding-left: 40px\"><code><a href=\"https:\/\/menasearch.bibliothek.uni-halle.de\/sprachcode(arm)\" target=\"_blank\" rel=\"noopener noreferrer\">sprachcode(arm)<\/a><\/code> armenische Titel\/Medien<\/p>\n<p style=\"padding-left: 40px\"><code><a href=\"https:\/\/menasearch.bibliothek.uni-halle.de\/langcode(geo)\" target=\"_blank\" rel=\"noopener noreferrer\">langcode(geo)<\/a><\/code> georgische Titel\/Medien<\/p>\n<p><strong>Sprache<\/strong><\/p>\n<p style=\"padding-left: 40px\"><code><a href=\"http:\/\/menasearch.bibliothek.uni-halle.de\/sprache(Persian)\" target=\"_blank\" rel=\"noopener noreferrer\">sprache(Persian)<\/a><\/code><\/p>\n<p style=\"padding-left: 40px\"><code><a href=\"http:\/\/menasearch.bibliothek.uni-halle.de\/language(Persian)\" target=\"_blank\" rel=\"noopener noreferrer\">language(Persian)<\/a><\/code> persische Titel\/Medien<\/p>\n<p><strong>Schlagwort<\/strong><\/p>\n<p style=\"padding-left: 40px\"><code><a href=\"https:\/\/menasearch.bibliothek.uni-halle.de\/subject(Sufismus)\" target=\"_blank\" rel=\"noopener noreferrer\">subject(Sufismus)<\/a><\/code> Titel, die mit dem Schlagwort <em>Sufismus<\/em> verkn\u00fcpft sind<\/p>\n<p><strong>Sachgebiete<\/strong> <a href=\"https:\/\/www.menalib.de\/vifa\/systematik-des-fid-nahost-nordafrika-und-islamstudien\/\" class=\"broken_link\">FID Nahost Fachsystematik<\/a><\/p>\n<p style=\"padding-left: 40px\"><code><a href=\"https:\/\/menasearch.bibliothek.uni-halle.de\/class('ssg 2.6')\" target=\"_blank\" rel=\"noopener noreferrer\">class('ssg 2.6')<\/a><\/code> Titel zum Thema \u201eislamisches Recht\u201c<\/p>\n<p style=\"padding-left: 40px\"><a href=\"https:\/\/menasearch.bibliothek.uni-halle.de\/class('ssg 3.2.2.2.3')\" target=\"_blank\" rel=\"noopener noreferrer\"><code>class('ssg 3.2.2.2.3')<\/code><\/a> Titel zum Thema \u201eGeschichte\/Politik Iraks\u201c<\/p>\n<p><strong>Schlagwort<\/strong><a href=\"https:\/\/wiki.k10plus.de\/pages\/viewpage.action?pageId=437452809\"> Basisklassifikation des GBV<\/a><\/p>\n<p style=\"padding-left: 40px\"><code><a href=\"https:\/\/menasearch.bibliothek.uni-halle.de\/topic(BKL 11.81)\" target=\"_blank\" rel=\"noopener noreferrer\">topic('BKL 11.81')<\/a><\/code> Titel zum Thema <em>Koran<\/em><\/p>\n<p style=\"padding-left: 40px\"><code><a href=\"https:\/\/menasearch.bibliothek.uni-halle.de\/topic('BKL 15.68')\" target=\"_blank\" rel=\"noopener noreferrer\">topic('BKL 15.68')<\/a><\/code> Titel zum Thema Geschichte\/Politik T\u00fcrkei<\/p>\n<p><strong>Jahr<br \/>\n<\/strong><\/p>\n<p style=\"padding-left: 40px\"><a href=\"https:\/\/menasearch.bibliothek.uni-halle.de\/year(2005)\" target=\"_blank\" rel=\"noopener noreferrer\"><code>year(2005)<\/code><\/a> Titel mit Erscheinungsjahr 2005<\/p>\n<p><strong>Verlag<br \/>\n<\/strong><\/p>\n<p style=\"padding-left: 40px\"><a href=\"https:\/\/menasearch.bibliothek.uni-halle.de\/publisher(al-Markaz al-\u02bfArab\u012b li-l-\u02beAb\u1e25\u0101\u1e6f wa-Dir\u0101sat as-Siy\u0101s\u0101t)\" target=\"_blank\" rel=\"noopener noreferrer\"><code>publisher(al-Markaz al-\u02bfArab\u012b li-l-\u02beAb\u1e25\u0101\u1e6f wa-Dir\u0101sat as-Siy\u0101s\u0101t)<\/code><\/a><\/p>\n<p style=\"padding-left: 40px\"><a href=\"https:\/\/menasearch.bibliothek.uni-halle.de\/publisher(HH GAA patmowt\u0315yan institowt)\" target=\"_blank\" rel=\"noopener noreferrer\"><code>publisher(HH GAA patmowt\u0315yan institowt)<\/code><\/a> Hier nur Umschrift\/Lateinschrift m\u00f6glich<\/p>\n<p style=\"padding-left: 40px\"><strong>Hinweis<\/strong>: in beiden F\u00e4llen ist nat\u00fcrlich auch die Suche mit Grundbuchstaben m\u00f6glich<\/p>\n<p><strong>Reihe<\/strong><\/p>\n<p style=\"padding-left: 40px\"><code><a href=\"https:\/\/menasearch.bibliothek.uni-halle.de\/series(N\u00fbbihar yay\u0131nlar\u0131)\" target=\"_blank\" rel=\"noopener noreferrer\">series(N\u00fbbihar yay\u0131nlar\u0131)<\/a><\/code> alle Publikationen der Reihe N\u00fbbihar yay\u0131nlar\u0131<\/p>\n<p style=\"padding-left: 40px\"><strong>Hinweis:<\/strong> Suchbegriff hier nur Umschrift\/Lateinschrift m\u00f6glich<\/p>\n<p><strong>Land &nbsp;&nbsp; &nbsp;&nbsp; &nbsp;&nbsp; &nbsp;&nbsp;<\/strong><\/p>\n<p>&nbsp; &nbsp;&nbsp; &nbsp;&nbsp; &nbsp;&nbsp;<code><a href=\"https:\/\/menasearch.bibliothek.uni-halle.de\/land(XC-EG)\" target=\"_blank\" rel=\"noopener noreferrer\">land(XC-EG)<\/a><\/code> alle Publikationen aus \u00c4gypten<\/p>\n<p>&nbsp;&nbsp;&nbsp;&nbsp;&nbsp;&nbsp;&nbsp;&nbsp;&nbsp;&nbsp; <strong>Hinweis:<\/strong> Codes nach <a href=\"https:\/\/wiki.dnb.de\/download\/attachments\/51283696\/laendercodesAlph.pdf\" target=\"_blank\" rel=\"noopener noreferrer\">DIN ISO 3155<\/a>&nbsp;<\/p>\n<p><strong>Kombination von Suchschl\u00fcsseln<\/strong><\/p>\n<p style=\"padding-left: 40px\">Auch kombinierte Suchanfragen sind m\u00f6glich. Die Suchschl\u00fcssel sind hierbei nur mit Leerzeichen (keine Boolschen Operatoren) zu trennen.<\/p>\n<p style=\"padding-left: 40px\"><a href=\"https:\/\/menasearch.bibliothek.uni-halle.de\/year(2005) langcode(ara) topic(BKL 11.81)\" target=\"_blank\" rel=\"noopener noreferrer\"><code>year(2005) langcode(ara) topic(BKL 11.81)<\/code><\/a> Titel in <strong>arabischer<\/strong> Sprache zum Thema <strong>Koran<\/strong>, die <strong>2005<\/strong> erschienen sind<\/p>\n<p style=\"padding-left: 40px\"><code><a href=\"https:\/\/menasearch.bibliothek.uni-halle.de\/langcode(tur) subject(Sufismus)\" target=\"_blank\" rel=\"noopener noreferrer\">langcode(tur) subject(Sufismus)<\/a><\/code> Titel in <strong>t\u00fcrkischer<\/strong> Sprache zum Thema <strong>Sufismus<\/strong><\/p>\n<p><strong>Wildcard &amp; Umgebungsoperatoren<br \/>\n<\/strong><\/p>\n<p style=\"padding-left: 40px\"><code><a href=\"https:\/\/menasearch.bibliothek.uni-halle.de\/%2522Iran \u00c4gypten\u201c~3\" target=\"_blank\" rel=\"noopener noreferrer\">\"Iran \u00c4gypten\u201c~3<\/a><\/code>&nbsp; maximal 3 W\u00f6rter zwischen den Begriffen werden angezeigt<\/p>\n<p style=\"padding-left: 40px\"><code><a href=\"https:\/\/menasearch.bibliothek.uni-halle.de\/%C3%84gypten%20Politik%5E200\" target=\"_blank\" rel=\"noopener noreferrer\">\u00c4gypten Politik^200<\/a><\/code> Wertigkeit des zweiten Begriffs steigt um den Faktor <i>200<\/i><\/p>\n<p style=\"padding-left: 40px\"><a href=\"https:\/\/menasearch.bibliothek.uni-halle.de\/Rossander~\" target=\"_blank\" rel=\"noopener noreferrer\"><code><em>Rossander~<\/em><\/code><\/a> Fuzzy Suche (unscharfe Suche) findet Treffer wie z.B.&nbsp;<em>Rossanda, Ro\u00dfauer <\/em>or<em> R\u00f6\u00dfner<\/em><\/p>\n<p style=\"padding-left: 40px\"><code><a href=\"https:\/\/menasearch.bibliothek.uni-halle.de\/%252522Geheim~%20W%C3%BCste%252522~3\" target=\"_blank\" rel=\"noopener noreferrer\">\"Geheim~ W\u00fcste\"~3<\/a>&nbsp;<\/code> Kombinierte Suche findet u.A. &#8222;In geheimer Mission durch die W\u00fcste&#8220;&nbsp; (maximal 3 W\u00f6rter zwischen den Begriffen)<\/p>\n<p style=\"padding-left: 40px\"><code><a href=\"https:\/\/menasearch.bibliothek.uni-halle.de\/Islam%20-Sufismus\" target=\"_blank\" rel=\"noopener noreferrer\">Islam -Sufismus<\/a><\/code> Schlie\u00dft Treffer mit dem Begriff &#8222;Sufismus&#8220; aus<\/p>\n<p style=\"padding-left: 40px\"><code><a href=\"https:\/\/menasearch.bibliothek.uni-halle.de\/%C4%B0sm%C3%A2il%20-%E2%80%9C%C4%B0sm%C3%A2il%20Hakk%C4%B1%E2%80%9D%20-%E2%80%9C%C4%B0sm%C3%A2il%20Pa%C5%9Fa%E2%80%9D\" target=\"_blank\" rel=\"noopener noreferrer\">\u0130sm\u00e2il -\u201c\u0130sm\u00e2il Hakk\u0131\u201d -\u201c\u0130sm\u00e2il Pa\u015fa\u201d<\/a><\/code> &#8222;Ismail&#8220; wird nicht in Kombination mit &#8222;Hakki&#8220; oder &#8222;Pasa&#8220; angezeigt<\/p>\n<p style=\"padding-left: 40px\"><code><a href=\"https:\/\/menasearch.bibliothek.uni-halle.de\/Zazaki%20OR%20Kurdisch\" target=\"_blank\" rel=\"noopener noreferrer\">Zazaki OR Kurdisch<\/a><\/code> findet Ergebnisse, die mindestens einen der gew\u00fcnschten Suchbegriffe enthalten<\/p>\n<p style=\"padding-left: 40px\"><code><a href=\"https:\/\/menasearch.bibliothek.uni-halle.de\/Zazaki%20UND%20Kurdish\/\" target=\"_blank\" rel=\"noopener noreferrer\">Zazaki UND Kurdish<\/a><\/code> beide Suchbegriffe m\u00fcssen vorhanden sein<\/p>\n<p style=\"padding-left: 40px\"><code><a href=\"https:\/\/menasearch.bibliothek.uni-halle.de\/%252BKairo%20%252BIslam%20%252BArabisch\/\" target=\"_blank\" rel=\"noopener noreferrer\">+Kairo +Islam +Arabisch<\/a><\/code> alle Begriffe m\u00fcssen vorkommen &nbsp;&nbsp;&nbsp;<\/p>\n<\/div>\n<\/div>\n<div id=\"tab-5\">\n<p><a class=\"tab broken_link\" href=\"#tab-5\">Alle Suchkriterien im \u00dcberblick<\/a><\/p>\n<div class=\"content\">\n<p><a class=\"close broken_link\" href=\"#a\">+<\/a><\/p>\n<h2>Alle Suchkriterien im \u00dcberblick<\/h2>\n<p style=\"padding-left: 40px\">Hier erhalten Sie eine \u00dcbersicht \u00fcber die internen Befehle, mit denen Sie Ihre Suche weiter einschr\u00e4nken k\u00f6nnen. Sie k\u00f6nnen die Termini auf Englisch oder Deutsch eingeben. Falls zwei Begriffe in einer Zeile stehen, so steht der Suchbegriff sowohl in englisch als auch in deutscher Sprache zur Verf\u00fcgung:<\/p>\n\n<table id=\"tablepress-2\" class=\"tablepress tablepress-id-2\">\n<thead>\n<tr class=\"row-1 odd\">\n\t<th class=\"column-1\">Suchkriterium<\/th><th class=\"column-2\">Suchschl\u00fcssel - Deutsch<\/th><th class=\"column-3\">Suchschl\u00fcssel - Englisch<\/th>\n<\/tr>\n<\/thead>\n<tbody class=\"row-hover\">\n<tr class=\"row-2 even\">\n\t<td class=\"column-1\">Autor*in \/ Verfasser*in<\/td><td class=\"column-2\">autor<\/td><td class=\"column-3\">author<\/td>\n<\/tr>\n<tr class=\"row-3 odd\">\n\t<td class=\"column-1\">Sachgebiete \/ Schlagworte<\/td><td class=\"column-2\">sachgebiet<\/td><td class=\"column-3\">class<\/td>\n<\/tr>\n<tr class=\"row-4 even\">\n\t<td class=\"column-1\">Lokale Sachgebiete \/ Schlagworte<\/td><td class=\"column-2\"><\/td><td class=\"column-3\">classlocal<\/td>\n<\/tr>\n<tr class=\"row-5 odd\">\n\t<td class=\"column-1\">K\u00f6rperschaft<\/td><td class=\"column-2\">koerper<\/td><td class=\"column-3\">corporation<\/td>\n<\/tr>\n<tr class=\"row-6 even\">\n\t<td class=\"column-1\">DOIs (Digital Object Identifier)<\/td><td class=\"column-2\"><\/td><td class=\"column-3\">DOI<\/td>\n<\/tr>\n<tr class=\"row-7 odd\">\n\t<td class=\"column-1\">PPN \/ ID<\/td><td class=\"column-2\">id<\/td><td class=\"column-3\">id<\/td>\n<\/tr>\n<tr class=\"row-8 even\">\n\t<td class=\"column-1\">ISBN und ISSN<\/td><td class=\"column-2\">isn<\/td><td class=\"column-3\">isn<\/td>\n<\/tr>\n<tr class=\"row-9 odd\">\n\t<td class=\"column-1\">Land<\/td><td class=\"column-2\">land<\/td><td class=\"column-3\">country<\/td>\n<\/tr>\n<tr class=\"row-10 even\">\n\t<td class=\"column-1\">Sprache<\/td><td class=\"column-2\">sprache<\/td><td class=\"column-3\">language<\/td>\n<\/tr>\n<tr class=\"row-11 odd\">\n\t<td class=\"column-1\">Sprachcode<\/td><td class=\"column-2\">sprachcode<\/td><td class=\"column-3\">langcode<\/td>\n<\/tr>\n<tr class=\"row-12 even\">\n\t<td class=\"column-1\">Standort<\/td><td class=\"column-2\">standort<\/td><td class=\"column-3\">location<\/td>\n<\/tr>\n<tr class=\"row-13 odd\">\n\t<td class=\"column-1\">Provenienz<\/td><td class=\"column-2\">prov<\/td><td class=\"column-3\">prov<\/td>\n<\/tr>\n<tr class=\"row-14 even\">\n\t<td class=\"column-1\">Verlag<\/td><td class=\"column-2\">verlag<\/td><td class=\"column-3\">publisher<\/td>\n<\/tr>\n<tr class=\"row-15 odd\">\n\t<td class=\"column-1\">Reihe \/ Serie<\/td><td class=\"column-2\">reihe<\/td><td class=\"column-3\">series<\/td>\n<\/tr>\n<tr class=\"row-16 even\">\n\t<td class=\"column-1\">Signatur<\/td><td class=\"column-2\">signatur<\/td><td class=\"column-3\">signature<\/td>\n<\/tr>\n<tr class=\"row-17 odd\">\n\t<td class=\"column-1\">Schlagwort<\/td><td class=\"column-2\">schlagwort<\/td><td class=\"column-3\">subject<\/td>\n<\/tr>\n<tr class=\"row-18 even\">\n\t<td class=\"column-1\">Schlagwort<\/td><td class=\"column-2\"><\/td><td class=\"column-3\">topic<\/td>\n<\/tr>\n<tr class=\"row-19 odd\">\n\t<td class=\"column-1\">Titel<\/td><td class=\"column-2\">titel<\/td><td class=\"column-3\">title<\/td>\n<\/tr>\n<tr class=\"row-20 even\">\n\t<td class=\"column-1\">Jahr<\/td><td class=\"column-2\">jahr<\/td><td class=\"column-3\">year<\/td>\n<\/tr>\n<\/tbody>\n<\/table>\n<!-- #tablepress-2 from cache -->\n<\/div>\n<\/div>\n<\/div>\n<\/div>\n<p><\/p>","protected":false},"excerpt":{"rendered":"MENAsearch ist das Discovery-System des FID Nahost-, Nordafrika- und Islamstudien f\u00fcr Ihre Literaturrecherche. Es handelt sich um ein bibliothekarisches Suchsystem, das auf modernen Suchmaschinentechnologien beruht. Dabei werden nicht nur die Best\u00e4nde der eigenen Bibliothek angeboten, sondern verschiedenste Datenquellen durchsucht, so &hellip; <a href=\"https:\/\/blogs.urz.uni-halle.de\/menalib\/service\/menasearch-discovery\/\">Weiterlesen <span class=\"meta-nav\">&rarr;<\/span><\/a>","protected":false},"author":5537,"featured_media":13417,"parent":1649,"menu_order":0,"comment_status":"closed","ping_status":"closed","template":"sidebar-page.php","meta":{"ngg_post_thumbnail":0},"categories":[219,224],"tags":[419,420,418,417],"_links":{"self":[{"href":"https:\/\/blogs.urz.uni-halle.de\/menalib\/wp-json\/wp\/v2\/pages\/13404"}],"collection":[{"href":"https:\/\/blogs.urz.uni-halle.de\/menalib\/wp-json\/wp\/v2\/pages"}],"about":[{"href":"https:\/\/blogs.urz.uni-halle.de\/menalib\/wp-json\/wp\/v2\/types\/page"}],"author":[{"embeddable":true,"href":"https:\/\/blogs.urz.uni-halle.de\/menalib\/wp-json\/wp\/v2\/users\/5537"}],"replies":[{"embeddable":true,"href":"https:\/\/blogs.urz.uni-halle.de\/menalib\/wp-json\/wp\/v2\/comments?post=13404"}],"version-history":[{"count":11,"href":"https:\/\/blogs.urz.uni-halle.de\/menalib\/wp-json\/wp\/v2\/pages\/13404\/revisions"}],"predecessor-version":[{"id":15001,"href":"https:\/\/blogs.urz.uni-halle.de\/menalib\/wp-json\/wp\/v2\/pages\/13404\/revisions\/15001"}],"up":[{"embeddable":true,"href":"https:\/\/blogs.urz.uni-halle.de\/menalib\/wp-json\/wp\/v2\/pages\/1649"}],"wp:featuredmedia":[{"embeddable":true,"href":"https:\/\/blogs.urz.uni-halle.de\/menalib\/wp-json\/wp\/v2\/media\/13417"}],"wp:attachment":[{"href":"https:\/\/blogs.urz.uni-halle.de\/menalib\/wp-json\/wp\/v2\/media?parent=13404"}],"wp:term":[{"taxonomy":"category","embeddable":true,"href":"https:\/\/blogs.urz.uni-halle.de\/menalib\/wp-json\/wp\/v2\/categories?post=13404"},{"taxonomy":"post_tag","embeddable":true,"href":"https:\/\/blogs.urz.uni-halle.de\/menalib\/wp-json\/wp\/v2\/tags?post=13404"}],"curies":[{"name":"wp","href":"https:\/\/api.w.org\/{rel}","templated":true}]}}