{"id":61,"date":"2016-03-09T11:16:41","date_gmt":"2016-03-09T10:16:41","guid":{"rendered":"http:\/\/localhost\/wordpress\/?page_id=61"},"modified":"2025-09-01T13:34:48","modified_gmt":"2025-09-01T11:34:48","slug":"menadoc","status":"publish","type":"page","link":"https:\/\/blogs.urz.uni-halle.de\/menalib\/vifa\/menadoc\/","title":{"rendered":"MENAdoc"},"content":{"rendered":"<p><\/p>\n<div class=\"bigger-box menadoc\">\n<h2>MENAdoc durchsuchen<\/h2>\n<link rel=\"stylesheet\" id=\"k10plus-search-css\" href=https:\/\/blogs.urz.uni-halle.de\/menalib\/wp-content\/themes\/ulb_menalib\/css\/k10plus-search.css type=\"text\/css\" media=\"all\">\r\n<div class=\"external-search k10plus default\">\r\n      <form accept-charset=\"UTF-8\" action=\"https:\/\/halit.bibliothek.uni-halle.de\/search?l=menasearch&q=\" id=\"search_mena_frm\" method=\"post\" target=\"_blank\">\r\n            <input class=\"search\" id=\"search_mena_txt\" size=\"5\" type=\"text\" placeholder=\"Suchbegriff eingeben\">\r\n            <button id=\"search_menasearch\" class=\"search\">Suche<\/button>\r\n      <\/form>\r\n<\/div>\r\n<script>\r\ndocument.getElementById(\"search_menasearch\").addEventListener(\"click\", function () {\r\n      var search_mena_txt = document.getElementById(\"search_mena_txt\").value;\r\n      if (search_mena_txt.length == 0) { return; }\r\n\/\/      const reqUrl = \"https:\/\/halit.bibliothek.uni-halle.de\/search?l=menasearch&q=\" + search_mena_txt + \"\/\" + \"g=g4\";\r\n      const reqUrl = \"https:\/\/halit.bibliothek.uni-halle.de\/search?l=menasearch&q=\" + search_mena_txt;\r\n      document.getElementById(\"search_mena_frm\").action = reqUrl;\r\n  })\r\n<\/script>\n<\/div>\n<p>\u00dcber das Portal MENAdoc bietet unser Fachinformationsdienst weltweit freien Zugang zu einer Vielzahl von digitalen Quellen und Ver\u00f6ffentlichungen mit Bezug zur MENA-Region und dem Islam. Hier finden Sie Klassiker der orientwissenschaftlichen F\u00e4cher wie auch aktuelle Beitr\u00e4ge aus der Forschung, die Sie im Open Access lesen oder als PDF speichern k\u00f6nnen.<\/p>\n<p>Alle Titel sind mit einem Permalink ausgestattet und somit dauerhaft referenzierbar sowie in \u00fcberregionalen Katalogen nachgewiesen.<!--more--><\/p>\n<p><a class=\"button\" href=\"https:\/\/opendata.uni-halle.de\/handle\/1981185920\/32158\">MENAdoc<\/a><\/p>\n<h2>Kooperationen<\/h2>\n<p>Der FID kooperiert mit verschiedenen Verlagen, um Literatur zur MENA-Region und zum Thema Islam zu digitalisieren und im Open Access zur Verf\u00fcgung zu stellen.<\/p>\n<h3>Orient-Institut Beirut (OIB)<\/h3>\n<p>Serien des <a href=\"http:\/\/www.orient-institut.org\/\">OIB<\/a> auf MENAdoc:<\/p>\n<ul>\n<li><a href=\"https:\/\/lbshal.gbv.de\/DB=1\/SET=10\/TTL=1\/FAM?PPN=1046422510\">Bibliotheca Islamica<\/a> (ohne Embargo)<\/li>\n<li><a href=\"https:\/\/opac.lbs-halle.gbv.de\/DB=1\/SET=2\/TTL=1\/FAM?PPN=886056810\">Beiruter Texte und Studien<\/a> (ein Jahr Embargo)<\/li>\n<\/ul>\n<h3>Orient-Institut Istanbul (OII)<\/h3>\n<p>Serien des <a href=\"http:\/\/www.oiist.org\/\">OII<\/a> auf MENAdoc:<\/p>\n<ul>\n<li><a href=\"https:\/\/opac.lbs-halle.gbv.de\/DB=1\/SET=11\/TTL=1\/FAM?PPN=865906890\">Istanbuler Texte und Studien<\/a> (3 Jahre Embargo)<\/li>\n<li><a href=\"https:\/\/opac.lbs-halle.gbv.de\/DB=1\/SET=4\/TTL=1\/FAM?PPN=1009233963\">Memoria<\/a> (ohne Embargo)<\/li>\n<\/ul>\n<h3>Deutsche Morgenl\u00e4ndische Gesellschaft<\/h3>\n<ul>\n<li><a href=\"https:\/\/dx.doi.org\/10.25673\/111006\">Zeitschriften der Deutschen Morgenl\u00e4ndischen Gesellschaft (ZDMG)<\/a> (3 Jahre Embargo)<\/li>\n<\/ul>\n<h3>Isis Press Istanbul<\/h3>\n<p>Wir haben mit der Digitalisierung von Isis-Reihen wie Analecta Isisiana, VariaTurcica, Les cahiers du Bosphore und anderen aus den Jahren 1985\u20132005 begonnen.<\/p>\n<p><a href=\"https:\/\/www.menalib.de\/vifa\/menadoc\/isis-press-istanbul\/\">Details zu diesem Projekt inklusive Bibliographie&#8230;<\/a><\/p>\n<h3>Merian Center for Advanced Studies in the Maghreb<\/h3>\n<p>Die von MECAM herausgebrachten <a href=\"https:\/\/www.menalib.de\/vifa\/menadoc\/mecam-papers\/\">MECAM Papers<\/a> werden als digitale Open Access Erstver\u00f6ffentlichungen in jeweils drei Sprachen (Englisch, Franz\u00f6sisch &amp; Arabisch) in unserem Fachrepositorium bereitgestellt.<\/p>\n<h3>Diskussionspapiere \u2014 Wirtschaft, Gesellschaft und Geographie im Vorderen Orient<\/h3>\n<p>Die von Steffen Wippel herausgebrachten <a href=\"https:\/\/www.menalib.de\/vifa\/menadoc\/diskussionspapiere\/\">Diskussionspapiere &#8211; Wirtschaft, Gesellschaft und Geographie im Vorderen Orient<\/a> werden als digitale Open Access-Erstver\u00f6ffentlichungen in in unserem Fachrepositorium bereitgestellt.<\/p>\n<h3>SYRASP &#8212; The Prison Narratives of Assad\u2019s Syria: Voices, Texts, Publics<\/h3>\n<p><a href=\"https:\/\/www.menalib.de\/vifa\/menadoc\/syrasp\/\">SYRASP<\/a> verbindet die Disziplinen Literaturwissenschaft und Kulturanthropologie und erforscht zeitgen\u00f6ssische Narrative, Bilder, Praktiken in den sozialen Medien sowie kulturelle Praktiken im Zusammenhang mit Inhaftierung und erzwungenem Verschwinden in Syrien unter dem Assad-Regime (1970 bis heute). SYRASP ist vom Europ\u00e4ischen Forschungsrat (ERC) im Rahmen des Forschungs- und Innovationsprogramms Horizont 2020 der Europ\u00e4ischen Union (Finanzhilfevereinbarung Nr. 851393) gef\u00f6rdert und wird am <a href=\"https:\/\/www.forum-transregionale-studien.de\/startseite\" target=\"_blank\" rel=\"noopener noreferrer\">Forum Transregionale Studien<\/a> (Forum) im Rahmen des Forschungsprogramms <a href=\"https:\/\/www.eume-berlin.de\/startseite\" target=\"_blank\" rel=\"noopener noreferrer\">EUROPA IM NAHEN OSTEN \u2013 DER NAHE OSTEN IN EUROPA<\/a> (EUME) durchgef\u00fchrt.<\/p>\n<h2>Services zu MENAdoc<\/h2>\n<p>Laufende Schwerpunkte bilden die Digitalisierung vergriffener, aber immer noch forschungsrelevanter deutscher Sekund\u00e4rliteratur bis 1966 sowie die Zweitver\u00f6ffentlichung von rezenten Fachartikeln aus Zeitschriften und Sammelwerken.<\/p>\n<ul class=\"preview-grid\">\n<li><article id=\"post-8366\" class=\"preview post-8366 default\"><header class=\"entry-header\"><h3 class=\"entry-title\">Publizieren auf MENAdoc<\/h3><\/header><div class=\"entry-content\">Forschungsrelevante Texte zum Nahen Osten und zum Islam\r\nSeit 2016 bietet der FID Wissenschaftler*innen den kostenlosen Service, forschungsrelevante Texte zum Nahen Osten und ...<\/div><footer class=\"entry-meta\"><\/footer><a class=\"overlay\" href=\"https:\/\/blogs.urz.uni-halle.de\/menalib\/service\/publizieren-auf-menadoc\/\">more<\/a><\/article><\/li>\n<li><article id=\"post-11324\" class=\"preview post-11324 default\"><header class=\"entry-header\"><h3 class=\"entry-title\">Zweitver\u00f6ffentlichungen<\/h3><\/header><div class=\"entry-content\"><div class=\"image-container figure\" style=\"background-image: url(https:\/\/blogs.urz.uni-halle.de\/menalib\/files\/2021\/06\/wordcloud-svgomg-1.svg)\"><img src=\"https:\/\/blogs.urz.uni-halle.de\/menalib\/files\/2021\/06\/wordcloud-svgomg-1.svg\"><\/div>\r\nPublikationen im Open Access\r\nAuf diesen regelm\u00e4\u00dfig aktualisierten Seiten finden Sie alle Wissenschaftlerinnen und Wissenschaftler, die ihre Publikationen MENAdoc zur Zweitver\u00f6ffentlichung im Open Access ...<\/div><footer class=\"entry-meta\"><\/footer><a class=\"overlay\" href=\"https:\/\/blogs.urz.uni-halle.de\/menalib\/vifa\/menadoc\/zweitveroffentlichungen\/\">more<\/a><\/article><\/li>\n<li><article id=\"post-9306\" class=\"preview post-9306 default\"><header class=\"entry-header\"><h3 class=\"entry-title\">Digitalisierung vergriffener Werke<\/h3><\/header><div class=\"entry-content\"><div class=\"image-container figure\" style=\"background-image: url(https:\/\/blogs.urz.uni-halle.de\/menalib\/files\/2019\/04\/carl-brockelmann-arabische-grammatik-icon-420x432.png)\"><img src=\"https:\/\/blogs.urz.uni-halle.de\/menalib\/files\/2019\/04\/carl-brockelmann-arabische-grammatik-icon-420x432.png\"><\/div>Voraussetzungen\r\nWir digitalisieren \u00e4ltere deutsche Fachliteratur und machen diese auf unserem Fachrepositorium MENAdoc verf\u00fcgbar. F\u00fcr sogenannte \u201evergriffene Druckwerke\u201c ist eine Digitalisierung und Ver\u00f6ffentlichung ...<\/div><footer class=\"entry-meta\"><\/footer><a class=\"overlay\" href=\"https:\/\/blogs.urz.uni-halle.de\/menalib\/service\/digitalisierung-vergriffener-werke\/\">more<\/a><\/article><\/li>\n<\/ul>\n<h2>News zu MENAdoc<\/h2>\n<ul class=\"preview-grid\">\n<li><article id=\"post-11747\" class=\"preview post-11747 default\"><header class=\"entry-header\"><h3 class=\"entry-title\">Armenische Rarit\u00e4t im Open Access: \u201eBa\u1e59girk&#8216; haykazean lezowi\u201c<\/h3><\/header><div class=\"entry-content\">\r\nBedeutendes Nachschlagewerk\r\nDas W\u00f6rterbuch der armenischen Sprache \u201eBa\u1e59girk' haykazean lezowi\u201c von Mechitar von Sebaste ist ein grundlegendes Denkmal der armenischen Philologie.  ...<\/div><footer class=\"entry-meta\"><\/footer><a class=\"overlay\" href=\"https:\/\/blogs.urz.uni-halle.de\/menalib\/news\/virtuelle-fachbibliothek\/armenische-raritaet-im-open-access-ba%e1%b9%99girk-haykazean-lezowi\/\">more<\/a><\/article><\/li>\n<li><article id=\"post-10692\" class=\"preview post-10692 default\"><header class=\"entry-header\"><h3 class=\"entry-title\">Online-Besprechung zu MENAdoc<\/h3><\/header><div class=\"entry-content\">Der Orientwissenschaftler Torsten Wollina stellt im Online-Magazin HAZINE unsere Open-Access-Sammlung MENAdoc vor.\r\n\r\nUnter dem Titel \u201eYes, you should use MENAdoc and here\u2019s why and how\u201c beschreibt er detailliert, was das Repositorium f\u00fcr die internationale Fachwissenschaft zu bieten hat. ...<\/div><footer class=\"entry-meta\"><\/footer><a class=\"overlay\" href=\"https:\/\/blogs.urz.uni-halle.de\/menalib\/news\/virtuelle-fachbibliothek\/online-besprechung-zu-menadoc\/\">more<\/a><\/article><\/li>\n<li><article id=\"post-10665\" class=\"preview post-10665 default\"><header class=\"entry-header\"><h3 class=\"entry-title\">Imperiale Normen und lokale Realit\u00e4ten<\/h3><\/header><div class=\"entry-content\">Imperial Norms and Local Realities: The Ottoman Municipal Laws and the Municipality of Beirut (1860-1908)\r\nBand 105 der Beiruter Texte und Studien von ...<\/div><footer class=\"entry-meta\"><\/footer><a class=\"overlay\" href=\"https:\/\/blogs.urz.uni-halle.de\/menalib\/news\/virtuelle-fachbibliothek\/publikationen\/imperiale-normen-und-lokale-realitaeten\/\">more<\/a><\/article><\/li>\n<\/ul>\n<p><\/p>","protected":false},"excerpt":{"rendered":"&hellip; <a href=\"\" class=\"read-more\">Weiterlesen <\/a>","protected":false},"author":4226,"featured_media":6520,"parent":7843,"menu_order":0,"comment_status":"closed","ping_status":"closed","template":"sidebar-page.php","meta":{"ngg_post_thumbnail":0},"categories":[297],"tags":[305,384,405,403,208,404,406,151,89],"_links":{"self":[{"href":"https:\/\/blogs.urz.uni-halle.de\/menalib\/wp-json\/wp\/v2\/pages\/61"}],"collection":[{"href":"https:\/\/blogs.urz.uni-halle.de\/menalib\/wp-json\/wp\/v2\/pages"}],"about":[{"href":"https:\/\/blogs.urz.uni-halle.de\/menalib\/wp-json\/wp\/v2\/types\/page"}],"author":[{"embeddable":true,"href":"https:\/\/blogs.urz.uni-halle.de\/menalib\/wp-json\/wp\/v2\/users\/4226"}],"replies":[{"embeddable":true,"href":"https:\/\/blogs.urz.uni-halle.de\/menalib\/wp-json\/wp\/v2\/comments?post=61"}],"version-history":[{"count":13,"href":"https:\/\/blogs.urz.uni-halle.de\/menalib\/wp-json\/wp\/v2\/pages\/61\/revisions"}],"predecessor-version":[{"id":15647,"href":"https:\/\/blogs.urz.uni-halle.de\/menalib\/wp-json\/wp\/v2\/pages\/61\/revisions\/15647"}],"up":[{"embeddable":true,"href":"https:\/\/blogs.urz.uni-halle.de\/menalib\/wp-json\/wp\/v2\/pages\/7843"}],"wp:featuredmedia":[{"embeddable":true,"href":"https:\/\/blogs.urz.uni-halle.de\/menalib\/wp-json\/wp\/v2\/media\/6520"}],"wp:attachment":[{"href":"https:\/\/blogs.urz.uni-halle.de\/menalib\/wp-json\/wp\/v2\/media?parent=61"}],"wp:term":[{"taxonomy":"category","embeddable":true,"href":"https:\/\/blogs.urz.uni-halle.de\/menalib\/wp-json\/wp\/v2\/categories?post=61"},{"taxonomy":"post_tag","embeddable":true,"href":"https:\/\/blogs.urz.uni-halle.de\/menalib\/wp-json\/wp\/v2\/tags?post=61"}],"curies":[{"name":"wp","href":"https:\/\/api.w.org\/{rel}","templated":true}]}}