{"id":7843,"date":"2018-12-03T08:30:15","date_gmt":"2018-12-03T07:30:15","guid":{"rendered":"https:\/\/www.menalib.de\/?page_id=7843"},"modified":"2024-04-29T15:59:14","modified_gmt":"2024-04-29T13:59:14","slug":"vifa","status":"publish","type":"page","link":"https:\/\/blogs.urz.uni-halle.de\/menalib\/vifa\/","title":{"rendered":"Virtuelle Fachbibliothek"},"content":{"rendered":"<p><\/p>\n<div class=\"bigger-box k10plus\">\n<h2 class=\"entry-title\">Suche in MENAsearch<\/h2>\n<p><link rel=\"stylesheet\" id=\"k10plus-search-css\" href=https:\/\/blogs.urz.uni-halle.de\/menalib\/wp-content\/themes\/ulb_menalib\/css\/k10plus-search.css type=\"text\/css\" media=\"all\">\r\n<div class=\"external-search k10plus default\">\r\n      <form accept-charset=\"UTF-8\" action=\"https:\/\/halit.bibliothek.uni-halle.de\/search?l=menasearch&q=\" id=\"search_mena_frm\" method=\"post\" target=\"_blank\">\r\n            <input class=\"search\" id=\"search_mena_txt\" size=\"5\" type=\"text\" placeholder=\"Stichwort, Titel, Autor\">\r\n            <button id=\"search_menasearch\" class=\"search\">Suche<\/button>\r\n      <\/form>\r\n<\/div>\r\n<script>\r\ndocument.getElementById(\"search_menasearch\").addEventListener(\"click\", function () {\r\n      var search_mena_txt = document.getElementById(\"search_mena_txt\").value;\r\n      if (search_mena_txt.length == 0) { return; }\r\n\/\/      const reqUrl = \"https:\/\/halit.bibliothek.uni-halle.de\/search?l=menasearch&q=\" + search_mena_txt + \"\/\" + \"g=g4\";\r\n      const reqUrl = \"https:\/\/halit.bibliothek.uni-halle.de\/search?l=menasearch&q=\" + search_mena_txt;\r\n      document.getElementById(\"search_mena_frm\").action = reqUrl;\r\n  })\r\n<\/script><br \/>\n<a class=\"transliterationen-link\" href=\"https:\/\/www.menalib.de\/service\/hinweise-zu-transliterationen\/\">Hinweise zu Transliterationen<\/a><\/p>\n<details>\n<summary>Welche Best\u00e4nde werden durchsucht?<\/summary>\n<h3>Die Suchanfrage liefert Resultate aus folgenden Bibliotheken mit bedeutenden Best\u00e4nden f\u00fcr die Nahost- und Islamwissenschaft:<\/h3>\n<ul>\n<li><a href=\"https:\/\/bibliothek.uni-halle.de\/\">ULB Sachsen-Anhalt<\/a><\/li>\n<li><a href=\"https:\/\/www.ub.uni-tuebingen.de\/\">UB T\u00fcbingen<\/a><\/li>\n<li><a href=\"https:\/\/www.sub.uni-goettingen.de\">SUB G\u00f6ttingen<\/a><\/li>\n<li><a href=\"https:\/\/staatsbibliothek-berlin.de\/\">SBB zu Berlin<\/a><\/li>\n<li><a href=\"https:\/\/www.sub.uni-hamburg.de\">SUB Hamburg<\/a><\/li>\n<li><a href=\"https:\/\/www.thulb.uni-jena.de\/\">ThULB Jena<\/a><\/li>\n<li><a href=\"https:\/\/www.ub.uni-freiburg.de\/\">UB Freiburg<\/a><\/li>\n<li><a href=\"https:\/\/www.ub.uni-heidelberg.de\/\">UB Heidelberg<\/a><\/li>\n<li><a href=\"https:\/\/www.ub.uni-leipzig.de\/\">UB Leipzig<\/a><\/li>\n<li><a href=\"https:\/\/www.zmo.de\/bibliothek\">Zentrum Moderner Orient, Berlin<\/a> (Pr\u00e4senzbibliothek)<\/li>\n<li><a href=\"https:\/\/www.orient-institut.org\/library\/\">Orient-Institut Beirut<\/a> (keine Fernleihe)<\/li>\n<li><a href=\"https:\/\/www.oiist.org\/bibliothek\/\">Orient-Institut Istanbul<\/a> (keine Fernleihe)<\/li>\n<\/ul>\n<\/details>\n<\/div>\n<ul class=\"preview-grid\">\n<li><article id=\"post-39\" class=\"preview post-39 default\"><header class=\"entry-header\"><h2 class=\"entry-title\">Systematik des FID<\/h2><\/header><div class=\"entry-content\"><div class=\"image-container figure\" style=\"background-image: url(https:\/\/blogs.urz.uni-halle.de\/menalib\/files\/2019\/05\/systematik.svg)\"><img src=\"https:\/\/blogs.urz.uni-halle.de\/menalib\/files\/2019\/05\/systematik.svg\"><\/div>Das Erwerbungsspektrum des FID nach Themen und Regionen\r\n\r\n \tAllgemeines\r\n \tIslamwissenschaft\r\n \tRegionen, Staaten und V\u00f6lker\r\n \tSprachen und Literaturen\r\n\r\n ...<\/div><footer class=\"entry-meta\"><\/footer><a class=\"overlay\" href=\"https:\/\/blogs.urz.uni-halle.de\/menalib\/vifa\/systematik-des-fid-nahost-nordafrika-und-islamstudien\/\">more<\/a><\/article><\/li>\n<li><article id=\"post-61\" class=\"preview post-61 default\"><header class=\"entry-header\"><h2 class=\"entry-title\">MENAdoc<\/h2><\/header><div class=\"entry-content\"><div class=\"image-container figure\" style=\"background-image: url(https:\/\/blogs.urz.uni-halle.de\/menalib\/files\/2018\/05\/wehr-dictionary-420x276.png)\"><img src=\"https:\/\/blogs.urz.uni-halle.de\/menalib\/files\/2018\/05\/wehr-dictionary-420x276.png\"><\/div>\r\nMENAdoc durchsuchen\r\n\r\n\r\n\r\n\u00dcber das Portal MENAdoc bietet unser Fachinformationsdienst weltweit freien Zugang zu einer Vielzahl von digitalen Quellen und Ver\u00f6ffentlichungen mit Bezug zur MENA-Region und dem Islam. Hier finden Sie Klassiker der orientwissenschaftlichen F\u00e4cher wie auch aktuelle Beitr\u00e4ge aus der Forschung, die Sie im Open Access lesen oder als PDF speichern k\u00f6nnen.\r\n\r\nAlle Titel sind mit einem Permalink ausgestattet und somit dauerhaft referenzierbar sowie in \u00fcberregionalen Katalogen nachgewiesen. ...<\/div><footer class=\"entry-meta\"><\/footer><a class=\"overlay\" href=\"https:\/\/blogs.urz.uni-halle.de\/menalib\/vifa\/menadoc\/\">more<\/a><\/article><\/li>\n<li><article id=\"post-5785\" class=\"preview post-5785 default\"><header class=\"entry-header\"><h2 class=\"entry-title\">FID-Lizenzen<\/h2><\/header><div class=\"entry-content\"><div class=\"image-container figure\" style=\"background-image: url(https:\/\/blogs.urz.uni-halle.de\/menalib\/files\/2021\/09\/digital-licences-logo.svg)\"><img src=\"https:\/\/blogs.urz.uni-halle.de\/menalib\/files\/2021\/09\/digital-licences-logo.svg\"><\/div>Der Fachinformationsdienst Nahost-, Nordafrika- und Islamstudien erm\u00f6glicht der Fachwissenschaft deutschlandweit Zugang zu lizenzpflichtigen elektronischen Produkten wie Datenbanken, E-Books und E-Zeitschriften.  ...<\/div><footer class=\"entry-meta\"><\/footer><a class=\"overlay\" href=\"https:\/\/blogs.urz.uni-halle.de\/menalib\/vifa\/fid-lizenzen\/\">more<\/a><\/article><\/li>\n<li><article id=\"post-825\" class=\"preview post-825 default\"><header class=\"entry-header\"><h2 class=\"entry-title\">Neuerwerbungen<\/h2><\/header><div class=\"entry-content\"><div class=\"image-container figure\" style=\"background-image: url(https:\/\/blogs.urz.uni-halle.de\/menalib\/files\/2019\/06\/fid-new-acquisitions-420x298.png)\"><img src=\"https:\/\/blogs.urz.uni-halle.de\/menalib\/files\/2019\/06\/fid-new-acquisitions-420x298.png\"><\/div>Monthly updated lists of FID-acquisitions sorted by topics and regions with links to the catalogue  ...<\/div><footer class=\"entry-meta\"><\/footer><a class=\"overlay\" href=\"https:\/\/blogs.urz.uni-halle.de\/menalib\/vifa\/neuerwerbungen\/\">more<\/a><\/article><\/li>\n<li><article id=\"post-9454\" class=\"preview post-9454 default\"><header class=\"entry-header\"><h2 class=\"entry-title\">Katalogsuche<\/h2><\/header><div class=\"entry-content\"><div class=\"image-container figure\" style=\"background-image: url(https:\/\/blogs.urz.uni-halle.de\/menalib\/files\/2019\/06\/gvk-gbv-logo.svg)\"><img src=\"https:\/\/blogs.urz.uni-halle.de\/menalib\/files\/2019\/06\/gvk-gbv-logo.svg\"><\/div>\r\nSuche im gemeinsamen Verbundkatalog (GVK)\r\n\r\nHinweise zu Transliterationen\r\n\r\nWelche Best\u00e4nde werden durchsucht?\r\nDie Suchanfrage liefert Resultate aus folgenden Bibliotheken mit bedeutenden Best\u00e4nden f\u00fcr die Nahost- ...<\/div><footer class=\"entry-meta\"><\/footer><a class=\"overlay\" href=\"https:\/\/blogs.urz.uni-halle.de\/menalib\/vifa\/gvk-suche\/\">more<\/a><\/article><\/li>\n<li><article id=\"post-5724\" class=\"preview post-5724 default\"><header class=\"entry-header\"><h2 class=\"entry-title\">Fachbibliographien<\/h2><\/header><div class=\"entry-content\"><div class=\"image-container figure\" style=\"background-image: url(https:\/\/blogs.urz.uni-halle.de\/menalib\/files\/2018\/07\/badr-al-din-al-shibli-akam-al-marjan-420x396.png)\"><img src=\"https:\/\/blogs.urz.uni-halle.de\/menalib\/files\/2018\/07\/badr-al-din-al-shibli-akam-al-marjan-420x396.png\"><\/div>Hier entstehen zu den verschiedenen, von unserem FID betreuten Disziplinen detaillierte fachspezifische Beschreibungen der Literaturbest\u00e4nde, die von der ULB Sachsen-Anhalt (und anderen ...<\/div><footer class=\"entry-meta\"><\/footer><a class=\"overlay\" href=\"https:\/\/blogs.urz.uni-halle.de\/menalib\/vifa\/fachbibliographien\/\">more<\/a><\/article><\/li>\n<li><article id=\"post-12121\" class=\"preview post-12121 default\"><header class=\"entry-header\"><h2 class=\"entry-title\">Freie Zeitungen und Zeitschriften<\/h2><\/header><div class=\"entry-content\">Auf dieser Seite verweisen wir in loser Reihenfolge auf Open Access und andere freie Online-Quellen von Zeitungen und Zeitschriften.\r\n\r\nHierbei handelt es sich um Angebote, die wir als besonders wertvoll f\u00fcr unsere Fachcommunity betrachten. ...<\/div><footer class=\"entry-meta\"><\/footer><a class=\"overlay\" href=\"https:\/\/blogs.urz.uni-halle.de\/menalib\/vifa\/freie-zeitungen-und-zeitschriften\/\">more<\/a><\/article><\/li>\n<li><article id=\"post-1209\" class=\"preview post-1209 default\"><header class=\"entry-header\"><h2 class=\"entry-title\"><\/h2><\/header><div class=\"entry-content\"> ...<\/div><footer class=\"entry-meta\"><\/footer><a class=\"overlay\" href=\"\">more<\/a><\/article><\/li>\n<\/ul>\n<p><\/p>","protected":false},"excerpt":{"rendered":"&hellip; <a href=\"\" class=\"read-more\">Weiterlesen <\/a>","protected":false},"author":4226,"featured_media":0,"parent":0,"menu_order":0,"comment_status":"closed","ping_status":"closed","template":"","meta":{"ngg_post_thumbnail":0},"categories":[],"tags":[],"_links":{"self":[{"href":"https:\/\/blogs.urz.uni-halle.de\/menalib\/wp-json\/wp\/v2\/pages\/7843"}],"collection":[{"href":"https:\/\/blogs.urz.uni-halle.de\/menalib\/wp-json\/wp\/v2\/pages"}],"about":[{"href":"https:\/\/blogs.urz.uni-halle.de\/menalib\/wp-json\/wp\/v2\/types\/page"}],"author":[{"embeddable":true,"href":"https:\/\/blogs.urz.uni-halle.de\/menalib\/wp-json\/wp\/v2\/users\/4226"}],"replies":[{"embeddable":true,"href":"https:\/\/blogs.urz.uni-halle.de\/menalib\/wp-json\/wp\/v2\/comments?post=7843"}],"version-history":[{"count":11,"href":"https:\/\/blogs.urz.uni-halle.de\/menalib\/wp-json\/wp\/v2\/pages\/7843\/revisions"}],"predecessor-version":[{"id":14670,"href":"https:\/\/blogs.urz.uni-halle.de\/menalib\/wp-json\/wp\/v2\/pages\/7843\/revisions\/14670"}],"wp:attachment":[{"href":"https:\/\/blogs.urz.uni-halle.de\/menalib\/wp-json\/wp\/v2\/media?parent=7843"}],"wp:term":[{"taxonomy":"category","embeddable":true,"href":"https:\/\/blogs.urz.uni-halle.de\/menalib\/wp-json\/wp\/v2\/categories?post=7843"},{"taxonomy":"post_tag","embeddable":true,"href":"https:\/\/blogs.urz.uni-halle.de\/menalib\/wp-json\/wp\/v2\/tags?post=7843"}],"curies":[{"name":"wp","href":"https:\/\/api.w.org\/{rel}","templated":true}]}}