{"id":8129,"date":"2019-01-14T16:36:35","date_gmt":"2019-01-14T15:36:35","guid":{"rendered":"https:\/\/www.menalib.de\/?page_id=8129"},"modified":"2024-11-20T15:58:51","modified_gmt":"2024-11-20T14:58:51","slug":"community","status":"publish","type":"page","link":"https:\/\/blogs.urz.uni-halle.de\/menalib\/community\/","title":{"rendered":"Community"},"content":{"rendered":"<ul class=\"preview-grid\">\n<li><article id=\"post-87\" class=\"preview post-87 default\"><header class=\"entry-header\"><h2 class=\"entry-title\">Newsletter<\/h2><\/header><div class=\"entry-content\"><div class=\"image-container figure\" style=\"background-image: url(https:\/\/blogs.urz.uni-halle.de\/menalib\/files\/2020\/04\/newsletter-2020-420x448.png)\"><img src=\"https:\/\/blogs.urz.uni-halle.de\/menalib\/files\/2020\/04\/newsletter-2020-420x448.png\"><\/div>Was wir aktuell f\u00fcr Sie tun, erfahren Sie kurz zusammengefasst in unserem Newsletter.\r\n\r\nHier k\u00f6nnen Sie Ihn abonnieren, abbestellen und alte Ausgaben im Archiv nachlesen.\r\n\r\nDer&nbsp;Newsletter erscheint im Abstand von 2 Monaten. ...<\/div><footer class=\"entry-meta\"><\/footer><a class=\"overlay\" href=\"https:\/\/blogs.urz.uni-halle.de\/menalib\/community\/newsletter\/\">more<\/a><\/article><\/li>\n<li><article id=\"post-8545\" class=\"preview post-8545 default\"><header class=\"entry-header\"><h2 class=\"entry-title\">Roadshows, Pr\u00e4sentationen und Workshops<\/h2><\/header><div class=\"entry-content\"><div class=\"image-container figure\" style=\"background-image: url(https:\/\/blogs.urz.uni-halle.de\/menalib\/files\/2019\/05\/fid-roadshows-icon-420x505.png)\"><img src=\"https:\/\/blogs.urz.uni-halle.de\/menalib\/files\/2019\/05\/fid-roadshows-icon-420x505.png\"><\/div>Der FID vor Ort oder virtuell\r\nWir pr\u00e4sentieren die Vorz\u00fcge des Fachinformationsdienstes Nahost- Nordafrika- und Islamstudien f\u00fcr Ihre wissenschaftliche Arbeit.  ...<\/div><footer class=\"entry-meta\"><\/footer><a class=\"overlay\" href=\"https:\/\/blogs.urz.uni-halle.de\/menalib\/community\/roadshows\/\">more<\/a><\/article><\/li>\n<li><article id=\"post-8142\" class=\"preview post-8142 default\"><header class=\"entry-header\"><h2 class=\"entry-title\"><\/h2><\/header><div class=\"entry-content\"> ...<\/div><footer class=\"entry-meta\"><\/footer><a class=\"overlay\" href=\"\">more<\/a><\/article><\/li>\n<li><article id=\"post-14830\" class=\"preview post-14830 default\"><header class=\"entry-header\"><h2 class=\"entry-title\">Mastodon<\/h2><\/header><div class=\"entry-content\"><div class=\"image-container figure\" style=\"background-image: url(https:\/\/blogs.urz.uni-halle.de\/menalib\/files\/2024\/07\/logo-menalib-in-circle-en-420x420.png)\"><img src=\"https:\/\/blogs.urz.uni-halle.de\/menalib\/files\/2024\/07\/logo-menalib-in-circle-en-420x420.png\"><\/div>Folgen Sie uns auf Mastodon!\r\nDer FID Nahost ist auch im Fediverse unterwegs und tr\u00f6tet dort \u00fcber die neusten Erwerbungen, Open Access Angebote, ...<\/div><footer class=\"entry-meta\"><\/footer><a class=\"overlay\" href=\"https:\/\/blogs.urz.uni-halle.de\/menalib\/community\/mastodon\/\">more<\/a><\/article><\/li>\n<li><article id=\"post-8667\" class=\"preview post-8667 default\"><header class=\"entry-header\"><h2 class=\"entry-title\">Umfragen<\/h2><\/header><div class=\"entry-content\"><div class=\"image-container figure\" style=\"background-image: url(https:\/\/blogs.urz.uni-halle.de\/menalib\/files\/2019\/03\/was-sind-die-spezifika-von-orientwissenschaftlichen-forschungsdaten.svg)\"><img src=\"https:\/\/blogs.urz.uni-halle.de\/menalib\/files\/2019\/03\/was-sind-die-spezifika-von-orientwissenschaftlichen-forschungsdaten.svg\"><\/div>Umfragen helfen uns bei der Entscheidung \u00fcber die Anschaffung oder Lizensierung von Literatur und bei der Beteitstellung relevater Informationen. Damit k\u00f6nnen wir unseren Service am Bedarf der Forschung ausrichten.  ...<\/div><footer class=\"entry-meta\"><\/footer><a class=\"overlay\" href=\"https:\/\/blogs.urz.uni-halle.de\/menalib\/community\/umfragen\/\">more<\/a><\/article><\/li>\n<li><article id=\"post-11642\" class=\"preview post-11642 default\"><header class=\"entry-header\"><h2 class=\"entry-title\">Projekte<\/h2><\/header><div class=\"entry-content\"><div class=\"image-container figure\" style=\"background-image: url(https:\/\/blogs.urz.uni-halle.de\/menalib\/files\/2021\/02\/projekte-symbolbild-420x341.png)\"><img src=\"https:\/\/blogs.urz.uni-halle.de\/menalib\/files\/2021\/02\/projekte-symbolbild-420x341.png\"><\/div>\r\n\r\n        \r\n\r\n \t\r\n \t\r\n \t\r\n ...<\/div><footer class=\"entry-meta\"><\/footer><a class=\"overlay\" href=\"https:\/\/blogs.urz.uni-halle.de\/menalib\/community\/projekte\/\">more<\/a><\/article><\/li>\n<\/ul>","protected":false},"excerpt":{"rendered":"&hellip; <a href=\"\" class=\"read-more\">Weiterlesen <\/a>","protected":false},"author":4226,"featured_media":0,"parent":0,"menu_order":0,"comment_status":"closed","ping_status":"closed","template":"","meta":{"ngg_post_thumbnail":0},"categories":[],"tags":[],"_links":{"self":[{"href":"https:\/\/blogs.urz.uni-halle.de\/menalib\/wp-json\/wp\/v2\/pages\/8129"}],"collection":[{"href":"https:\/\/blogs.urz.uni-halle.de\/menalib\/wp-json\/wp\/v2\/pages"}],"about":[{"href":"https:\/\/blogs.urz.uni-halle.de\/menalib\/wp-json\/wp\/v2\/types\/page"}],"author":[{"embeddable":true,"href":"https:\/\/blogs.urz.uni-halle.de\/menalib\/wp-json\/wp\/v2\/users\/4226"}],"replies":[{"embeddable":true,"href":"https:\/\/blogs.urz.uni-halle.de\/menalib\/wp-json\/wp\/v2\/comments?post=8129"}],"version-history":[{"count":10,"href":"https:\/\/blogs.urz.uni-halle.de\/menalib\/wp-json\/wp\/v2\/pages\/8129\/revisions"}],"predecessor-version":[{"id":15254,"href":"https:\/\/blogs.urz.uni-halle.de\/menalib\/wp-json\/wp\/v2\/pages\/8129\/revisions\/15254"}],"wp:attachment":[{"href":"https:\/\/blogs.urz.uni-halle.de\/menalib\/wp-json\/wp\/v2\/media?parent=8129"}],"wp:term":[{"taxonomy":"category","embeddable":true,"href":"https:\/\/blogs.urz.uni-halle.de\/menalib\/wp-json\/wp\/v2\/categories?post=8129"},{"taxonomy":"post_tag","embeddable":true,"href":"https:\/\/blogs.urz.uni-halle.de\/menalib\/wp-json\/wp\/v2\/tags?post=8129"}],"curies":[{"name":"wp","href":"https:\/\/api.w.org\/{rel}","templated":true}]}}