{"id":89,"date":"2016-03-09T11:41:58","date_gmt":"2016-03-09T10:41:58","guid":{"rendered":"http:\/\/localhost\/wordpress\/?page_id=89"},"modified":"2025-08-20T15:25:25","modified_gmt":"2025-08-20T13:25:25","slug":"kontakt","status":"publish","type":"page","link":"https:\/\/blogs.urz.uni-halle.de\/menalib\/about\/kontakt\/","title":{"rendered":"Kontakt"},"content":{"rendered":"<p><\/p>\n<h2 id=\"anschrift\">Anschrift<\/h2>\n<p>Fachinformationsdienst Nahost-, Nordafrika- und Islamstudien<br \/>\nZweigbibliothek Vorderer Orient \/ Ethnologie<br \/>\n<a href=\"https:\/\/bibliothek.uni-halle.de\/\">Universit\u00e4ts- und Landesbibliothek Sachsen-Anhalt<\/a><br \/>\nM\u00fchlweg 15<br \/>\n06114 Halle (Saale)<br \/>\nDeutschland<!--more--><\/p>\n<p>Wenn Sie von au\u00dferhalb kommen und unsere Bibliothek besuchen und unsere Best\u00e4nde ansehen m\u00f6chten, melden Sie sich bitte bei der <a href=\"https:\/\/bibliothek.uni-halle.de\/nutzen-besuchen\/auskunft-hilfe\/\">Auskunft der ULB<\/a> an und schreiben eine <a href=\"mail&#116;&#111;&#58;&#109;&#101;&#x6e;&#x61;&#x6c;&#x69;&#x62;&#x40;&#x62;ibli&#111;&#116;&#104;&#101;&#107;&#x2e;&#x75;&#x6e;&#x69;&#x2d;&#x68;&#x61;&#x6c;le&#46;d&#101;\">Mail an den FID<\/a>.<\/p>\n<p>Sie wollen mehr \u00fcber den Standort des FID erfahren? <a href=\"https:\/\/www.menalib.de\/about\/der-standort-des-fid-nahost\/\">Hier finden Sie Informationen dazu.<\/a><\/p>\n<p><!-- [iframe src=\"https:\/\/www.google.com\/maps\/embed?pb=!1m14!1m8!1m3!1d4968.116123142509!2d11.96358!3d51.493802!3m2!1i1024!2i768!4f13.1!3m3!1m2!1s0x47a67caa8db31243%3A0xa3c48bf1957328a2!2sM%C3%BChlweg+15%2C+06114+Halle+(Saale)!5e0!3m2!1sen!2sde!4v1530628685145\" width=\"100%\" height=\"400\" class=\"google-map contact\"] --><br \/>\n<iframe border=\"0\" src=\"https:\/\/www.openstreetmap.org\/export\/embed.html?bbox=11.956214904785158%2C51.490201736015855%2C11.971020698547363%2C51.49736244799161&amp;layer=mapnik&amp;marker=51.4937822326078%2C11.96361780166626\" width=\"100%\" height=\"750\" class=\"google-map contact\" allowfullscreen><\/iframe><br \/>\n<a href=\"https:\/\/www.openstreetmap.org\/?mlat=51.49373&amp;mlon=11.96380#map=17\/51.49373\/11.96380\">Gr\u00f6\u00dfere Karte anzeigen<\/a><\/p>\n<p>&nbsp;<\/p>\n<h2>Ansprechpartner<\/h2>\n<h3 id=\"berghaus-sprengel\">Anke Berghaus-Sprengel<\/h3>\n<p>Leiterin des FID<br \/>\nTelefon: +49 345 55 22000<br \/>\nFax: +49 345 55 27140<br \/>\nE-Mail: <a href=\"mai&#108;&#116;&#111;&#x3a;&#x61;&#x6e;&#x6b;&#x65;&#x2e;ber&#103;&#104;&#97;&#117;&#x73;&#x2d;&#x73;&#x70;&#x72;&#x65;nge&#108;&#64;&#98;&#x69;&#x62;&#x6c;&#x69;&#x6f;&#x74;hek&#46;&#117;&#110;&#105;&#x2d;&#x68;&#x61;&#x6c;&#x6c;&#x65;&#46;de\">&#97;n&#x6b;e&#x2e;&#98;&#x65;&#114;&#x67;&#104;a&#x75;s&#x2d;&#115;&#x70;&#114;&#x65;&#110;&#x67;&#101;l&#x40;b&#x69;&#98;&#x6c;&#105;&#x6f;&#116;h&#x65;k&#x2e;&#117;&#x6e;&#105;&#x2d;&#104;&#x61;&#108;l&#x65;&#46;&#x64;&#101;<\/a><\/p>\n<h3 id=\"adam\">Dr. Volker Adam<\/h3>\n<p>Operativer Leiter des FID<br \/>\nFachreferent Turkologie, Kaukasiologie und Islamwissenschaft<br \/>\nForschungsdaten<br \/>\nTelefon: +49 345 55 22132<br \/>\nFax: +49 345 55 27320<br \/>\nE-Mail: <a href=\"&#x6d;&#x61;&#x69;&#x6c;&#x74;&#111;&#58;&#118;&#111;lke&#x72;&#x2e;&#x61;&#x64;&#x61;&#x6d;&#64;&#98;&#105;bli&#x6f;&#x74;&#x68;&#x65;&#x6b;&#x2e;&#117;&#110;&#105;&#45;hal&#x6c;&#x65;&#x2e;&#x64;&#x65;\">volk&#101;&#114;&#46;&#97;&#100;&#x61;&#x6d;&#x40;&#x62;&#x69;&#x62;&#x6c;ioth&#101;&#107;&#46;&#117;&#110;&#x69;&#x2d;&#x68;&#x61;&#x6c;&#x6c;&#x65;&#x2e;de<\/a><\/p>\n<h3 id=\"reich\">Susanne Reich<\/h3>\n<p>Fachreferentin Arabistik und Islamwissenschaft<br \/>\nTelefon: +49 345 55 22137<br \/>\nFax: +49 345 55 27320<br \/>\nE-Mail: <a href=\"&#109;&#x61;i&#108;&#x74;o&#x3a;&#x73;&#117;&#x73;a&#110;&#x6e;e&#46;&#x72;&#101;&#x69;c&#104;&#x40;b&#105;&#x62;&#108;&#x69;&#x6f;&#116;&#x68;e&#107;&#x2e;u&#x6e;&#x69;&#45;&#x68;a&#108;&#x6c;e&#46;&#x64;&#101;\">&#115;u&#x73;a&#x6e;n&#x65;&#46;&#x72;&#101;&#x69;&#99;&#x68;&#64;&#x62;&#105;b&#108;i&#x6f;t&#x68;e&#x6b;&#46;&#x75;&#110;&#x69;&#45;&#x68;&#97;&#x6c;&#108;e&#46;d&#x65;<\/a><\/p>\n<h3 id=\"zanganeh\">Reza Zanganeh<\/h3>\n<p>Fachreferent Iranistik und Islamwissenschaft<br \/>\nTelefon: +49 345 55 22131<br \/>\nFax: +49 345 55 27320<br \/>\nE-Mail: <a href=\"&#x6d;&#x61;&#105;&#108;to&#x3a;&#x72;&#x65;&#122;a&#46;&#x7a;&#x61;&#x6e;&#103;&#97;n&#x65;&#x68;&#x40;&#98;&#105;b&#x6c;&#x69;&#x6f;&#116;&#104;ek&#x2e;&#x75;&#x6e;&#105;-h&#x61;&#x6c;&#x6c;&#101;&#46;d&#x65;\">&#114;&#x65;z&#97;&#x2e;z&#97;&#x6e;g&#x61;&#x6e;&#101;&#x68;&#64;&#98;&#x69;b&#108;&#x69;o&#x74;&#x68;&#101;&#x6b;&#x2e;&#117;&#x6e;i&#45;&#x68;a&#108;&#x6c;e&#x2e;&#x64;&#101;<\/a><\/p>\n<h3 id=\"guhlmann\">Laila Guhlmann<\/h3>\n<p>Fachreferentin Bibliothek der Deutschen Morgenl\u00e4ndischen Gesellschaft (DMG)<br \/>\nTelefon: +49 345 55 22043<br \/>\nFax: +49 345 55 27320<br \/>\nE-Mail: <a href=\"&#x6d;&#x61;&#105;l&#x74;&#x6f;&#58;&#108;a&#x69;&#x6c;&#97;&#46;g&#x75;&#x68;&#108;ma&#x6e;&#x6e;&#64;b&#x69;&#x62;&#108;&#105;o&#x74;&#x68;&#101;&#107;&#46;&#x75;&#x6e;&#105;-h&#x61;&#x6c;&#108;e&#x2e;&#x64;&#101;\">&#x6c;&#x61;&#105;l&#x61;&#x2e;&#103;uh&#x6c;&#x6d;&#97;n&#x6e;&#x40;&#98;&#105;b&#x6c;&#x69;&#111;t&#x68;&#x65;&#107;&#46;u&#x6e;&#x69;&#45;h&#x61;&#x6c;&#108;&#101;&#46;&#x64;&#x65;<\/a><\/p>\n<h3 id=\"jeschke\">Dr. Josef Peter Jeschke<\/h3>\n<p>MENAdoc-Fachrepositorium, Publikationsserver und Urheberrecht<br \/>\nTelefon: +49 345 55 22133<br \/>\nFax: +49 345 55 27320<br \/>\nE-Mail: <a href=\"&#109;&#x61;&#105;&#x6c;t&#x6f;:&#106;&#x6f;&#115;&#x65;f&#x2d;p&#101;&#x74;&#101;&#x72;&#46;&#x6a;e&#115;&#x63;&#104;&#x6b;e&#x40;b&#105;&#x62;&#108;&#x69;o&#x74;h&#101;&#x6b;&#46;&#x75;n&#x69;-&#104;&#x61;&#108;&#x6c;e&#x2e;d&#101;\">&#x6a;&#x6f;&#115;&#101;f&#x2d;&#x70;&#x65;&#116;&#101;r&#x2e;&#x6a;&#x65;&#115;&#99;h&#x6b;&#x65;&#x40;&#98;&#105;b&#x6c;&#x69;&#x6f;&#116;he&#x6b;&#x2e;&#x75;&#110;i-&#x68;&#x61;&#108;&#108;e&#46;&#x64;&#x65;<\/a><\/p>\n<h3 id=\"n\u00f6tzel\">Swantje N\u00f6tzel<\/h3>\n<p>Projektmitarbeiterin IT<br \/>\nTelefon: +49 345 55 22006<br \/>\nFax: +49 345 55 27320<br \/>\nE-Mail: <a href=\"&#109;a&#105;l&#116;o&#x3a;s&#x77;a&#x6e;t&#x6a;e&#x2e;n&#x6f;e&#x74;z&#x65;l&#x40;b&#x69;&#98;&#x6c;&#105;&#x6f;&#116;&#x68;&#101;&#x6b;&#46;&#x75;&#110;&#x69;&#45;&#x68;&#97;&#x6c;&#108;&#x65;&#46;&#x64;&#101;\">&#x73;&#x77;&#x61;&#110;&#116;&#106;e&#46;&#x6e;&#x6f;&#x65;&#x74;&#122;&#101;l&#64;&#x62;&#x69;&#x62;&#x6c;&#105;&#111;th&#x65;&#x6b;&#x2e;&#x75;&#110;&#105;&#45;ha&#x6c;&#x6c;&#x65;&#x2e;&#100;&#101;<\/a><\/p>\n<h3 id=\"buttar\">Maida Farooq Buttar<\/h3>\n<p>\u00d6ffentlichkeitsarbeit &amp; Lizenzen<br \/>\nTelefon: +49 345 55 22096<br \/>\nFax: +49 345 55 27320<br \/>\nE-Mail: <a href=\"mailto:maida&#45;&#102;&#97;&#114;&#111;&#111;&#113;&#46;&#98;&#117;&#116;&#116;&#97;&#114;&#64;&#x62;&#x69;&#x62;&#x6c;&#x69;&#x6f;&#x74;&#x68;&#x65;&#x6b;&#x2e;&#x75;&#x6e;&#x69;&#x2d;&#x68;&#x61;&#x6c;&#x6c;&#x65;&#x2e;&#x64;&#x65;\">&#x6d;&#97;i&#x64;&#x61;&#45;f&#x61;&#114;o&#x6f;&#x71;&#46;b&#x75;&#116;t&#x61;&#x72;&#64;b&#x69;&#x62;&#108;&#x69;&#x6f;&#116;h&#x65;&#x6b;&#46;u&#x6e;&#105;-&#x68;&#x61;&#108;l&#x65;&#46;d&#x65;<\/a><\/p>","protected":false},"excerpt":{"rendered":"So kommen Sie zu unserer Zweigbibliothek und finden die richtigen Ansprechpartner beim Fachinformationsdienst Nahost-, Nordafrika- und Islamstudien <a href=\"https:\/\/blogs.urz.uni-halle.de\/menalib\/about\/kontakt\/\">Weiterlesen <span class=\"meta-nav\">&rarr;<\/span><\/a>","protected":false},"author":4226,"featured_media":7976,"parent":12,"menu_order":0,"comment_status":"closed","ping_status":"closed","template":"sidebar-page.php","meta":{"ngg_post_thumbnail":0},"categories":[],"tags":[],"_links":{"self":[{"href":"https:\/\/blogs.urz.uni-halle.de\/menalib\/wp-json\/wp\/v2\/pages\/89"}],"collection":[{"href":"https:\/\/blogs.urz.uni-halle.de\/menalib\/wp-json\/wp\/v2\/pages"}],"about":[{"href":"https:\/\/blogs.urz.uni-halle.de\/menalib\/wp-json\/wp\/v2\/types\/page"}],"author":[{"embeddable":true,"href":"https:\/\/blogs.urz.uni-halle.de\/menalib\/wp-json\/wp\/v2\/users\/4226"}],"replies":[{"embeddable":true,"href":"https:\/\/blogs.urz.uni-halle.de\/menalib\/wp-json\/wp\/v2\/comments?post=89"}],"version-history":[{"count":11,"href":"https:\/\/blogs.urz.uni-halle.de\/menalib\/wp-json\/wp\/v2\/pages\/89\/revisions"}],"predecessor-version":[{"id":15607,"href":"https:\/\/blogs.urz.uni-halle.de\/menalib\/wp-json\/wp\/v2\/pages\/89\/revisions\/15607"}],"up":[{"embeddable":true,"href":"https:\/\/blogs.urz.uni-halle.de\/menalib\/wp-json\/wp\/v2\/pages\/12"}],"wp:featuredmedia":[{"embeddable":true,"href":"https:\/\/blogs.urz.uni-halle.de\/menalib\/wp-json\/wp\/v2\/media\/7976"}],"wp:attachment":[{"href":"https:\/\/blogs.urz.uni-halle.de\/menalib\/wp-json\/wp\/v2\/media?parent=89"}],"wp:term":[{"taxonomy":"category","embeddable":true,"href":"https:\/\/blogs.urz.uni-halle.de\/menalib\/wp-json\/wp\/v2\/categories?post=89"},{"taxonomy":"post_tag","embeddable":true,"href":"https:\/\/blogs.urz.uni-halle.de\/menalib\/wp-json\/wp\/v2\/tags?post=89"}],"curies":[{"name":"wp","href":"https:\/\/api.w.org\/{rel}","templated":true}]}}

<p></p>
<h2 id="anschrift">Anschrift</h2>
<p>Fachinformationsdienst Nahost-, Nordafrika- und Islamstudien<br />
Zweigbibliothek Vorderer Orient / Ethnologie<br />
<a href="https://bibliothek.uni-halle.de/">Universitäts- und Landesbibliothek Sachsen-Anhalt</a><br />
Mühlweg 15<br />
06114 Halle (Saale)<br />
Deutschland<!--more--></p>
<p>Wenn Sie von außerhalb kommen und unsere Bibliothek besuchen und unsere Bestände ansehen möchten, melden Sie sich bitte bei der <a href="https://bibliothek.uni-halle.de/nutzen-besuchen/auskunft-hilfe/">Auskunft der ULB</a> an und schreiben eine <a href="mail&#116;&#111;&#58;&#109;&#101;&#x6e;&#x61;&#x6c;&#x69;&#x62;&#x40;&#x62;ibli&#111;&#116;&#104;&#101;&#107;&#x2e;&#x75;&#x6e;&#x69;&#x2d;&#x68;&#x61;&#x6c;le&#46;d&#101;">Mail an den FID</a>.</p>
<p>Sie wollen mehr über den Standort des FID erfahren? <a href="https://www.menalib.de/about/der-standort-des-fid-nahost/">Hier finden Sie Informationen dazu.</a></p>
<p><!-- [iframe src="https://www.google.com/maps/embed?pb=!1m14!1m8!1m3!1d4968.116123142509!2d11.96358!3d51.493802!3m2!1i1024!2i768!4f13.1!3m3!1m2!1s0x47a67caa8db31243%3A0xa3c48bf1957328a2!2sM%C3%BChlweg+15%2C+06114+Halle+(Saale)!5e0!3m2!1sen!2sde!4v1530628685145" width="100%" height="400" class="google-map contact"] --><br />
<iframe border="0" src="https://www.openstreetmap.org/export/embed.html?bbox=11.956214904785158%2C51.490201736015855%2C11.971020698547363%2C51.49736244799161&amp;layer=mapnik&amp;marker=51.4937822326078%2C11.96361780166626" width="100%" height="750" class="google-map contact" allowfullscreen></iframe><br />
<a href="https://www.openstreetmap.org/?mlat=51.49373&amp;mlon=11.96380#map=17/51.49373/11.96380">Größere Karte anzeigen</a></p>
<p>&nbsp;</p>
<h2>Ansprechpartner</h2>
<h3 id="berghaus-sprengel">Anke Berghaus-Sprengel</h3>
<p>Leiterin des FID<br />
Telefon: +49 345 55 22000<br />
Fax: +49 345 55 27140<br />
E-Mail: <a href="mai&#108;&#116;&#111;&#x3a;&#x61;&#x6e;&#x6b;&#x65;&#x2e;ber&#103;&#104;&#97;&#117;&#x73;&#x2d;&#x73;&#x70;&#x72;&#x65;nge&#108;&#64;&#98;&#x69;&#x62;&#x6c;&#x69;&#x6f;&#x74;hek&#46;&#117;&#110;&#105;&#x2d;&#x68;&#x61;&#x6c;&#x6c;&#x65;&#46;de">&#97;n&#x6b;e&#x2e;&#98;&#x65;&#114;&#x67;&#104;a&#x75;s&#x2d;&#115;&#x70;&#114;&#x65;&#110;&#x67;&#101;l&#x40;b&#x69;&#98;&#x6c;&#105;&#x6f;&#116;h&#x65;k&#x2e;&#117;&#x6e;&#105;&#x2d;&#104;&#x61;&#108;l&#x65;&#46;&#x64;&#101;</a></p>
<h3 id="adam">Dr. Volker Adam</h3>
<p>Operativer Leiter des FID<br />
Fachreferent Turkologie, Kaukasiologie und Islamwissenschaft<br />
Forschungsdaten<br />
Telefon: +49 345 55 22132<br />
Fax: +49 345 55 27320<br />
E-Mail: <a href="&#x6d;&#x61;&#x69;&#x6c;&#x74;&#111;&#58;&#118;&#111;lke&#x72;&#x2e;&#x61;&#x64;&#x61;&#x6d;&#64;&#98;&#105;bli&#x6f;&#x74;&#x68;&#x65;&#x6b;&#x2e;&#117;&#110;&#105;&#45;hal&#x6c;&#x65;&#x2e;&#x64;&#x65;">volk&#101;&#114;&#46;&#97;&#100;&#x61;&#x6d;&#x40;&#x62;&#x69;&#x62;&#x6c;ioth&#101;&#107;&#46;&#117;&#110;&#x69;&#x2d;&#x68;&#x61;&#x6c;&#x6c;&#x65;&#x2e;de</a></p>
<h3 id="reich">Susanne Reich</h3>
<p>Fachreferentin Arabistik und Islamwissenschaft<br />
Telefon: +49 345 55 22137<br />
Fax: +49 345 55 27320<br />
E-Mail: <a href="&#109;&#x61;i&#108;&#x74;o&#x3a;&#x73;&#117;&#x73;a&#110;&#x6e;e&#46;&#x72;&#101;&#x69;c&#104;&#x40;b&#105;&#x62;&#108;&#x69;&#x6f;&#116;&#x68;e&#107;&#x2e;u&#x6e;&#x69;&#45;&#x68;a&#108;&#x6c;e&#46;&#x64;&#101;">&#115;u&#x73;a&#x6e;n&#x65;&#46;&#x72;&#101;&#x69;&#99;&#x68;&#64;&#x62;&#105;b&#108;i&#x6f;t&#x68;e&#x6b;&#46;&#x75;&#110;&#x69;&#45;&#x68;&#97;&#x6c;&#108;e&#46;d&#x65;</a></p>
<h3 id="zanganeh">Reza Zanganeh</h3>
<p>Fachreferent Iranistik und Islamwissenschaft<br />
Telefon: +49 345 55 22131<br />
Fax: +49 345 55 27320<br />
E-Mail: <a href="&#x6d;&#x61;&#105;&#108;to&#x3a;&#x72;&#x65;&#122;a&#46;&#x7a;&#x61;&#x6e;&#103;&#97;n&#x65;&#x68;&#x40;&#98;&#105;b&#x6c;&#x69;&#x6f;&#116;&#104;ek&#x2e;&#x75;&#x6e;&#105;-h&#x61;&#x6c;&#x6c;&#101;&#46;d&#x65;">&#114;&#x65;z&#97;&#x2e;z&#97;&#x6e;g&#x61;&#x6e;&#101;&#x68;&#64;&#98;&#x69;b&#108;&#x69;o&#x74;&#x68;&#101;&#x6b;&#x2e;&#117;&#x6e;i&#45;&#x68;a&#108;&#x6c;e&#x2e;&#x64;&#101;</a></p>
<h3 id="guhlmann">Laila Guhlmann</h3>
<p>Fachreferentin Bibliothek der Deutschen Morgenländischen Gesellschaft (DMG)<br />
Telefon: +49 345 55 22043<br />
Fax: +49 345 55 27320<br />
E-Mail: <a href="&#x6d;&#x61;&#105;l&#x74;&#x6f;&#58;&#108;a&#x69;&#x6c;&#97;&#46;g&#x75;&#x68;&#108;ma&#x6e;&#x6e;&#64;b&#x69;&#x62;&#108;&#105;o&#x74;&#x68;&#101;&#107;&#46;&#x75;&#x6e;&#105;-h&#x61;&#x6c;&#108;e&#x2e;&#x64;&#101;">&#x6c;&#x61;&#105;l&#x61;&#x2e;&#103;uh&#x6c;&#x6d;&#97;n&#x6e;&#x40;&#98;&#105;b&#x6c;&#x69;&#111;t&#x68;&#x65;&#107;&#46;u&#x6e;&#x69;&#45;h&#x61;&#x6c;&#108;&#101;&#46;&#x64;&#x65;</a></p>
<h3 id="jeschke">Dr. Josef Peter Jeschke</h3>
<p>MENAdoc-Fachrepositorium, Publikationsserver und Urheberrecht<br />
Telefon: +49 345 55 22133<br />
Fax: +49 345 55 27320<br />
E-Mail: <a href="&#109;&#x61;&#105;&#x6c;t&#x6f;:&#106;&#x6f;&#115;&#x65;f&#x2d;p&#101;&#x74;&#101;&#x72;&#46;&#x6a;e&#115;&#x63;&#104;&#x6b;e&#x40;b&#105;&#x62;&#108;&#x69;o&#x74;h&#101;&#x6b;&#46;&#x75;n&#x69;-&#104;&#x61;&#108;&#x6c;e&#x2e;d&#101;">&#x6a;&#x6f;&#115;&#101;f&#x2d;&#x70;&#x65;&#116;&#101;r&#x2e;&#x6a;&#x65;&#115;&#99;h&#x6b;&#x65;&#x40;&#98;&#105;b&#x6c;&#x69;&#x6f;&#116;he&#x6b;&#x2e;&#x75;&#110;i-&#x68;&#x61;&#108;&#108;e&#46;&#x64;&#x65;</a></p>
<h3 id="nötzel">Swantje Nötzel</h3>
<p>Projektmitarbeiterin IT<br />
Telefon: +49 345 55 22006<br />
Fax: +49 345 55 27320<br />
E-Mail: <a href="&#109;a&#105;l&#116;o&#x3a;s&#x77;a&#x6e;t&#x6a;e&#x2e;n&#x6f;e&#x74;z&#x65;l&#x40;b&#x69;&#98;&#x6c;&#105;&#x6f;&#116;&#x68;&#101;&#x6b;&#46;&#x75;&#110;&#x69;&#45;&#x68;&#97;&#x6c;&#108;&#x65;&#46;&#x64;&#101;">&#x73;&#x77;&#x61;&#110;&#116;&#106;e&#46;&#x6e;&#x6f;&#x65;&#x74;&#122;&#101;l&#64;&#x62;&#x69;&#x62;&#x6c;&#105;&#111;th&#x65;&#x6b;&#x2e;&#x75;&#110;&#105;&#45;ha&#x6c;&#x6c;&#x65;&#x2e;&#100;&#101;</a></p>
<h3 id="buttar">Maida Farooq Buttar</h3>
<p>Öffentlichkeitsarbeit &amp; Lizenzen<br />
Telefon: +49 345 55 22096<br />
Fax: +49 345 55 27320<br />
E-Mail: <a href="mailto:maida&#45;&#102;&#97;&#114;&#111;&#111;&#113;&#46;&#98;&#117;&#116;&#116;&#97;&#114;&#64;&#x62;&#x69;&#x62;&#x6c;&#x69;&#x6f;&#x74;&#x68;&#x65;&#x6b;&#x2e;&#x75;&#x6e;&#x69;&#x2d;&#x68;&#x61;&#x6c;&#x6c;&#x65;&#x2e;&#x64;&#x65;">&#x6d;&#97;i&#x64;&#x61;&#45;f&#x61;&#114;o&#x6f;&#x71;&#46;b&#x75;&#116;t&#x61;&#x72;&#64;b&#x69;&#x62;&#108;&#x69;&#x6f;&#116;h&#x65;&#x6b;&#46;u&#x6e;&#105;-&#x68;&#x61;&#108;l&#x65;&#46;d&#x65;</a></p>
