{"id":250,"date":"2018-04-06T11:52:05","date_gmt":"2018-04-06T09:52:05","guid":{"rendered":"https:\/\/blogs.urz.uni-halle.de\/mrecinema\/?page_id=250"},"modified":"2018-07-11T13:16:22","modified_gmt":"2018-07-11T11:16:22","slug":"vera-drake","status":"publish","type":"page","link":"https:\/\/blogs.urz.uni-halle.de\/mercinema\/vera-drake\/","title":{"rendered":"Vera Drake"},"content":{"rendered":"<p>Die Hausfrau Vera Drake lebt Anfang der 1950er Jahre in Gro\u00dfbritannien. Sie k\u00fcmmert sich aufopferungsvoll um ihre Familie und Freunde. Die lebensfrohe, kleine Frau verdient sich mit Putzarbeiten ein wenig Geld hinzu und hat f\u00fcr jeden ein offenes Ohr. Doch sie h\u00fctet auch ein Geheimnis: Sie f\u00fchrt trotz des geltenden Verbots Schwangerschaftsabbr\u00fcche f\u00fcr junge Frauen durch, die ungewollt schwanger geworden sind. Dabei geht es ihr nicht um Anerkennung oder Geld, sondern um notwendige Hilfe f\u00fcr Frauen in Not. Als es bei einer Abtreibung zu lebensgef\u00e4hrlichen Komplikationen kommt, wird das Leben von Vera Drake und ihrer Familie auf den Kopf gestellt.<\/p>\n<p>Der Film begeistert aufgrund seiner Detailtreue und der schauspielerischen Leistung der Darsteller. Die Geschichte nimmt sehr pr\u00e4zise die gesellschaftlichen Hintergr\u00fcnde im Gro\u00dfbritannien der 50er Jahre\u00a0 in den Blick und diskutiert die Frage nach der Legalisierung des Schwangerschaftsabbruches damit vor allem als soziale Frage. Das Thema der Abtreibung wird sensibel inszeniert und ist, obwohl in den meisten europ\u00e4ischen L\u00e4ndern seit vielen Jahren stabile gesetzliche Regelungen diesbez\u00fcglich getroffen wurden, gesellschaftlich und in der ethischen Diskussion noch immer sehr relevant, wie nicht zuletzt die Diskussionen um den \u00a7219a des StGB zeigen. Dabei nimmt der Film eine interessante und sehr aktuelle Perspektive ein und fragt nicht nur, wie sehr ein Verbot von Schwangerschaftsabbr\u00fcchen Frauen stigmatisiert, die einen Abbruch durchf\u00fchren lassen, sondern auch, welche Folgen f\u00fcr jene entstehen, die einen Abbruch vornehmen.<\/p>\n<pre>GB, F 2004; 126 Min.\r\nRegie: Mike Leigh\r\nDarsteller: Imelda Staunton, Philip Davis, Alex Kelly, Peter Wight<\/pre>\n<p>________________________________________________________________________________________<\/p>\n<p>&nbsp;<\/p>\n<p><iframe width=\"500\" height=\"281\" src=\"https:\/\/www.youtube.com\/embed\/rrKnGyDZb8s?feature=oembed\" frameborder=\"0\" allow=\"autoplay; encrypted-media\" allowfullscreen><\/iframe><\/p>\n<p>&nbsp;<\/p>\n<p><b>Prof. Dr. med. Dr. <\/b><b>agr<\/b><b>. Bernd Fischer <\/b>ist ehemaliger Direktor des Instituts f\u00fcr Anatomie und Zellbiologie der MLU Halle-Wittenberg und war bis 2015 Professor f\u00fcr Anatomie und Reproduktionsbiologie. Seitdem nimmt er Lehrauftr\u00e4ge u.a. am IWZ Medizin-Ethik-Recht wahr. Weiterhin ist er ehrenamtlich bei einer Beratungsstelle zum Thema Kinderwunsch t\u00e4tig.<\/p>\n","protected":false},"excerpt":{"rendered":"<p>Die Hausfrau Vera Drake lebt Anfang der 1950er Jahre in Gro\u00dfbritannien. Sie k\u00fcmmert sich aufopferungsvoll um ihre Familie und Freunde. Die lebensfrohe, kleine Frau verdient sich mit Putzarbeiten ein wenig Geld hinzu und hat f\u00fcr jeden ein offenes Ohr. Doch sie h\u00fctet auch ein Geheimnis: Sie f\u00fchrt trotz des geltenden Verbots Schwangerschaftsabbr\u00fcche f\u00fcr junge Frauen [&hellip;]<\/p>\n","protected":false},"author":1403,"featured_media":0,"parent":0,"menu_order":0,"comment_status":"closed","ping_status":"closed","template":"","meta":{"ngg_post_thumbnail":0},"_links":{"self":[{"href":"https:\/\/blogs.urz.uni-halle.de\/mercinema\/wp-json\/wp\/v2\/pages\/250"}],"collection":[{"href":"https:\/\/blogs.urz.uni-halle.de\/mercinema\/wp-json\/wp\/v2\/pages"}],"about":[{"href":"https:\/\/blogs.urz.uni-halle.de\/mercinema\/wp-json\/wp\/v2\/types\/page"}],"author":[{"embeddable":true,"href":"https:\/\/blogs.urz.uni-halle.de\/mercinema\/wp-json\/wp\/v2\/users\/1403"}],"replies":[{"embeddable":true,"href":"https:\/\/blogs.urz.uni-halle.de\/mercinema\/wp-json\/wp\/v2\/comments?post=250"}],"version-history":[{"count":3,"href":"https:\/\/blogs.urz.uni-halle.de\/mercinema\/wp-json\/wp\/v2\/pages\/250\/revisions"}],"predecessor-version":[{"id":300,"href":"https:\/\/blogs.urz.uni-halle.de\/mercinema\/wp-json\/wp\/v2\/pages\/250\/revisions\/300"}],"wp:attachment":[{"href":"https:\/\/blogs.urz.uni-halle.de\/mercinema\/wp-json\/wp\/v2\/media?parent=250"}],"curies":[{"name":"wp","href":"https:\/\/api.w.org\/{rel}","templated":true}]}}