{"id":328,"date":"2018-11-23T11:53:36","date_gmt":"2018-11-23T10:53:36","guid":{"rendered":"https:\/\/blogs.urz.uni-halle.de\/mrecinema\/?page_id=328"},"modified":"2018-11-23T11:53:36","modified_gmt":"2018-11-23T10:53:36","slug":"girl","status":"publish","type":"page","link":"https:\/\/blogs.urz.uni-halle.de\/mercinema\/girl\/","title":{"rendered":"Girl"},"content":{"rendered":"<p>Lara ist ein 15-j\u00e4hriges M\u00e4dchen, das davon tr\u00e4umt, Ballettt\u00e4nzerin zu werden \u2013 und sie trainiert hart daf\u00fcr. Als sie an einer renommierten Ballettakademie in Br\u00fcssel f\u00fcr eine achtw\u00f6chige Probezeit aufgenommen wird, scheint ihr Traum zum Greifen nah. Doch Lara wurde im K\u00f6rper eines Jungen geboren und steckt mitten in der Vorbereitung f\u00fcr eine Hormontherapie, der eine geschlechtsangleichende Operation folgen wird. Dennoch trainiert Lara eisern weiter und ignoriert alle Anweisungen. Gerade jetzt will sie sich mehr denn je beweisen und setzt dabei ihre Gesundheit aufs Spiel.<\/p>\n<p>In seinem Regiedeb\u00fct erz\u00e4hlt der belgische Drehbuchautor Lukas Dhont auf besonnene Art und Weise von der vielschichtigen Entwicklung seiner Protagonistin. Mit Feingef\u00fchl und einem Blick f\u00fcr kleine Gesten f\u00e4ngt der Regisseur die physischen und psychischen Herausforderungen ein, vor die Lara und ihre Familie gestellt werden. Der Konflikt des Films liegt dabei zun\u00e4chst nicht in den \u00e4u\u00dferen Widerst\u00e4nden, sondern in erster Linie im inneren Kampf des M\u00e4dchens, das ihren noch m\u00e4nnlichen K\u00f6rper so schnell wie m\u00f6glich \u00fcberwinden m\u00f6chte, um Ballett als Frau zu tanzen.<\/p>\n<p>______________________________________________________________________________________<\/p>\n<p><iframe width=\"500\" height=\"281\" src=\"https:\/\/www.youtube.com\/embed\/LpABqvDD_qg?feature=oembed\" frameborder=\"0\" allow=\"accelerometer; autoplay; encrypted-media; gyroscope; picture-in-picture\" allowfullscreen><\/iframe><\/p>\n<pre>Girl\r\nBE 2018; 105min\r\nRegie: Lukas Dhont\r\nDarsteller: Viktor Polster, Arieh Worthalter, Valentijn Dhaenens<\/pre>\n<p><strong>Tammo Wende (Mag., M.A.) <\/strong>hat Soziologie und P\u00e4dagogik in Magdeburg und angewandte Sexualwissenschaft in Merseburg studiert und arbeitet seit 2009 als Psychosozialberater im RosaLinde Leipzig e.V.<\/p>\n<p>Der RosaLinde Leipzig e.V. ist eine Beratungs- und Begegnungsstelle f\u00fcr Lesben, Schwule, Bisexuelle, Trans*, Inter*, Asexuelle, queere Menschen (LSBTIAQ*) und deren Angeh\u00f6rige in Leipzig und dem Leipziger Umland. Au\u00dferdem leistet der Verein Antidiskriminierungsarbeit in Form von Bildungsprojekten und Fortbildungen f\u00fcr Fachpersonal.<\/p>\n<p>&nbsp;<\/p>\n<p>&nbsp;<\/p>\n","protected":false},"excerpt":{"rendered":"<p>Lara ist ein 15-j\u00e4hriges M\u00e4dchen, das davon tr\u00e4umt, Ballettt\u00e4nzerin zu werden \u2013 und sie trainiert hart daf\u00fcr. Als sie an einer renommierten Ballettakademie in Br\u00fcssel f\u00fcr eine achtw\u00f6chige Probezeit aufgenommen wird, scheint ihr Traum zum Greifen nah. Doch Lara wurde im K\u00f6rper eines Jungen geboren und steckt mitten in der Vorbereitung f\u00fcr eine Hormontherapie, der [&hellip;]<\/p>\n","protected":false},"author":1403,"featured_media":0,"parent":0,"menu_order":0,"comment_status":"closed","ping_status":"closed","template":"","meta":{"ngg_post_thumbnail":0},"_links":{"self":[{"href":"https:\/\/blogs.urz.uni-halle.de\/mercinema\/wp-json\/wp\/v2\/pages\/328"}],"collection":[{"href":"https:\/\/blogs.urz.uni-halle.de\/mercinema\/wp-json\/wp\/v2\/pages"}],"about":[{"href":"https:\/\/blogs.urz.uni-halle.de\/mercinema\/wp-json\/wp\/v2\/types\/page"}],"author":[{"embeddable":true,"href":"https:\/\/blogs.urz.uni-halle.de\/mercinema\/wp-json\/wp\/v2\/users\/1403"}],"replies":[{"embeddable":true,"href":"https:\/\/blogs.urz.uni-halle.de\/mercinema\/wp-json\/wp\/v2\/comments?post=328"}],"version-history":[{"count":1,"href":"https:\/\/blogs.urz.uni-halle.de\/mercinema\/wp-json\/wp\/v2\/pages\/328\/revisions"}],"predecessor-version":[{"id":329,"href":"https:\/\/blogs.urz.uni-halle.de\/mercinema\/wp-json\/wp\/v2\/pages\/328\/revisions\/329"}],"wp:attachment":[{"href":"https:\/\/blogs.urz.uni-halle.de\/mercinema\/wp-json\/wp\/v2\/media?parent=328"}],"curies":[{"name":"wp","href":"https:\/\/api.w.org\/{rel}","templated":true}]}}