{"id":35,"date":"2016-08-12T12:44:21","date_gmt":"2016-08-12T10:44:21","guid":{"rendered":"https:\/\/blogs.urz.uni-halle.de\/mrecinema\/?page_id=35"},"modified":"2017-04-05T13:04:50","modified_gmt":"2017-04-05T11:04:50","slug":"still-alice","status":"publish","type":"page","link":"https:\/\/blogs.urz.uni-halle.de\/mercinema\/still-alice\/","title":{"rendered":"Still Alice"},"content":{"rendered":"<p>Dr. Alice Howland, Professorin f\u00fcr Linguistik, steht im H\u00f6rsaal und ringt um ein Wort, das ihr nicht einfallen will. Sie vergisst einen Termin, einen Buchtitel, eine Redewendung. Die Vorf\u00e4lle h\u00e4ufen sich, ein Neurologe diagnostiziert eine fr\u00fch einsetzende Form der Alzheimer-Erkrankung. Sie erlebt das zunehmende Fortschreiten der Erkrankung und den Verlust ihres Ged\u00e4chtnisses, aber auch die bedingungslose Unterst\u00fctzung ihrer Familie. Howland dreht ein Video an ihr zuk\u00fcnftiges Ich, dem sie r\u00e4t, eine \u00dcberdosis Tabletten zu schlucken, bevor sie gar keine Kontrolle mehr \u00fcber ihr eigenes Tun hat. Zugleich aber beginnt sie, offen \u00fcber ihre Erkrankung und ihre \u00c4ngste zu sprechen, und gewinnt gerade in der von Julianne Moore grandios gespielten zunehmenden Zer-brechlichkeit und Hilflosigkeit ihre W\u00fcrde zur\u00fcck.<\/p>\n<p>Vor allem Moores uneitles und einf\u00fchlsames Spiel mit kleinen Gesten und einer zur\u00fcckhaltenden Mimik macht den Film zu einer sehr sensiblen Auseinandersetzung mit einem Thema, das h\u00e4ufig Angst und Scham hervorruft.<\/p>\n<pre><b>Still Alice<\/b>\r\nUS 2014; 101 min\r\nRegie: Richard Glatzer, Wash Westmoreland\r\nDarsteller: Julianne Moore, Alec Baldwin, Kristen Stewart<\/pre>\n<p><iframe width=\"500\" height=\"281\" src=\"https:\/\/www.youtube.com\/embed\/A-ic4bhluY4?feature=oembed\" frameborder=\"0\" allowfullscreen><\/iframe><\/p>\n<hr \/>\n<p><strong>Referentin:<\/strong><\/p>\n<p>Anja Bieber promoviert im Rahmen des europ\u00e4ischen Forschungsprojektes Actifcare (Access to timely formal care). Ziel ihrer Untersuchung ist ein besseres Verst\u00e4ndnis der Zugangsm\u00f6glichkeiten zu professioneller Unterst\u00fctzung f\u00fcr Menschen mit Demenz und ihre Angeh\u00f6rigen. Die gelernte Altenpflegerin mit Erfahrungen im Qualit\u00e4tsmanagement ist Absolventin des Studienganges Pflegewissenschaft und -management und tr\u00e4gt den Titel \u201eMaster of Science in Dementia Studies\u201c.<\/p>\n","protected":false},"excerpt":{"rendered":"<p>Dr. Alice Howland, Professorin f\u00fcr Linguistik, steht im H\u00f6rsaal und ringt um ein Wort, das ihr nicht einfallen will. Sie vergisst einen Termin, einen Buchtitel, eine Redewendung. Die Vorf\u00e4lle h\u00e4ufen sich, ein Neurologe diagnostiziert eine fr\u00fch einsetzende Form der Alzheimer-Erkrankung. Sie erlebt das zunehmende Fortschreiten der Erkrankung und den Verlust ihres Ged\u00e4chtnisses, aber auch die [&hellip;]<\/p>\n","protected":false},"author":1403,"featured_media":0,"parent":0,"menu_order":0,"comment_status":"closed","ping_status":"closed","template":"","meta":{"ngg_post_thumbnail":0},"_links":{"self":[{"href":"https:\/\/blogs.urz.uni-halle.de\/mercinema\/wp-json\/wp\/v2\/pages\/35"}],"collection":[{"href":"https:\/\/blogs.urz.uni-halle.de\/mercinema\/wp-json\/wp\/v2\/pages"}],"about":[{"href":"https:\/\/blogs.urz.uni-halle.de\/mercinema\/wp-json\/wp\/v2\/types\/page"}],"author":[{"embeddable":true,"href":"https:\/\/blogs.urz.uni-halle.de\/mercinema\/wp-json\/wp\/v2\/users\/1403"}],"replies":[{"embeddable":true,"href":"https:\/\/blogs.urz.uni-halle.de\/mercinema\/wp-json\/wp\/v2\/comments?post=35"}],"version-history":[{"count":5,"href":"https:\/\/blogs.urz.uni-halle.de\/mercinema\/wp-json\/wp\/v2\/pages\/35\/revisions"}],"predecessor-version":[{"id":157,"href":"https:\/\/blogs.urz.uni-halle.de\/mercinema\/wp-json\/wp\/v2\/pages\/35\/revisions\/157"}],"wp:attachment":[{"href":"https:\/\/blogs.urz.uni-halle.de\/mercinema\/wp-json\/wp\/v2\/media?parent=35"}],"curies":[{"name":"wp","href":"https:\/\/api.w.org\/{rel}","templated":true}]}}