{"id":37,"date":"2016-08-12T12:44:36","date_gmt":"2016-08-12T10:44:36","guid":{"rendered":"https:\/\/blogs.urz.uni-halle.de\/mrecinema\/?page_id=37"},"modified":"2017-04-05T11:55:31","modified_gmt":"2017-04-05T09:55:31","slug":"womb","status":"publish","type":"page","link":"https:\/\/blogs.urz.uni-halle.de\/mercinema\/womb\/","title":{"rendered":"Womb"},"content":{"rendered":"<p>Tommy ist Aktivist und engagiert sich gegen eine Biotech-Firma, die Klone von Tieren erzeugt. Rebecca ist Programmiererin. Beide kennen sich bereits seit ihrer Kindheit. Als Rebecca jedoch nach Japan ziehen muss, werden sie f\u00fcr zw\u00f6lf Jahre voneinander getrennt. Nach dem Wiedersehen merken beide schnell, dass sich an ihren Gef\u00fchlen f\u00fcreinander nichts ge\u00e4ndert hat. Sie beginnen eine gl\u00fcckliche Beziehung, aber schon kurze Zeit sp\u00e4ter kommt Tommy bei einem Autounfall ums Leben. Rebecca verzweifelt an seinem Tod und entschlie\u00dft sich, mit Tommys DNA ein Kind zeugen zu lassen und diesen Klon selbst auszutragen und aufzuziehen.<\/p>\n<p>\u201eWomb\u201c erz\u00e4hlt mit eindrucksvollen Bildern, Detailaufnahmen von Blicken, Gesten und Gegenst\u00e4nden eine intensive Geschichte \u00fcber Trauer und Verzweiflung sowie den Versuch, Natur und Schicksal ein Schnippchen zu schlagen. Doch weder das eine noch das andere l\u00e4sst sich wirklich \u00fcberlisten. Die Liebe pr\u00e4gt das Leben der Protagonisten genauso unausweichlich wie Verlust, Tod und der letztlich unhintergehbare Lauf des Lebens.<\/p>\n<pre><strong>Womb<\/strong>\r\nDE\/FR\/HU 2010; 112 min\r\nRegie: Benedek Fliegauf\r\nDarsteller: Eva Green, Matt Smith, Lesley Manville, Hannah Murray<\/pre>\n<p><iframe width=\"500\" height=\"281\" src=\"https:\/\/www.youtube.com\/embed\/jSkCihQ7Pm0?feature=oembed\" frameborder=\"0\" allowfullscreen><\/iframe><\/p>\n<hr \/>\n<p><strong>Referent:<\/strong><\/p>\n<p>Dr. iur. Timo Faltus ist Wissenschaftlicher Mitarbeiter an der Juristischen Fakult\u00e4t der Martin-Luther-Universit\u00e4t Halle-Wittenberg. Zudem ist er Verbundskoordinator und Wissenschaftlicher Mitarbeiter des vom BMBF gef\u00f6rderten Forschungsverbunds \u201eGenomELECTION\u201c.<\/p>\n<p>Zu seinen vielseitigen Forschungsgebieten als Diplom- Jurist und Diplom-Biologe geh\u00f6ren daher u.a. die Genomeditierung, die Embryonen- und Stammzellenforschung sowie das Arznei-, Medizinprodukte- und Tierarzneimittelrecht.<\/p>\n","protected":false},"excerpt":{"rendered":"<p>Tommy ist Aktivist und engagiert sich gegen eine Biotech-Firma, die Klone von Tieren erzeugt. Rebecca ist Programmiererin. Beide kennen sich bereits seit ihrer Kindheit. Als Rebecca jedoch nach Japan ziehen muss, werden sie f\u00fcr zw\u00f6lf Jahre voneinander getrennt. Nach dem Wiedersehen merken beide schnell, dass sich an ihren Gef\u00fchlen f\u00fcreinander nichts ge\u00e4ndert hat. Sie beginnen [&hellip;]<\/p>\n","protected":false},"author":1403,"featured_media":0,"parent":0,"menu_order":0,"comment_status":"closed","ping_status":"closed","template":"","meta":{"ngg_post_thumbnail":0},"_links":{"self":[{"href":"https:\/\/blogs.urz.uni-halle.de\/mercinema\/wp-json\/wp\/v2\/pages\/37"}],"collection":[{"href":"https:\/\/blogs.urz.uni-halle.de\/mercinema\/wp-json\/wp\/v2\/pages"}],"about":[{"href":"https:\/\/blogs.urz.uni-halle.de\/mercinema\/wp-json\/wp\/v2\/types\/page"}],"author":[{"embeddable":true,"href":"https:\/\/blogs.urz.uni-halle.de\/mercinema\/wp-json\/wp\/v2\/users\/1403"}],"replies":[{"embeddable":true,"href":"https:\/\/blogs.urz.uni-halle.de\/mercinema\/wp-json\/wp\/v2\/comments?post=37"}],"version-history":[{"count":9,"href":"https:\/\/blogs.urz.uni-halle.de\/mercinema\/wp-json\/wp\/v2\/pages\/37\/revisions"}],"predecessor-version":[{"id":147,"href":"https:\/\/blogs.urz.uni-halle.de\/mercinema\/wp-json\/wp\/v2\/pages\/37\/revisions\/147"}],"wp:attachment":[{"href":"https:\/\/blogs.urz.uni-halle.de\/mercinema\/wp-json\/wp\/v2\/media?parent=37"}],"curies":[{"name":"wp","href":"https:\/\/api.w.org\/{rel}","templated":true}]}}