{"id":506,"date":"2019-10-18T13:03:51","date_gmt":"2019-10-18T11:03:51","guid":{"rendered":"https:\/\/blogs.urz.uni-halle.de\/mrecinema\/?page_id=506"},"modified":"2019-12-04T16:00:24","modified_gmt":"2019-12-04T15:00:24","slug":"affliction","status":"publish","type":"page","link":"https:\/\/blogs.urz.uni-halle.de\/mercinema\/affliction\/","title":{"rendered":"AFFLICTION"},"content":{"rendered":"<p><a href=\"https:\/\/blogs.urz.uni-halle.de\/mrecinema\/files\/2019\/11\/Halle_Affliction_A3.pdf\">Veranstaltungsposter<\/a><\/p>\n<p>\u00c4RZTE OHNE GRENZEN \/ M\u00e9decins Sans Fronti\u00e8res ist eine internationale humanit\u00e4re Hilfsorganisation. Wenn Menschen in Krisengebieten oder nach Naturkatastrophen Hilfe zum \u00dcberleben brauchen, werden die Teams von \u00c4RZTE OHNE GRENZEN aktiv.<\/p>\n<p><img loading=\"lazy\" class=\"alignnone size-medium wp-image-507\" src=\"https:\/\/blogs.urz.uni-halle.de\/mrecinema\/files\/2019\/10\/Foto_Affliction_Aerzte_ohne-_Grenzen-300x165.jpg\" alt=\"\" width=\"300\" height=\"165\" srcset=\"https:\/\/blogs.urz.uni-halle.de\/mercinema\/files\/2019\/10\/Foto_Affliction_Aerzte_ohne-_Grenzen-300x165.jpg 300w, https:\/\/blogs.urz.uni-halle.de\/mercinema\/files\/2019\/10\/Foto_Affliction_Aerzte_ohne-_Grenzen-768x422.jpg 768w, https:\/\/blogs.urz.uni-halle.de\/mercinema\/files\/2019\/10\/Foto_Affliction_Aerzte_ohne-_Grenzen-1024x563.jpg 1024w\" sizes=\"(max-width: 300px) 100vw, 300px\" \/> \u00a9MSF<\/p>\n<p><strong>Der Film<\/strong><br \/>Der Dokumentarfilm bietet einen Einblick in die Arbeit von \u00c4RZTE OHNE GRENZEN w\u00e4hrend des Ebola-Ausbruchs in Westafrika. Das Kamerateam hatte unbegrenzten Zugang zu den Teams und konnte somit auch schwierige Momente einfangen, die oftmals verborgen bleiben. Neben der Perspektive der Helfenden beeindrucken besonders die Geschichten und Schicksale der Erkrankten und ihrer Familien. Die Furcht der Menschen, die Stigmatisierung und die Auswirkungen der Quarant\u00e4ne werden thematisiert. Zudem geht es in dem Film um die Schwierigkeiten bei der Versorgung der Patienten und Patientinnen und das Fehlen einer angemessenen Behandlung f\u00fcr die Ebolavirus-Infektion, sowie das Versagen der internationalen Gemeinschaft bei der Reaktion auf die Epidemie.<\/p>\n<p><strong>Die Epidemie in Westafrika<\/strong><br \/>Ebola brach im Dezember 2013 im westafrikanischen Guinea aus. Die Krankheit breitete sich u. a. auf die benachbarten L\u00e4nder Liberia und Sierra Leone aus. Erst im M\u00e4rz 2014 wurde der Ebola-Ausbruch als\u00a0 solcher erkannt und ein weltweiter Gesundheitsnotstand durch die Weltgesundheitsorganisation (WHO) ausgerufen. Die internationale Gemeinschaft hat insgesamt versagt und durch ihre verz\u00f6gerte Reaktion auf die Epidemie erheblich zu der Trag\u00f6die in Westafrika beigetragen.<\/p>\n<p>\u00c4RZTE OHNE GRENZEN half seit M\u00e4rz 2014 bei der Bek\u00e4mpfung der Ebola-Epidemie und hat etliche Patientinnen und Patienten behandelt. Insgesamt waren rund 300 internationale und 4.000 lokal angestellte Mitarbeiter und Mitarbeiterinnen von \u00c4RZTE OHNE GRENZEN im Einsatz gegen diese Krankheit. Bei dem Ausbruch starben laut Angaben der WHO mehr als 11.300 Menschen. Auch unter dem Gesundheitspersonal haben zahlreiche Menschen im Kampf gegen die Epidemie ihr Leben verloren. Die Gesundheitssysteme in den am schwersten betroffenen L\u00e4ndern haben immensen Schaden genommen. Am 14. Januar 2016 wurde die Epidemie von der WHO offiziell f\u00fcr beendet erkl\u00e4rt \u2013 die Organisation legte auch dar, dass immer wieder vereinzelt neue Ebola-F\u00e4lle in der Region auftreten k\u00f6nnen. Bei der Epidemie in Westafrika handelt es sich um den bislang gr\u00f6\u00dften bekannten Ebola-Ausbruch.<\/p>\n<p>Im Anschluss an den Film gibt es Gelegenheit zur Diskussion mit einer Projektmitarbeiterin von \u00c4RZTE OHNE GRENZEN.<\/p>\n<p>__________________________________________________________________<\/p>\n<p><a href=\"https:\/\/www.aerzte-ohne-grenzen.de\/affliction-ebola-film\">https:\/\/www.aerzte-ohne-grenzen.de\/affliction-ebola-film<\/a><\/p>\n<pre><strong>AFFLICTION*<\/strong>\nFilm in Originalton mit deutschen Untertiteln (70 Min.)\n<strong>Kamera<\/strong>: Renaat Lambeets\n<strong>Schnitt: <\/strong>Maarten Janssens\n<strong>Ton: <\/strong>Stijn de Meyer und Thomas Wouters\n<strong>Colorist:<\/strong> Frank Temmerman\n<strong>Musik:<\/strong> Illumine\n<strong>Bild-Postproduktion:<\/strong> thefridge.tv\n<strong>Audio-Postproduktion:<\/strong> Sonicfilm SONICFILM\n<strong>\u00a9MSF 2015<\/strong>\n\n*Der Eintritt ist frei. Diese Veranstaltung findet in Kooperation mit \u00c4rzte ohne Grenzen e.V. statt.\nEs gibt die M\u00f6glichkeit zu spenden.\n<\/pre>\n<p><img loading=\"lazy\" class=\"alignnone  wp-image-620\" src=\"https:\/\/blogs.urz.uni-halle.de\/mrecinema\/files\/2019\/12\/Affliction_Flyer-216x300.jpg\" alt=\"\" width=\"216\" height=\"300\" srcset=\"https:\/\/blogs.urz.uni-halle.de\/mercinema\/files\/2019\/12\/Affliction_Flyer-216x300.jpg 216w, https:\/\/blogs.urz.uni-halle.de\/mercinema\/files\/2019\/12\/Affliction_Flyer-736x1024.jpg 736w, https:\/\/blogs.urz.uni-halle.de\/mercinema\/files\/2019\/12\/Affliction_Flyer-768x1069.jpg 768w, https:\/\/blogs.urz.uni-halle.de\/mercinema\/files\/2019\/12\/Affliction_Flyer.jpg 774w\" sizes=\"(max-width: 216px) 100vw, 216px\" \/><img loading=\"lazy\" class=\"alignnone size-medium wp-image-622\" src=\"https:\/\/blogs.urz.uni-halle.de\/mrecinema\/files\/2019\/12\/Affliction_FlyerR\u00fcckseite_MER-213x300.jpg\" alt=\"\" width=\"213\" height=\"300\" srcset=\"https:\/\/blogs.urz.uni-halle.de\/mercinema\/files\/2019\/12\/Affliction_FlyerR\u00fcckseite_MER-213x300.jpg 213w, https:\/\/blogs.urz.uni-halle.de\/mercinema\/files\/2019\/12\/Affliction_FlyerR\u00fcckseite_MER-726x1024.jpg 726w, https:\/\/blogs.urz.uni-halle.de\/mercinema\/files\/2019\/12\/Affliction_FlyerR\u00fcckseite_MER-768x1084.jpg 768w, https:\/\/blogs.urz.uni-halle.de\/mercinema\/files\/2019\/12\/Affliction_FlyerR\u00fcckseite_MER-1089x1536.jpg 1089w, https:\/\/blogs.urz.uni-halle.de\/mercinema\/files\/2019\/12\/Affliction_FlyerR\u00fcckseite_MER-1452x2048.jpg 1452w, https:\/\/blogs.urz.uni-halle.de\/mercinema\/files\/2019\/12\/Affliction_FlyerR\u00fcckseite_MER.jpg 1497w\" sizes=\"(max-width: 213px) 100vw, 213px\" \/><\/p>\n\n\n<p><\/p>\n","protected":false},"excerpt":{"rendered":"<p>Veranstaltungsposter \u00c4RZTE OHNE GRENZEN \/ M\u00e9decins Sans Fronti\u00e8res ist eine internationale humanit\u00e4re Hilfsorganisation. Wenn Menschen in Krisengebieten oder nach Naturkatastrophen Hilfe zum \u00dcberleben brauchen, werden die Teams von \u00c4RZTE OHNE GRENZEN aktiv. \u00a9MSF Der FilmDer Dokumentarfilm bietet einen Einblick in die Arbeit von \u00c4RZTE OHNE GRENZEN w\u00e4hrend des Ebola-Ausbruchs in Westafrika. Das Kamerateam hatte unbegrenzten [&hellip;]<\/p>\n","protected":false},"author":4026,"featured_media":0,"parent":0,"menu_order":0,"comment_status":"closed","ping_status":"closed","template":"","meta":{"ngg_post_thumbnail":0},"_links":{"self":[{"href":"https:\/\/blogs.urz.uni-halle.de\/mercinema\/wp-json\/wp\/v2\/pages\/506"}],"collection":[{"href":"https:\/\/blogs.urz.uni-halle.de\/mercinema\/wp-json\/wp\/v2\/pages"}],"about":[{"href":"https:\/\/blogs.urz.uni-halle.de\/mercinema\/wp-json\/wp\/v2\/types\/page"}],"author":[{"embeddable":true,"href":"https:\/\/blogs.urz.uni-halle.de\/mercinema\/wp-json\/wp\/v2\/users\/4026"}],"replies":[{"embeddable":true,"href":"https:\/\/blogs.urz.uni-halle.de\/mercinema\/wp-json\/wp\/v2\/comments?post=506"}],"version-history":[{"count":10,"href":"https:\/\/blogs.urz.uni-halle.de\/mercinema\/wp-json\/wp\/v2\/pages\/506\/revisions"}],"predecessor-version":[{"id":623,"href":"https:\/\/blogs.urz.uni-halle.de\/mercinema\/wp-json\/wp\/v2\/pages\/506\/revisions\/623"}],"wp:attachment":[{"href":"https:\/\/blogs.urz.uni-halle.de\/mercinema\/wp-json\/wp\/v2\/media?parent=506"}],"curies":[{"name":"wp","href":"https:\/\/api.w.org\/{rel}","templated":true}]}}