{"id":3302,"date":"2026-01-22T22:41:33","date_gmt":"2026-01-22T21:41:33","guid":{"rendered":"https:\/\/blogs.urz.uni-halle.de\/mlu4career\/?page_id=3302"},"modified":"2026-02-06T08:22:25","modified_gmt":"2026-02-06T07:22:25","slug":"werkstattbericht","status":"publish","type":"page","link":"https:\/\/blogs.urz.uni-halle.de\/mlu4career\/werkstattbericht\/","title":{"rendered":"Die Weiterentwicklung akademischer Karrierewege an Universit\u00e4ten in Deutschland &#8211; ein interviewbasierter Werkstattbericht des Tenure-Track-Netzwerks"},"content":{"rendered":"\n<p>In dem Werkstattbericht werden Gelingensbedingungen und Herausforderungen des Erarbeitungsprozesses und der Implementierung von Dauerstellen- und Karrierewegekonzepten an acht Universit\u00e4ten erfasst: Humboldt-Universit\u00e4t zu Berlin, Technische Universit\u00e4t Berlin, Universit\u00e4t Bremen, Goethe-Universit\u00e4t Frankfurt am Main, Universit\u00e4t Freiburg, Universit\u00e4t Hamburg, Universit\u00e4t Konstanz, Universit\u00e4t Potsdam. <\/p>\n\n\n\n<p>Der interviewbasierte Werkstattbericht verfolgt das Ziel, aus den Erfahrungen der Universit\u00e4ten ein Voneinander-Lernen zu erm\u00f6glichen und richtet sich an alle, die sich mit Personalentwicklung, Karrierewegen und Governance in der Wissenschaft befassen.<\/p>\n\n\n\n<div class=\"wp-block-file\"><a href=\"https:\/\/blogs.urz.uni-halle.de\/mlu4career\/files\/2026\/01\/Dez2025_Werkstattbericht_Weiterentwicklung_akademischer_Karrierewege_in_Deutschland.pdf\">Dez2025_Werkstattbericht_Weiterentwicklung_akademischer_Karrierewege_in_Deutschland<\/a><a href=\"https:\/\/blogs.urz.uni-halle.de\/mlu4career\/files\/2026\/01\/Dez2025_Werkstattbericht_Weiterentwicklung_akademischer_Karrierewege_in_Deutschland.pdf\" class=\"wp-block-file__button\" download>Herunterladen<\/a><\/div>\n\n\n\n<p><\/p>\n","protected":false},"excerpt":{"rendered":"<p>In dem Werkstattbericht werden Gelingensbedingungen und Herausforderungen des Erarbeitungsprozesses und der Implementierung von Dauerstellen- und Karrierewegekonzepten an acht Universit\u00e4ten erfasst: Humboldt-Universit\u00e4t zu Berlin, Technische Universit\u00e4t Berlin, Universit\u00e4t Bremen, Goethe-Universit\u00e4t Frankfurt am Main, Universit\u00e4t Freiburg, Universit\u00e4t Hamburg, Universit\u00e4t Konstanz, Universit\u00e4t Potsdam. Der interviewbasierte Werkstattbericht verfolgt das Ziel, aus den Erfahrungen der Universit\u00e4ten ein Voneinander-Lernen zu erm\u00f6glichen [&hellip;]<\/p>\n","protected":false},"author":6305,"featured_media":0,"parent":0,"menu_order":0,"comment_status":"closed","ping_status":"closed","template":"","meta":[],"_links":{"self":[{"href":"https:\/\/blogs.urz.uni-halle.de\/mlu4career\/wp-json\/wp\/v2\/pages\/3302"}],"collection":[{"href":"https:\/\/blogs.urz.uni-halle.de\/mlu4career\/wp-json\/wp\/v2\/pages"}],"about":[{"href":"https:\/\/blogs.urz.uni-halle.de\/mlu4career\/wp-json\/wp\/v2\/types\/page"}],"author":[{"embeddable":true,"href":"https:\/\/blogs.urz.uni-halle.de\/mlu4career\/wp-json\/wp\/v2\/users\/6305"}],"replies":[{"embeddable":true,"href":"https:\/\/blogs.urz.uni-halle.de\/mlu4career\/wp-json\/wp\/v2\/comments?post=3302"}],"version-history":[{"count":5,"href":"https:\/\/blogs.urz.uni-halle.de\/mlu4career\/wp-json\/wp\/v2\/pages\/3302\/revisions"}],"predecessor-version":[{"id":3322,"href":"https:\/\/blogs.urz.uni-halle.de\/mlu4career\/wp-json\/wp\/v2\/pages\/3302\/revisions\/3322"}],"wp:attachment":[{"href":"https:\/\/blogs.urz.uni-halle.de\/mlu4career\/wp-json\/wp\/v2\/media?parent=3302"}],"curies":[{"name":"wp","href":"https:\/\/api.w.org\/{rel}","templated":true}]}}