{"id":90,"date":"2021-04-29T15:23:35","date_gmt":"2021-04-29T13:23:35","guid":{"rendered":"https:\/\/blogs.urz.uni-halle.de\/mlu4career\/?page_id=90"},"modified":"2023-11-23T12:26:01","modified_gmt":"2023-11-23T11:26:01","slug":"gesundheit","status":"publish","type":"page","link":"https:\/\/blogs.urz.uni-halle.de\/mlu4career\/arbeitsleben\/gesundheit\/","title":{"rendered":"Gesundheit &amp; Arbeit"},"content":{"rendered":"\n<p class=\"zeilenabstand has-medium-font-size\">Gesund die Arbeit und Karriere meistern, ist ein gro\u00dfes Anliegen der MLU. Gute Arbeitsbedingungen, wie etwa eine entsprechende Ausstattung des Arbeitsortes, ein angenehmes Arbeitsklima, sinnvolle Aufgabenpakete und ad\u00e4quate Kommunikation erm\u00f6glichen ein motiviertes und gesundheitsf\u00f6rderliches Arbeiten. Die MLU unterst\u00fctzt dabei.<\/p>\n\n\n\n<div class=\"wp-block-pb-accordion-item c-accordion__item js-accordion-item no-js is-open\" data-initially-open=\"true\" data-click-to-close=\"true\" data-auto-close=\"false\" data-scroll=\"false\" data-scroll-offset=\"0\"><h4 id=\"at-900\" class=\"c-accordion__title js-accordion-controller\" role=\"button\"><div style=\"padding:12px;background-color:#b1e053;line-height:1.4\"> Gesund bleiben<\/div><\/h4><div id=\"ac-900\" class=\"c-accordion__content\">\n<h5 class=\"zeilenabstand\">Wie steht es um Ihre Arbeitssituation und Gesundheit?<\/h5>\n\n\n\n<p class=\"zeilenabstand\">Auf dem Blog <a rel=\"noreferrer noopener\" href=\"https:\/\/blogs.urz.uni-halle.de\/gesundheitsmanagement\/\" target=\"_blank\">\u201eGesund Arbeiten an der MLU\u201c<\/a> finden Sie aktuelle Informationen rund um das Thema <a href=\"https:\/\/personal.verwaltung.uni-halle.de\/service\/personalentwicklung\/bgm\/\" target=\"_blank\" rel=\"noreferrer noopener\">Betriebliches Gesundheitsmanagement<\/a> (BGM), darunter Veranstaltungshinweise, aktuelle Analysen des Arbeitskreises Gesundheit und vieles mehr. <br><a rel=\"noreferrer noopener\" href=\"https:\/\/blogs.urz.uni-halle.de\/gesundheitsmanagement\/impressum\/\" target=\"_blank\">Kontakt BGM<\/a><\/p>\n\n\n\n<h5>Fit und gesund mit Angeboten des Unisportzentrums<\/h5>\n\n\n\n<p>Gesund bleiben &#8211; Sport treiben. Das geht sogar mit wenig Zeit, so z. B. mit dem PausenExpress digital des <a rel=\"noreferrer noopener\" href=\"https:\/\/usz.uni-halle.de\/\" target=\"_blank\">Unisportzentrums<\/a> der MLU. <\/p>\n\n\n\n<h5 class=\"zeilenabstand\">(Weiterbildungs)Angebote<\/h5>\n\n\n\n<ul class=\"zeilenabstand\"><li><a rel=\"noreferrer noopener\" href=\"https:\/\/blogs.urz.uni-halle.de\/gesundheitsmanagement\/kategorie\/aktuelles\/\" target=\"_blank\">Weiterbildungsangebote<\/a> zum Thema Gesundheit im Rahmen des Betrieblichen Gesundheitsmanagements<\/li><li><a href=\"https:\/\/personal.verwaltung.uni-halle.de\/service\/personalentwicklung\/aktuelles\/#anchor2762799\" target=\"_blank\" rel=\"noreferrer noopener\">weitere Angebote<\/a> des Referats Personalentwicklung 3.2<\/li><li><a rel=\"noreferrer noopener\" href=\"https:\/\/bgf.uni-halle.de\/\" target=\"_blank\">Angebote<\/a> zur Betrieblichen Gesundheitsf\u00f6rderung<\/li><\/ul>\n\n\n\n<h5>Gesundheitsf\u00f6rderliche Gestaltung des Arbeitsplatzes<\/h5>\n\n\n\n<p class=\"zeilenabstand\">Inwiefern werden am Arbeitsplatz Arbeits- und Umweltschutz mitgedacht? Um dies zu \u00fcberpr\u00fcfen bietet der <a rel=\"noreferrer noopener\" href=\"https:\/\/www.betriebsarzt.uni-halle.de\/\" target=\"_blank\">Betriebs\u00e4rztliche Dienst<\/a> der MLU Arbeitsplatzbegehungen an. Au\u00dferdem beurteilt der <a href=\"https:\/\/umwelt.verwaltung.uni-halle.de\/\" target=\"_blank\" rel=\"noreferrer noopener\">Stab Arbeits- und Umweltschutz<\/a> Gef\u00e4hrdungen und Belastungen am Arbeitsplatz. Regelm\u00e4\u00dfige Vorsorgeuntersuchungen durch den Betriebs\u00e4rztlichen Dienst geh\u00f6ren neben Bewegungs- und Entspannungsangeboten zu den pr\u00e4ventiven Ma\u00dfnahmen der MLU.<\/p>\n<\/div><\/div>\n\n\n\n<div class=\"wp-block-pb-accordion-item c-accordion__item js-accordion-item no-js is-open\" data-initially-open=\"true\" data-click-to-close=\"true\" data-auto-close=\"false\" data-scroll=\"false\" data-scroll-offset=\"0\"><h4 id=\"at-901\" class=\"c-accordion__title js-accordion-controller\" role=\"button\"><div style=\"padding:12px;background-color:#b1e053;line-height:1.4\"> Herausforderung Promotion &amp; Postdoc-Phase<\/div><\/h4><div id=\"ac-901\" class=\"c-accordion__content\">\n<p class=\"zeilenabstand\">\u00dcber viele Jahre die Promotion in Eigenverantwortung voranzutreiben, kann zu einer psychischen Bew\u00e4hrungsprobe werden. Wie kann man diese herausfordernde Zeit gut meistern?<\/p>\n\n\n\n<p>Hilfe und Beratung:   <\/p>\n\n\n\n<ul><li><a rel=\"noreferrer noopener\" href=\"https:\/\/blogs.urz.uni-halle.de\/mlu4career\/karriere-einstieg\/qualifikationen\/#Fuehrung\" target=\"_blank\">Coachingangebot<\/a> der MLU<\/li><li><a rel=\"noreferrer noopener\" href=\"https:\/\/www.studentenwerk-halle.de\/beratung-soziales\/psychosoziale-beratung\/beratungsangebote\" target=\"_blank\">psychosoziale Beratung<\/a> durch das Studentenwerk &#8211; Angebot f\u00fcr Promovierende (Postdocs und andere Wissenschaftler k\u00f6nnen das Angebot allerdings nicht nutzen)<\/li><\/ul>\n\n\n\n<p>Die Wissenschaftskarriere verfolgen oder doch lieber Plan B? Wann und wie steigt man am besten aus? Kann ich es wirklich: den Traumberuf Wissenschaft hinter mir lassen? Oder eisern den Weg zur Professur gehen, auch mit Familie? Die Postdoc-Phase ist oftmals nicht weniger anstrengend als die Promotionsphase. Und dabei hatte man doch gedacht: wenn die Promotion erstmal vorbei ist, wird es bestimmt besser &#8230;  <\/p>\n\n\n\n<ul><li>Workshops der <a rel=\"noreferrer noopener\" href=\"https:\/\/blogs.urz.uni-halle.de\/ingra\/kategorie\/complementary-skills-workshops\/\" target=\"_blank\">Internationalen Graduiertenakademie InGrA<\/a> sowie des allgemeinen <a rel=\"noreferrer noopener\" href=\"https:\/\/personal.verwaltung.uni-halle.de\/service\/personalentwicklung\/aktuelles\/\" target=\"_blank\">Weiterbildungsprogramms<\/a> der MLU k\u00f6nnen bei der Beantwortung oben genannter Fragen behilflich sein<\/li><li><a rel=\"noreferrer noopener\" href=\"https:\/\/blogs.urz.uni-halle.de\/mlu4career\/karriere-einstieg\/qualifikationen\/#Fuehrung\" target=\"_blank\">Coaching<\/a> nutzen f\u00fcr Karriereberatung und -entwicklung<\/li><\/ul>\n\n\n\n<p><\/p>\n<\/div><\/div>\n\n\n\n<div class=\"wp-block-pb-accordion-item c-accordion__item js-accordion-item no-js is-open\" data-initially-open=\"true\" data-click-to-close=\"true\" data-auto-close=\"false\" data-scroll=\"false\" data-scroll-offset=\"0\"><h4 id=\"at-902\" class=\"c-accordion__title js-accordion-controller\" role=\"button\"><div style=\"padding:12px;background-color:#b1e053;line-height:1.4\"> Wissenschaftskarriere mit chronischen Krankheiten\/Behinderungen<\/div><\/h4><div id=\"ac-902\" class=\"c-accordion__content\">\n<p class=\"zeilenabstand\">Alle Personen haben das Recht auf Bildung. Dennoch sind die Grundvoraussetzungen verschieden. Chronische Krankheiten oder Behinderungen k\u00f6nnen dazu f\u00fchren, dass man im Laufe einer wissenschaftlichen Karriere mit zus\u00e4tzlichen Herausforderungen konfrontiert ist. Wenden Sie sich gerne mit Fragen an die <a rel=\"noreferrer noopener\" href=\"https:\/\/www.inklusion.uni-halle.de\/\" target=\"_blank\">Beratungsstelle f\u00fcr Inklusion<\/a>.<a rel=\"noreferrer noopener\" href=\"https:\/\/www.reha.uni-halle.de\/arbeitsbereiche\/allgemeine_rehapaedagogik\/1555905_3241797\/\" target=\"_blank\"><\/a><\/p>\n<\/div><\/div>\n\n\n\n<div class=\"wp-block-pb-accordion-item c-accordion__item js-accordion-item no-js is-open\" data-initially-open=\"true\" data-click-to-close=\"true\" data-auto-close=\"false\" data-scroll=\"false\" data-scroll-offset=\"0\"><h4 id=\"at-903\" class=\"c-accordion__title js-accordion-controller\" role=\"button\"><div style=\"padding:12px;background-color:#b1e053;line-height:1.4\"> Sozial- und Konfliktberatung<\/div><\/h4><div id=\"ac-903\" class=\"c-accordion__content\">\n<p class=\"zeilenabstand\">Kein Ort ist frei von Konflikten. Um diese allerdings auf einer m\u00f6glichst niedrigen Stufe l\u00f6sen zu k\u00f6nnen, gibt es verschiedene Beratungs- und Begleitungsangebote, u. a. die Einzelberatung im Falle von Diskriminierungserfahrungen, Moderation von Umstrukturierungs- und Teamprozessen oder Konfliktberatungsangebote.<br>Weiterf\u00fchrende Links und Kontaktm\u00f6glichkeiten finden Sie auf den Seiten der <a rel=\"noreferrer noopener\" href=\"https:\/\/www.sozial-konfliktberatung.uni-halle.de\/\" target=\"_blank\">Sozial- und Konfliktberatung<\/a> der MLU.<\/p>\n<\/div><\/div>\n\n\n\n<div class=\"wp-block-pb-accordion-item c-accordion__item js-accordion-item no-js is-open\" data-initially-open=\"true\" data-click-to-close=\"true\" data-auto-close=\"false\" data-scroll=\"false\" data-scroll-offset=\"0\"><h4 id=\"at-904\" class=\"c-accordion__title js-accordion-controller\" role=\"button\"><div style=\"padding:12px;background-color:#b1e053;line-height:1.4\"> Zur\u00fcckkommen leicht gemacht<\/div><\/h4><div id=\"ac-904\" class=\"c-accordion__content\">\n<p class=\"zeilenabstand\">Waren Sie l\u00e4nger als sechs Wochen arbeitsunf\u00e4hig? Die MLU versucht den Wiedereinstieg ins Arbeitsleben so gut es geht zu erleichtern. Wenden Sie sich an die <a href=\"https:\/\/personal.verwaltung.uni-halle.de\/\" target=\"_blank\" rel=\"noreferrer noopener\">Abteilung 3 &#8211; Personal<\/a> und erkundigen Sie sich nach dem <a rel=\"noreferrer noopener\" href=\"https:\/\/personal.verwaltung.uni-halle.de\/service\/bem\/\" target=\"_blank\">Betrieblichen Eingliederungsmanagement (BEM)<\/a>.<\/p>\n<\/div><\/div>\n\n\n\n<hr class=\"wp-block-separator is-style-wide\" \/>\n\n\n\n<p class=\"zeilenabstand\"><strong>Links zu weiterf\u00fchrenden Informationen<\/strong><\/p>\n\n\n\n<p class=\"zeilenabstand\">Professionelle Beratung durch das <a rel=\"noreferrer noopener\" href=\"https:\/\/www.coachingnetz-wissenschaft.de\/\" target=\"_blank\">Coachingnetz Wissenschaft e.V.<\/a><\/p>\n\n\n\n<p class=\"zeilenabstand\">PhDs: the tortuous truth &#8211; <a rel=\"noreferrer noopener\" href=\"https:\/\/doi.org\/10.1038\/d41586-019-03459-7\" target=\"_blank\"><em>Nature<\/em>\u2019s survey <\/a>of more than 6,000 graduate students reveals the turbulent nature of doctoral research.<\/p>\n\n\n\n<p><a href=\"https:\/\/www.nature.com\/articles\/d41586-023-03163-7?utm\" target=\"_blank\" rel=\"noreferrer noopener\">Nature\u2019s 2023 postdoc survey<\/a>: Postdocs still feel as if they are academia\u2019s drudge labourers, but have more<br>confidence about job prospects in a post-pandemic world<\/p>\n","protected":false},"excerpt":{"rendered":"<p>Gesund die Arbeit und Karriere meistern, ist ein gro\u00dfes Anliegen der MLU. Gute Arbeitsbedingungen, wie etwa eine entsprechende Ausstattung des Arbeitsortes, ein angenehmes Arbeitsklima, sinnvolle Aufgabenpakete und ad\u00e4quate Kommunikation erm\u00f6glichen ein motiviertes und gesundheitsf\u00f6rderliches Arbeiten. Die MLU unterst\u00fctzt dabei. Links zu weiterf\u00fchrenden Informationen Professionelle Beratung durch das Coachingnetz Wissenschaft e.V. PhDs: the tortuous truth &#8211; [&hellip;]<\/p>\n","protected":false},"author":4228,"featured_media":0,"parent":77,"menu_order":2,"comment_status":"closed","ping_status":"closed","template":"","meta":[],"_links":{"self":[{"href":"https:\/\/blogs.urz.uni-halle.de\/mlu4career\/wp-json\/wp\/v2\/pages\/90"}],"collection":[{"href":"https:\/\/blogs.urz.uni-halle.de\/mlu4career\/wp-json\/wp\/v2\/pages"}],"about":[{"href":"https:\/\/blogs.urz.uni-halle.de\/mlu4career\/wp-json\/wp\/v2\/types\/page"}],"author":[{"embeddable":true,"href":"https:\/\/blogs.urz.uni-halle.de\/mlu4career\/wp-json\/wp\/v2\/users\/4228"}],"replies":[{"embeddable":true,"href":"https:\/\/blogs.urz.uni-halle.de\/mlu4career\/wp-json\/wp\/v2\/comments?post=90"}],"version-history":[{"count":10,"href":"https:\/\/blogs.urz.uni-halle.de\/mlu4career\/wp-json\/wp\/v2\/pages\/90\/revisions"}],"predecessor-version":[{"id":2743,"href":"https:\/\/blogs.urz.uni-halle.de\/mlu4career\/wp-json\/wp\/v2\/pages\/90\/revisions\/2743"}],"up":[{"embeddable":true,"href":"https:\/\/blogs.urz.uni-halle.de\/mlu4career\/wp-json\/wp\/v2\/pages\/77"}],"wp:attachment":[{"href":"https:\/\/blogs.urz.uni-halle.de\/mlu4career\/wp-json\/wp\/v2\/media?parent=90"}],"curies":[{"name":"wp","href":"https:\/\/api.w.org\/{rel}","templated":true}]}}