{"id":53,"date":"2019-07-08T00:00:15","date_gmt":"2019-07-07T22:00:15","guid":{"rendered":"https:\/\/blogs.urz.uni-halle.de\/nachhall\/?page_id=53"},"modified":"2019-07-08T10:35:48","modified_gmt":"2019-07-08T08:35:48","slug":"fazit","status":"publish","type":"page","link":"https:\/\/blogs.urz.uni-halle.de\/nachhall\/muellfrei\/fazit\/","title":{"rendered":"Fazit"},"content":{"rendered":"<div class=\"twoclick_social_bookmarks_post_53 social_share_privacy clearfix 1.6.4 locale-de_DE sprite-de_DE\"><\/div><div class=\"twoclick-js\"><script type=\"text\/javascript\">\/* <![CDATA[ *\/\njQuery(document).ready(function($){if($('.twoclick_social_bookmarks_post_53')){$('.twoclick_social_bookmarks_post_53').socialSharePrivacy({\"txt_help\":\"Wenn Sie diese Felder durch einen Klick aktivieren, werden Informationen an Facebook, Twitter, Flattr, Xing, t3n, LinkedIn, Pinterest oder Google eventuell ins Ausland \\u00fcbertragen und unter Umst\\u00e4nden auch dort gespeichert. N\\u00e4heres erfahren Sie durch einen Klick auf das <em>i<\\\/em>.\",\"settings_perma\":\"Dauerhaft aktivieren und Daten\\u00fcber-tragung zustimmen:\",\"info_link\":\"http:\\\/\\\/www.heise.de\\\/ct\\\/artikel\\\/2-Klicks-fuer-mehr-Datenschutz-1333879.html\",\"uri\":\"https:\\\/\\\/blogs.urz.uni-halle.de\\\/nachhall\\\/muellfrei\\\/fazit\\\/\",\"post_id\":53,\"post_title_referrer_track\":\"Fazit\",\"display_infobox\":\"on\"});}});\n\/* ]]> *\/<\/script><\/div><p>K\u00fcchen\u00adabf\u00e4lle, durch z.B. Obst, Gem\u00fcse oder Eier, gilt f\u00fcr mich zwar nur bed\u00adingt als M\u00fcll, weil man daraus Kom\u00adpost als D\u00fcnger f\u00fcr den Boden machen kann, aber nichts\u00addestotrotz habe ich es zur Ver\u00adan\u00adschaulichung mit dokumentiert.<\/p>\n<p>Dieses Bild zeigt dem\u00adnach alles, was ich in ein\u00ader Woche benutzt habe und bald im M\u00fcll lan\u00adden k\u00f6nnte.<\/p>\n<p><img loading=\"lazy\" class=\"aligncenter size-medium wp-image-54\" src=\"https:\/\/blogs.urz.uni-halle.de\/nachhall\/files\/2019\/07\/Ergebnis-M\u00fcll-300x211.jpg\" alt width=\"300\" height=\"211\" srcset=\"https:\/\/blogs.urz.uni-halle.de\/nachhall\/files\/2019\/07\/Ergebnis-M\u00fcll-300x211.jpg 300w, https:\/\/blogs.urz.uni-halle.de\/nachhall\/files\/2019\/07\/Ergebnis-M\u00fcll-768x540.jpg 768w, https:\/\/blogs.urz.uni-halle.de\/nachhall\/files\/2019\/07\/Ergebnis-M\u00fcll-1024x720.jpg 1024w\" sizes=\"(max-width: 300px) 100vw, 300px\"><\/p>\n<p>Die \u00d6lflasche l\u00e4sst sich leicht ver\u00admei\u00adden, der Salzstreuer ist f\u00fcr weit\u00adere Gew\u00fcrze wiederver\u00adw\u00adert\u00adbar und vom Klopa\u00adpi\u00ader wird nur das Pap\u00adpr\u00f6llchen bleiben. F\u00fcr saure Sahne habe ich lei\u00adder keinen Ersatz gefun\u00adden, vielle\u00adicht wird man das aber bald in Unver\u00adpackt-L\u00e4den finden.<\/p>\n<p><strong>Faz\u00adit:<\/strong><\/p>\n<p>Ich habe es geschafft! Und das ohne, dass ich Angst vor dem Ver\u00adhungern hat\u00adte. Und eigentlich war es auch gar nicht so schwer.<\/p>\n<p>Ich muss sagen, dass ich schon ziem\u00adlich zufrieden mit dem Endergeb\u00adnis bin \u2013 auch wenn es zwis\u00adchen\u00addurch etwas schwierig war, auch wenn ich mich zusam\u00admen\u00adrei\u00dfen musste, um nicht eine Fer\u00adtig\u00adpiz\u00adza in den Ofen zu schieben und auch wenn man noch einiges opti\u00admieren kann, hin\u00adsichtlich Sp\u00fclmit\u00adtel, Zah\u00adn\u00adpas\u00adta, \u00d6l und Gew\u00fcrzen.<\/p>\n<p>Aber f\u00fcr ein ein\u00adw\u00f6chiges Pro\u00adjekt, finde ich das Resul\u00adtat sehenswert. Beson\u00adders erstaun\u00addlich finde ich, wie viel M\u00fcll ohne viel Aufwand ver\u00admieden wer\u00adden kann. Wenn der Unver\u00adpackt-Laden in Halle auf\u00admacht, wird das m\u00fcll\u00adfreie einkaufen noch leichter fall\u00aden. Und mit meinem Selb\u00ads\u00adt\u00adex\u00adper\u00adi\u00adment kann ich nun beweisen, dass jed\u00ader einzel\u00adnde von Euch dazu f\u00e4hig ist, ohne viel Aufwand weniger M\u00fcll zu prodezieren.<\/p>\n<p>Ich finde es geht gar nicht darum, ein Zero-Waste-Leben zu f\u00fchren. Ich m\u00f6chte euch auch gar nicht dazu auf\u00adfordern, keine Ver\u00adpack\u00adun\u00adgen mehr zu kaufen. Aber was ich m\u00f6chte ist, euch darauf aufmerk\u00adsam zu machen, wie viel von unseren Lebens\u00admit\u00adteln eingepackt ist. Ich m\u00f6chte, dass ihr euch dar\u00fcber bewusst werdet, was ihr alles kauft, was man auch durch alter\u00adna\u00adtive Pro\u00adduk\u00adte erset\u00adzen&nbsp;kann.<\/p>\n<p>Und vielle\u00adicht, wenn ihr offen dazu seid und unser\u00ader Umwelt einen Gefall\u00aden tun wollt, dann geht doch mal auf den Wochen\u00admarkt und kauft ein\u00adfach mal nicht die eingepack\u00adte Papri\u00adka, son\u00addern lieber die lose aus der Region. Nehmt euch nicht f\u00fcr jedes St\u00fcck Obst oder Gem\u00fcse eine Plas\u00adtik\u00adt\u00fcte, son\u00addern einen Jute\u00adbeu\u00adtel von zu&nbsp;Hause.<\/p>\n<p style=\"text-align: center\"><strong>Der Men\u00adsch ist lei\u00adder h\u00e4u\u00adfig zu bequem, um aus seinen allt\u00e4glichen Rou\u00adti\u00adnen auszubrechen. Beweist euch doch das Gegen\u00adteil. Je mehr Men\u00adschen nach\u00adhaltig leben, desto mehr wird das bewirken und zum Umweltschutz beitra\u00adgen. Lasst uns das gemein\u00adsam angehen!<\/strong><\/p>\n<p>&nbsp;<\/p>\n<p>Werft doch mal auf der Seite von \u201cEin\u00adfach Unver\u00adpackt\u201d einen Blick auf das&nbsp;<a href=\"https:\/\/www.einfach-unverpackt.de\/sortiment\/\" target=\"_blank\" rel=\"noopener\">Sor\u00adti\u00adment!<\/a><\/p>\n","protected":false},"excerpt":{"rendered":"<p>K\u00fcchen\u00adabf\u00e4lle, durch z.B. Obst, Gem\u00fcse oder Eier, gilt f\u00fcr mich zwar nur bed\u00adingt als M\u00fcll, weil man daraus Kom\u00adpost als D\u00fcnger f\u00fcr den Boden machen kann, aber nichts\u00addestotrotz habe ich es zur Ver\u00adan\u00adschaulichung mit doku\u00admen\u00adtiert. Dieses Bild zeigt dem\u00adnach alles, was ich in ein\u00ader Woche benutzt habe und bald im M\u00fcll lan\u00adden k\u00f6n\u00adnte. Die \u00d6lflasche&nbsp;[\u2026]<\/p>\n","protected":false},"author":4146,"featured_media":0,"parent":27,"menu_order":5,"comment_status":"closed","ping_status":"closed","template":"","meta":{"wp_typography_post_enhancements_disabled":false},"_links":{"self":[{"href":"https:\/\/blogs.urz.uni-halle.de\/nachhall\/wp-json\/wp\/v2\/pages\/53"}],"collection":[{"href":"https:\/\/blogs.urz.uni-halle.de\/nachhall\/wp-json\/wp\/v2\/pages"}],"about":[{"href":"https:\/\/blogs.urz.uni-halle.de\/nachhall\/wp-json\/wp\/v2\/types\/page"}],"author":[{"embeddable":true,"href":"https:\/\/blogs.urz.uni-halle.de\/nachhall\/wp-json\/wp\/v2\/users\/4146"}],"replies":[{"embeddable":true,"href":"https:\/\/blogs.urz.uni-halle.de\/nachhall\/wp-json\/wp\/v2\/comments?post=53"}],"version-history":[{"count":1,"href":"https:\/\/blogs.urz.uni-halle.de\/nachhall\/wp-json\/wp\/v2\/pages\/53\/revisions"}],"predecessor-version":[{"id":55,"href":"https:\/\/blogs.urz.uni-halle.de\/nachhall\/wp-json\/wp\/v2\/pages\/53\/revisions\/55"}],"up":[{"embeddable":true,"href":"https:\/\/blogs.urz.uni-halle.de\/nachhall\/wp-json\/wp\/v2\/pages\/27"}],"wp:attachment":[{"href":"https:\/\/blogs.urz.uni-halle.de\/nachhall\/wp-json\/wp\/v2\/media?parent=53"}],"curies":[{"name":"wp","href":"https:\/\/api.w.org\/{rel}","templated":true}]}}