{"id":59,"date":"2019-07-08T00:00:34","date_gmt":"2019-07-07T22:00:34","guid":{"rendered":"https:\/\/blogs.urz.uni-halle.de\/nachhall\/?page_id=59"},"modified":"2019-07-08T11:13:43","modified_gmt":"2019-07-08T09:13:43","slug":"rezepte","status":"publish","type":"page","link":"https:\/\/blogs.urz.uni-halle.de\/nachhall\/pflegeprodukte-diy\/rezepte\/","title":{"rendered":"Rezepte"},"content":{"rendered":"<div class=\"twoclick_social_bookmarks_post_59 social_share_privacy clearfix 1.6.4 locale-de_DE sprite-de_DE\"><\/div><div class=\"twoclick-js\"><script type=\"text\/javascript\">\/* <![CDATA[ *\/\njQuery(document).ready(function($){if($('.twoclick_social_bookmarks_post_59')){$('.twoclick_social_bookmarks_post_59').socialSharePrivacy({\"txt_help\":\"Wenn Sie diese Felder durch einen Klick aktivieren, werden Informationen an Facebook, Twitter, Flattr, Xing, t3n, LinkedIn, Pinterest oder Google eventuell ins Ausland \\u00fcbertragen und unter Umst\\u00e4nden auch dort gespeichert. N\\u00e4heres erfahren Sie durch einen Klick auf das <em>i<\\\/em>.\",\"settings_perma\":\"Dauerhaft aktivieren und Daten\\u00fcber-tragung zustimmen:\",\"info_link\":\"http:\\\/\\\/www.heise.de\\\/ct\\\/artikel\\\/2-Klicks-fuer-mehr-Datenschutz-1333879.html\",\"uri\":\"https:\\\/\\\/blogs.urz.uni-halle.de\\\/nachhall\\\/pflegeprodukte-diy\\\/rezepte\\\/\",\"post_id\":59,\"post_title_referrer_track\":\"Rezepte\",\"display_infobox\":\"on\"});}});\n\/* ]]> *\/<\/script><\/div><p>Die Rezepte habe ich alle von dieser <a href=\"https:\/\/www.smarticular.net\/mittel-zur-koerperpflege-diedu-leicht-selbst-herstellen-kannst\/\" target=\"_blank\" rel=\"noopener\">Seite.<\/a>&nbsp;Ich habe sie bere\u00adits vor dem Exper\u00adi\u00adment ent\u00addeckt und daher kam auch die Inspi\u00adra\u00adtion f\u00fcr dieses Exper\u00adi\u00adment. Bei der Pro\u00adduk\u00adtauswahl habe ich darauf geachtet, dass diese nicht allzu viele Zutat\u00aden ben\u00f6ti\u00adgen und dass man diese gr\u00f6\u00df\u00adten\u00adteils schon zu Zuhause hat.<\/p>\n<p>Das Fes\u00adtle\u00adgen, welche Pro\u00adduk\u00adte ich nehmen m\u00f6chte, fiel nicht schw\u00ader und man find\u00adet auf der Seite zu jedem Pflege\u00adpro\u00addukt min\u00addestens eine Alter\u00adna\u00adtive. Da ich die meis\u00adten Zutat\u00aden Zuhause hat\u00adte, brauchte ich nur Kleinigkeit\u00aden besor\u00adgen. Daf\u00fcr bin ich in den nor\u00admalen Super\u00admarkt und in die Drogerie gegan\u00adgen, dabei habe ich darauf geachtet, m\u00f6glichst die Bio-Ver\u00adsion zu nehmen.<\/p>\n<p>Was man nat\u00fcr\u00adlich auch noch ben\u00f6tigt sind Gef\u00e4\u00dfe\/Beh\u00e4ltnisse, in welche die fer\u00adti\u00adgen Pro\u00adduk\u00adte abge\u00adf\u00fcllt und gelagert wer\u00adden k\u00f6n\u00adnen. Dazu eige\u00adnen sich die Reise\u00adflaschen f\u00fcrs Handgep\u00e4ck, sie sind klein und man kann sie wiederver\u00adwen\u00adden. Aber auch alte Creme\u00addosen bieten sich an, nach\u00addem man sie gr\u00fcndlich ges\u00e4u\u00adbert&nbsp;hat.<\/p>\n<p>Fol\u00adgende Pro\u00adduk\u00adte m\u00f6chte ich herstellen:<\/p>\n<ul>\n<li>Gesichtscreme<\/li>\n<li>K\u00f6rperbutter\/Lippenbalsam<\/li>\n<li>Deospray<\/li>\n<li>Sham\u00adpoo mit Sp\u00fclung<\/li>\n<li>Duschgel<\/li>\n<li>Zah\u00adn\u00adpul\u00adver<\/li>\n<li>Mund\u00adsp\u00fclung<\/li>\n<\/ul>\n<p>Alle Zutat\u00aden, die ich daf\u00fcr ben\u00f6tige sind folgende:<\/p>\n<figure id=\"attachment_60\" aria-describedby=\"caption-attachment-60\" style=\"width: 640px\" class=\"wp-caption aligncenter\"><img loading=\"lazy\" class=\"size-large wp-image-60\" src=\"https:\/\/blogs.urz.uni-halle.de\/nachhall\/files\/2019\/07\/Zutaten-Produkte-1024x548.jpg\" alt width=\"640\" height=\"343\" srcset=\"https:\/\/blogs.urz.uni-halle.de\/nachhall\/files\/2019\/07\/Zutaten-Produkte-1024x548.jpg 1024w, https:\/\/blogs.urz.uni-halle.de\/nachhall\/files\/2019\/07\/Zutaten-Produkte-300x161.jpg 300w, https:\/\/blogs.urz.uni-halle.de\/nachhall\/files\/2019\/07\/Zutaten-Produkte-768x411.jpg 768w, https:\/\/blogs.urz.uni-halle.de\/nachhall\/files\/2019\/07\/Zutaten-Produkte.jpg 1281w\" sizes=\"(max-width: 640px) 100vw, 640px\"><figcaption id=\"caption-attachment-60\" class=\"wp-caption-text\">Sal\u00adbei, Xyl\u00adi\u00adtol (Birken\u00adzuck\u00ader), Apfel, Kas\u00adtanien, Vod\u00adka, japanis\u00adches Heilpflanzen\u00f6l, Vanilleschote, Lein\u00adsamen, Natron, Apfe\u00adlessig, Bienenwachs, Kokos\u00f6l, She\u00adabut\u00adter &amp; Wasser<\/figcaption><\/figure>\n","protected":false},"excerpt":{"rendered":"<p>Die Rezepte habe ich alle von dieser Seite.&nbsp;Ich habe sie bere\u00adits vor dem Exper\u00adi\u00adment ent\u00addeckt und daher kam auch die Inspi\u00adra\u00adtion f\u00fcr dieses Exper\u00adi\u00adment. Bei der Pro\u00adduk\u00adtauswahl habe ich darauf geachtet, dass diese nicht allzu viele Zutat\u00aden ben\u00f6ti\u00adgen und dass man diese gr\u00f6\u00df\u00adten\u00adteils schon zu Zuhause hat. Das Fes\u00adtle\u00adgen, welche Pro\u00adduk\u00adte ich nehmen m\u00f6chte, fiel&nbsp;[\u2026]<\/p>\n","protected":false},"author":4146,"featured_media":0,"parent":56,"menu_order":1,"comment_status":"closed","ping_status":"closed","template":"","meta":{"wp_typography_post_enhancements_disabled":false},"_links":{"self":[{"href":"https:\/\/blogs.urz.uni-halle.de\/nachhall\/wp-json\/wp\/v2\/pages\/59"}],"collection":[{"href":"https:\/\/blogs.urz.uni-halle.de\/nachhall\/wp-json\/wp\/v2\/pages"}],"about":[{"href":"https:\/\/blogs.urz.uni-halle.de\/nachhall\/wp-json\/wp\/v2\/types\/page"}],"author":[{"embeddable":true,"href":"https:\/\/blogs.urz.uni-halle.de\/nachhall\/wp-json\/wp\/v2\/users\/4146"}],"replies":[{"embeddable":true,"href":"https:\/\/blogs.urz.uni-halle.de\/nachhall\/wp-json\/wp\/v2\/comments?post=59"}],"version-history":[{"count":1,"href":"https:\/\/blogs.urz.uni-halle.de\/nachhall\/wp-json\/wp\/v2\/pages\/59\/revisions"}],"predecessor-version":[{"id":61,"href":"https:\/\/blogs.urz.uni-halle.de\/nachhall\/wp-json\/wp\/v2\/pages\/59\/revisions\/61"}],"up":[{"embeddable":true,"href":"https:\/\/blogs.urz.uni-halle.de\/nachhall\/wp-json\/wp\/v2\/pages\/56"}],"wp:attachment":[{"href":"https:\/\/blogs.urz.uni-halle.de\/nachhall\/wp-json\/wp\/v2\/media?parent=59"}],"curies":[{"name":"wp","href":"https:\/\/api.w.org\/{rel}","templated":true}]}}