{"id":232,"date":"2021-07-27T15:26:24","date_gmt":"2021-07-27T13:26:24","guid":{"rendered":"https:\/\/blogs.urz.uni-halle.de\/nachschlagewerk\/?page_id=232"},"modified":"2021-09-09T15:57:51","modified_gmt":"2021-09-09T13:57:51","slug":"start","status":"publish","type":"page","link":"https:\/\/blogs.urz.uni-halle.de\/nachschlagewerk\/die-digitale-praesentation\/start\/","title":{"rendered":"Start"},"content":{"rendered":"\n<p>Am wichtigsten ist f\u00fcr dich der Reiter <strong>\u201eStart\u201c<\/strong>. Hier kannst du die Schrift des Textes ver\u00e4ndern, nach rechts, links oder in die Mitte verschieben oder auch \u00dcberschriften hervorheben. Au\u00dferdem kannst du hier neue Folien mit verschiedenen Aufbauten einf\u00fcgen oder dir Designideen holen, also wie du deine Pr\u00e4sentation gestalten kannst. Schaue dir das folgende Bild an und klicke dich durch.<\/p>\n\n\n<div class=\"h5p-iframe-wrapper\"><iframe id=\"h5p-iframe-26\" class=\"h5p-iframe\" data-content-id=\"26\" style=\"height:1px\" src=\"about:blank\" frameBorder=\"0\" scrolling=\"no\" title=\"Start in PowerPoint\"><\/iframe><\/div>\n","protected":false},"excerpt":{"rendered":"<p>Am wichtigsten ist f\u00fcr dich der Reiter \u201eStart\u201c. Hier kannst du die Schrift des Textes ver\u00e4ndern, nach rechts, links oder in die Mitte verschieben oder auch \u00dcberschriften hervorheben. Au\u00dferdem kannst du hier neue Folien mit verschiedenen Aufbauten einf\u00fcgen oder dir <a class=\"more-link\" href=\"https:\/\/blogs.urz.uni-halle.de\/nachschlagewerk\/die-digitale-praesentation\/start\/\">weiterlesen  <span class=\"screen-reader-text\">  Start<\/span><span class=\"meta-nav\">&rarr;<\/span><\/a><\/p>\n","protected":false},"author":5154,"featured_media":0,"parent":72,"menu_order":0,"comment_status":"closed","ping_status":"closed","template":"page-fullwidth.php","meta":[],"_links":{"self":[{"href":"https:\/\/blogs.urz.uni-halle.de\/nachschlagewerk\/wp-json\/wp\/v2\/pages\/232"}],"collection":[{"href":"https:\/\/blogs.urz.uni-halle.de\/nachschlagewerk\/wp-json\/wp\/v2\/pages"}],"about":[{"href":"https:\/\/blogs.urz.uni-halle.de\/nachschlagewerk\/wp-json\/wp\/v2\/types\/page"}],"author":[{"embeddable":true,"href":"https:\/\/blogs.urz.uni-halle.de\/nachschlagewerk\/wp-json\/wp\/v2\/users\/5154"}],"replies":[{"embeddable":true,"href":"https:\/\/blogs.urz.uni-halle.de\/nachschlagewerk\/wp-json\/wp\/v2\/comments?post=232"}],"version-history":[{"count":5,"href":"https:\/\/blogs.urz.uni-halle.de\/nachschlagewerk\/wp-json\/wp\/v2\/pages\/232\/revisions"}],"predecessor-version":[{"id":595,"href":"https:\/\/blogs.urz.uni-halle.de\/nachschlagewerk\/wp-json\/wp\/v2\/pages\/232\/revisions\/595"}],"up":[{"embeddable":true,"href":"https:\/\/blogs.urz.uni-halle.de\/nachschlagewerk\/wp-json\/wp\/v2\/pages\/72"}],"wp:attachment":[{"href":"https:\/\/blogs.urz.uni-halle.de\/nachschlagewerk\/wp-json\/wp\/v2\/media?parent=232"}],"curies":[{"name":"wp","href":"https:\/\/api.w.org\/{rel}","templated":true}]}}