{"id":241,"date":"2021-07-27T15:30:07","date_gmt":"2021-07-27T13:30:07","guid":{"rendered":"https:\/\/blogs.urz.uni-halle.de\/nachschlagewerk\/?page_id=241"},"modified":"2021-09-05T13:30:39","modified_gmt":"2021-09-05T11:30:39","slug":"entwurf","status":"publish","type":"page","link":"https:\/\/blogs.urz.uni-halle.de\/nachschlagewerk\/die-digitale-praesentation\/entwurf\/","title":{"rendered":"Entwurf"},"content":{"rendered":"\n<p>Der Reiter<strong> \u201eEntwurf\u201c<\/strong> zeigt dir viele verschiedene Gestaltungsm\u00f6glichkeiten f\u00fcr deine Pr\u00e4sentation. Klickst du eine Idee an, so wird diese f\u00fcr alle deine Seiten sowie die Schriftart und Schriftfarbe \u00fcbernommen.\u00a0<\/p>\n\n\n<div class=\"h5p-iframe-wrapper\"><iframe id=\"h5p-iframe-29\" class=\"h5p-iframe\" data-content-id=\"29\" style=\"height:1px\" src=\"about:blank\" frameBorder=\"0\" scrolling=\"no\" title=\"PowerPOint Entwurf\"><\/iframe><\/div>\n","protected":false},"excerpt":{"rendered":"<p>Der Reiter \u201eEntwurf\u201c zeigt dir viele verschiedene Gestaltungsm\u00f6glichkeiten f\u00fcr deine Pr\u00e4sentation. Klickst du eine Idee an, so wird diese f\u00fcr alle deine Seiten sowie die Schriftart und Schriftfarbe \u00fcbernommen.\u00a0<\/p>\n","protected":false},"author":5154,"featured_media":0,"parent":72,"menu_order":0,"comment_status":"closed","ping_status":"closed","template":"page-fullwidth.php","meta":[],"_links":{"self":[{"href":"https:\/\/blogs.urz.uni-halle.de\/nachschlagewerk\/wp-json\/wp\/v2\/pages\/241"}],"collection":[{"href":"https:\/\/blogs.urz.uni-halle.de\/nachschlagewerk\/wp-json\/wp\/v2\/pages"}],"about":[{"href":"https:\/\/blogs.urz.uni-halle.de\/nachschlagewerk\/wp-json\/wp\/v2\/types\/page"}],"author":[{"embeddable":true,"href":"https:\/\/blogs.urz.uni-halle.de\/nachschlagewerk\/wp-json\/wp\/v2\/users\/5154"}],"replies":[{"embeddable":true,"href":"https:\/\/blogs.urz.uni-halle.de\/nachschlagewerk\/wp-json\/wp\/v2\/comments?post=241"}],"version-history":[{"count":4,"href":"https:\/\/blogs.urz.uni-halle.de\/nachschlagewerk\/wp-json\/wp\/v2\/pages\/241\/revisions"}],"predecessor-version":[{"id":523,"href":"https:\/\/blogs.urz.uni-halle.de\/nachschlagewerk\/wp-json\/wp\/v2\/pages\/241\/revisions\/523"}],"up":[{"embeddable":true,"href":"https:\/\/blogs.urz.uni-halle.de\/nachschlagewerk\/wp-json\/wp\/v2\/pages\/72"}],"wp:attachment":[{"href":"https:\/\/blogs.urz.uni-halle.de\/nachschlagewerk\/wp-json\/wp\/v2\/media?parent=241"}],"curies":[{"name":"wp","href":"https:\/\/api.w.org\/{rel}","templated":true}]}}