{"id":31,"date":"2021-07-13T15:44:03","date_gmt":"2021-07-13T13:44:03","guid":{"rendered":"https:\/\/blogs.urz.uni-halle.de\/nachschlagewerk\/?page_id=31"},"modified":"2021-09-09T15:19:30","modified_gmt":"2021-09-09T13:19:30","slug":"einfuegen","status":"publish","type":"page","link":"https:\/\/blogs.urz.uni-halle.de\/nachschlagewerk\/das-programm-word\/einfuegen\/","title":{"rendered":"Einf\u00fcgen"},"content":{"rendered":"<p>Im Reiter <strong>\u201eEinf\u00fcgen\u201c<\/strong> kannst du eine neue Seite, Tabellen, Bilder und Formen einf\u00fcgen. Au\u00dferdem kannst du auch Textfelder erstellen, was f\u00fcr ein Plakat von Vorteil sein kann. Es gibt auch noch weitere Funktionen, diese werden aber erst einmal keine gro\u00dfe Rolle f\u00fcr dich spielen. Wo du welche Funktion im Reiter <strong>\u201eEinf\u00fcgen\u201c<\/strong> findest, habe ich dir in diesem Bild markiert. Schau dir das folgende Bild an und klicke dich durch, um einen \u00dcberblick zu bekommen.<\/p>\n\n<div class=\"h5p-iframe-wrapper\"><iframe id=\"h5p-iframe-20\" class=\"h5p-iframe\" data-content-id=\"20\" style=\"height:1px\" src=\"about:blank\" frameBorder=\"0\" scrolling=\"no\" title=\"Das Men\u00fcfeld: Einf\u00fcgen\"><\/iframe><\/div>\n","protected":false},"excerpt":{"rendered":"<p>Im Reiter \u201eEinf\u00fcgen\u201c kannst du eine neue Seite, Tabellen, Bilder und Formen einf\u00fcgen. Au\u00dferdem kannst du auch Textfelder erstellen, was f\u00fcr ein Plakat von Vorteil sein kann. Es gibt auch noch weitere Funktionen, diese werden aber erst einmal keine gro\u00dfe <a class=\"more-link\" href=\"https:\/\/blogs.urz.uni-halle.de\/nachschlagewerk\/das-programm-word\/einfuegen\/\">weiterlesen  <span class=\"screen-reader-text\">  Einf\u00fcgen<\/span><span class=\"meta-nav\">&rarr;<\/span><\/a><\/p>\n","protected":false},"author":5154,"featured_media":0,"parent":17,"menu_order":0,"comment_status":"closed","ping_status":"closed","template":"page-fullwidth.php","meta":[],"_links":{"self":[{"href":"https:\/\/blogs.urz.uni-halle.de\/nachschlagewerk\/wp-json\/wp\/v2\/pages\/31"}],"collection":[{"href":"https:\/\/blogs.urz.uni-halle.de\/nachschlagewerk\/wp-json\/wp\/v2\/pages"}],"about":[{"href":"https:\/\/blogs.urz.uni-halle.de\/nachschlagewerk\/wp-json\/wp\/v2\/types\/page"}],"author":[{"embeddable":true,"href":"https:\/\/blogs.urz.uni-halle.de\/nachschlagewerk\/wp-json\/wp\/v2\/users\/5154"}],"replies":[{"embeddable":true,"href":"https:\/\/blogs.urz.uni-halle.de\/nachschlagewerk\/wp-json\/wp\/v2\/comments?post=31"}],"version-history":[{"count":4,"href":"https:\/\/blogs.urz.uni-halle.de\/nachschlagewerk\/wp-json\/wp\/v2\/pages\/31\/revisions"}],"predecessor-version":[{"id":586,"href":"https:\/\/blogs.urz.uni-halle.de\/nachschlagewerk\/wp-json\/wp\/v2\/pages\/31\/revisions\/586"}],"up":[{"embeddable":true,"href":"https:\/\/blogs.urz.uni-halle.de\/nachschlagewerk\/wp-json\/wp\/v2\/pages\/17"}],"wp:attachment":[{"href":"https:\/\/blogs.urz.uni-halle.de\/nachschlagewerk\/wp-json\/wp\/v2\/media?parent=31"}],"curies":[{"name":"wp","href":"https:\/\/api.w.org\/{rel}","templated":true}]}}