{"id":52,"date":"2021-07-13T19:44:32","date_gmt":"2021-07-13T17:44:32","guid":{"rendered":"https:\/\/blogs.urz.uni-halle.de\/nachschlagewerk\/?page_id=52"},"modified":"2021-09-09T15:29:35","modified_gmt":"2021-09-09T13:29:35","slug":"die-informationsrecherche","status":"publish","type":"page","link":"https:\/\/blogs.urz.uni-halle.de\/nachschlagewerk\/die-informationsrecherche\/","title":{"rendered":"Die Informationsrecherche"},"content":{"rendered":"\n<p>Neben dem Gang in die Bibliothek oder dem Aufschlagen des Lehrbuchs ist heute der leichteste Weg, um an Informationen zu gelangen, der Blick ins Internet. Das Problem ist nun aber, dass man oft von der Menge an Informationen \u00fcberflutet wird und man gar nicht mehr wei\u00df, was \u00fcberhaupt f\u00fcr die Pr\u00e4sentation wichtig ist. Aus diesem Grund ist es gut, wenn du dir, wie zu Beginn beschrieben, das Wichtigste in der Aufgabenstellung markierst, um somit einen \u00dcberblick zu bekommen und deine Recherche einzugrenzen <sup>1<\/sup>.<\/p>\n\n\n\n<p>Zur Informationsrecherche eignen sich Suchmaschinen, da man \u00fcber diese nach konkreten Begriffen und Themen suchen kann. Die <strong>meistverwendete Suchmaschine<\/strong> im Internet ist <strong>\u201eGoogle\u201c<\/strong> <sup>2<\/sup>, diese ist jedoch, bezogen auf den Datenschutz, sehr <strong>problematisch<\/strong>, da Google deine pers\u00f6nlichen Informationen speichert und nutzt. Wenn du nicht mehr genau wei\u00dft, was es mit dem Thema <strong>\u201eDatenschutz\u201c<\/strong> so richtig auf sich hat, dann schau dir doch einfach den Reiter <a href=\"https:\/\/blogs.urz.uni-halle.de\/nachschlagewerk\/die-informationsrecherche\/exkurs-datenschutz\/\" data-type=\"page\" data-id=\"102\">Exkurs Datenschutz<\/a> nochmal an.<\/p>\n\n\n\n<p>Aus diesem Grund ist es gut, <strong>Alternative Suchmaschinen<\/strong> wie \u201eHellesk\u00f6pfchen\u201c oder \u201eBlindekuh\u201c zu benutzen. Hier werden deine Daten nicht nur gesch\u00fctzt, sondern Texte so geschrieben, dass sie <strong>keine Fremdworte<\/strong> beinhalten und du <strong>alles verstehst. <\/strong><\/p>\n\n\n\n<p class=\"has-white-color has-text-color has-background\" style=\"font-size:22px;background-color:#00247a\">Ob du dich mit Alternativen Suchmaschinen auskennst, kannst du mithilfe der folgenden \u00dcbung testen. Auf Seite 2 geht es dann mit Suchstrategien weiter.<\/p>\n\n\n<div class=\"h5p-iframe-wrapper\"><iframe id=\"h5p-iframe-7\" class=\"h5p-iframe\" data-content-id=\"7\" style=\"height:1px\" src=\"about:blank\" frameBorder=\"0\" scrolling=\"no\" title=\"Quiz: Alternative Suchmaschinen\"><\/iframe><\/div>\n\n\n\n<p><\/p>\n\n\n\n<!--nextpage-->\n\n\n\n<p>Nun kennst du zwar Alternative Suchmaschinen, wie l\u00e4uft aber die eigentliche  Informationssuche ab? Du rufst letztendlich einfach eine gew\u00e4hlt Suchmaschine auf und gibst dann entweder Suchoperatoren ein, nutzt die R\u00fcckw\u00e4rtssuche oder die automatische Suchvervollst\u00e4ndigung.&nbsp;<\/p>\n\n\n\n<figure class=\"wp-block-table\"><table><tbody><tr><td>Strategie<\/td><td>Erl\u00e4uterung<\/td><\/tr><tr><td>R\u00fcckw\u00e4rtssuchen<\/td><td>Du gibst einen Satz zu deinem Thema in die Suchmaschine ein und diese findet heraus, woher die Information stammt und wo es noch mehr Informationen dazu gib.<\/td><\/tr><tr><td>Suchvervollst\u00e4ndigung<\/td><td>Du gibst lediglich deinen Suchbegriff in die Suchmaschine ein und schaust, was f\u00fcr weitere Begriff oder Ans\u00e4tze dir angezeigt werden und n\u00e4herst dich so deinem Thema an.<\/td><\/tr><tr><td>Suchoperatoren<\/td><td>Du grenzt deine Suche ein, sodass beispielsweise \u201evegan or vegetarisch\u201c nach dem einen als auch nach dem anderen Begriff gesucht wird<sup>2<\/sup>.<\/td><\/tr><\/tbody><\/table><\/figure>\n\n\n\n<p>Wichtig ist im Allgemeinen, dass deine Suchbegriffe nicht zu allgemein sein d\u00fcrfen, da du sonst zu viele Informationen erh\u00e4ltst und wom\u00f6glich dann nicht mehr durchblickst. <\/p>\n\n\n\n<p class=\"has-white-color has-text-color has-background\" style=\"font-size:22px;background-color:#00247a\">Teste mit der anschlie\u00dfenden \u00dcbung, ob du die erkl\u00e4rten Strategien verstanden hast. Auf Seite 3 geht es dann mit der Beurteilung von Internetseiten weiter.<\/p>\n\n\n<div class=\"h5p-iframe-wrapper\"><iframe id=\"h5p-iframe-9\" class=\"h5p-iframe\" data-content-id=\"9\" style=\"height:1px\" src=\"about:blank\" frameBorder=\"0\" scrolling=\"no\" title=\"Strategien zur Informationsrecherche\"><\/iframe><\/div>\n\n\n\n<p><\/p>\n\n\n\n<!--nextpage-->\n\n\n\n<p>Hast du nun Informationen gefunden, musst du diese zun\u00e4chst beurteilen. Stell dir dabei folgende Fragen: Sind meine gefunden Ergebnisse wirklich glaubw\u00fcrdig? Brauche ich diese Informationen f\u00fcr meine Pr\u00e4sentation? Verstehe ich, was dort geschrieben steht?<\/p>\n\n\n\n<p>Diese Fragen sind wichtig, da man im Internet immer wieder auf veraltete Seiten und falsche Informationen sto\u00dfen kann. Das liegt daran, dass jeder im Internet Beitr\u00e4ge schreiben und Informationen ver\u00f6ffentlichen kann, ohne das diese wissenschaftlich gepr\u00fcft werden. Oft spricht man in diesem Zusammenhang auch von \u201eFake News\u201c. Wenn du nicht mehr genau wei\u00dft, was mit \u201eFake News\u201c gemeint ist, schau dir doch einfach den Reiter <a href=\"https:\/\/blogs.urz.uni-halle.de\/nachschlagewerk\/die-informationsrecherche\/exkurs-fake-news\/\" data-type=\"page\" data-id=\"108\">Exkurs Fake News<\/a> an, um auf dem neusten Stand zu sein<sup>3<\/sup>.&nbsp;<\/p>\n\n\n\n<p>Um nun zu \u00fcberpr\u00fcfen, ob du auf eine gute Seite mit guten Informationen gelangt bist, solltest du immer die folgende Checkliste im Kopf haben:<\/p>\n\n\n\n<figure class=\"wp-block-table\"><table><tbody><tr><td>Kriterium<\/td><td>Erkl\u00e4rung <\/td><\/tr><tr><td>Verfasser<\/td><td>Ist der Autor, seine Telefonnummer und E-Mail Adresse bekannt?&nbsp;<\/td><\/tr><tr><td>Inhalt und Gestaltung:<\/td><td>Ist der Text fehlerfrei? Ist die Webseite \u00fcbersichtlich und ohne Werbung?&nbsp;<\/td><\/tr><tr><td>Glaubw\u00fcrdigkeit:<\/td><td>Gibt es Quellen? Kennen meine Mitsch\u00fcler diese Webseite?<\/td><\/tr><tr><td>Aktualit\u00e4t<\/td><td>Ist ein Datum vorhanden? Ist das Thema aktuell?<\/td><\/tr><tr><td>Zweck<\/td><td>F\u00fcr wen ist die Seite?&nbsp;&nbsp;Quelle in Worddokument<\/td><\/tr><\/tbody><\/table><\/figure>\n\n\n\n<p class=\"has-white-color has-text-color has-background\" style=\"font-size:22px;background-color:#00247a\">Die folgende \u00dcbung soll dir zeigen, ob du falsche Nachrichten von echten Nachrichten unterscheiden kannst. <\/p>\n\n\n<div class=\"h5p-iframe-wrapper\"><iframe id=\"h5p-iframe-39\" class=\"h5p-iframe\" data-content-id=\"39\" style=\"height:1px\" src=\"about:blank\" frameBorder=\"0\" scrolling=\"no\" title=\"Seriosit\u00e4t von Seiten bewerten\"><\/iframe><\/div>\n\n\n\n<p><\/p>\n","protected":false},"excerpt":{"rendered":"<p>Neben dem Gang in die Bibliothek oder dem Aufschlagen des Lehrbuchs ist heute der leichteste Weg, um an Informationen zu gelangen, der Blick ins Internet. Das Problem ist nun aber, dass man oft von der Menge an Informationen \u00fcberflutet wird <a class=\"more-link\" href=\"https:\/\/blogs.urz.uni-halle.de\/nachschlagewerk\/die-informationsrecherche\/\">weiterlesen  <span class=\"screen-reader-text\">  Die Informationsrecherche<\/span><span class=\"meta-nav\">&rarr;<\/span><\/a><\/p>\n","protected":false},"author":5154,"featured_media":0,"parent":0,"menu_order":0,"comment_status":"closed","ping_status":"closed","template":"page-fullwidth.php","meta":[],"_links":{"self":[{"href":"https:\/\/blogs.urz.uni-halle.de\/nachschlagewerk\/wp-json\/wp\/v2\/pages\/52"}],"collection":[{"href":"https:\/\/blogs.urz.uni-halle.de\/nachschlagewerk\/wp-json\/wp\/v2\/pages"}],"about":[{"href":"https:\/\/blogs.urz.uni-halle.de\/nachschlagewerk\/wp-json\/wp\/v2\/types\/page"}],"author":[{"embeddable":true,"href":"https:\/\/blogs.urz.uni-halle.de\/nachschlagewerk\/wp-json\/wp\/v2\/users\/5154"}],"replies":[{"embeddable":true,"href":"https:\/\/blogs.urz.uni-halle.de\/nachschlagewerk\/wp-json\/wp\/v2\/comments?post=52"}],"version-history":[{"count":10,"href":"https:\/\/blogs.urz.uni-halle.de\/nachschlagewerk\/wp-json\/wp\/v2\/pages\/52\/revisions"}],"predecessor-version":[{"id":588,"href":"https:\/\/blogs.urz.uni-halle.de\/nachschlagewerk\/wp-json\/wp\/v2\/pages\/52\/revisions\/588"}],"wp:attachment":[{"href":"https:\/\/blogs.urz.uni-halle.de\/nachschlagewerk\/wp-json\/wp\/v2\/media?parent=52"}],"curies":[{"name":"wp","href":"https:\/\/api.w.org\/{rel}","templated":true}]}}