{"id":58,"date":"2021-07-13T19:49:44","date_gmt":"2021-07-13T17:49:44","guid":{"rendered":"https:\/\/blogs.urz.uni-halle.de\/nachschlagewerk\/?page_id=58"},"modified":"2021-09-05T12:07:43","modified_gmt":"2021-09-05T10:07:43","slug":"die-analoge-praesentation","status":"publish","type":"page","link":"https:\/\/blogs.urz.uni-halle.de\/nachschlagewerk\/die-analoge-praesentation\/","title":{"rendered":"Die analoge Pr\u00e4sentation"},"content":{"rendered":"\n<p><\/p>\n\n\n\n<div class=\"wp-block-media-text alignwide has-media-on-the-right is-stacked-on-mobile\" style=\"grid-template-columns:auto 37%\"><figure class=\"wp-block-media-text__media\"><img loading=\"lazy\" width=\"1024\" height=\"768\" src=\"https:\/\/blogs.urz.uni-halle.de\/nachschlagewerk\/files\/2021\/08\/martha_mueller_graehlert_schule_2018_plakat_01-1024x768.jpg\" alt=\"\" class=\"wp-image-361\" srcset=\"https:\/\/blogs.urz.uni-halle.de\/nachschlagewerk\/files\/2021\/08\/martha_mueller_graehlert_schule_2018_plakat_01-1024x768.jpg 1024w, https:\/\/blogs.urz.uni-halle.de\/nachschlagewerk\/files\/2021\/08\/martha_mueller_graehlert_schule_2018_plakat_01-300x225.jpg 300w, https:\/\/blogs.urz.uni-halle.de\/nachschlagewerk\/files\/2021\/08\/martha_mueller_graehlert_schule_2018_plakat_01-768x576.jpg 768w, https:\/\/blogs.urz.uni-halle.de\/nachschlagewerk\/files\/2021\/08\/martha_mueller_graehlert_schule_2018_plakat_01-624x468.jpg 624w, https:\/\/blogs.urz.uni-halle.de\/nachschlagewerk\/files\/2021\/08\/martha_mueller_graehlert_schule_2018_plakat_01.jpg 1210w\" sizes=\"(max-width: 1024px) 100vw, 1024px\" \/><\/figure><div class=\"wp-block-media-text__content\">\n<p class=\"has-normal-font-size\">Hast du nun alle Informationen und Bilder besorgt, geht es an die eigentliche Pr\u00e4sentation. Diese kann anlog, also als <strong>Plakat<\/strong> oder <strong>Wandzeitung<\/strong> durchgef\u00fchrt werden oder auch digital als <strong>PowerPoint Pr\u00e4sentation<\/strong>. Da du in der Schule sicher beides einmal erstellen musst, schauen wir uns beides etwas genauer an. Beginnen wir aber nun erst einmal mit dem <strong>Erstellen eines Plakates<\/strong>. Um ein Plakat zu erstellen bedarf es einiges an Vorbereitung, bevor es an die Umsetzung geht. Was genau das bedeutet, kannst du in den beiden Unterthemen <a href=\"https:\/\/blogs.urz.uni-halle.de\/nachschlagewerk\/die-analoge-praesentation\/vorbereitung-2\/\" data-type=\"page\" data-id=\"74\">Vorbereitung<\/a> und <a href=\"https:\/\/blogs.urz.uni-halle.de\/nachschlagewerk\/die-analoge-praesentation\/umsetzung\/\" data-type=\"page\" data-id=\"62\">Umsetzung<\/a> nachlesen.\u00a0<\/p>\n<\/div><\/div>\n","protected":false},"excerpt":{"rendered":"<p>Hast du nun alle Informationen und Bilder besorgt, geht es an die eigentliche Pr\u00e4sentation. Diese kann anlog, also als Plakat oder Wandzeitung durchgef\u00fchrt werden oder auch digital als PowerPoint Pr\u00e4sentation. Da du in der Schule sicher beides einmal erstellen musst, <a class=\"more-link\" href=\"https:\/\/blogs.urz.uni-halle.de\/nachschlagewerk\/die-analoge-praesentation\/\">weiterlesen  <span class=\"screen-reader-text\">  Die analoge Pr\u00e4sentation<\/span><span class=\"meta-nav\">&rarr;<\/span><\/a><\/p>\n","protected":false},"author":5154,"featured_media":0,"parent":0,"menu_order":0,"comment_status":"closed","ping_status":"closed","template":"page-fullwidth.php","meta":[],"_links":{"self":[{"href":"https:\/\/blogs.urz.uni-halle.de\/nachschlagewerk\/wp-json\/wp\/v2\/pages\/58"}],"collection":[{"href":"https:\/\/blogs.urz.uni-halle.de\/nachschlagewerk\/wp-json\/wp\/v2\/pages"}],"about":[{"href":"https:\/\/blogs.urz.uni-halle.de\/nachschlagewerk\/wp-json\/wp\/v2\/types\/page"}],"author":[{"embeddable":true,"href":"https:\/\/blogs.urz.uni-halle.de\/nachschlagewerk\/wp-json\/wp\/v2\/users\/5154"}],"replies":[{"embeddable":true,"href":"https:\/\/blogs.urz.uni-halle.de\/nachschlagewerk\/wp-json\/wp\/v2\/comments?post=58"}],"version-history":[{"count":9,"href":"https:\/\/blogs.urz.uni-halle.de\/nachschlagewerk\/wp-json\/wp\/v2\/pages\/58\/revisions"}],"predecessor-version":[{"id":516,"href":"https:\/\/blogs.urz.uni-halle.de\/nachschlagewerk\/wp-json\/wp\/v2\/pages\/58\/revisions\/516"}],"wp:attachment":[{"href":"https:\/\/blogs.urz.uni-halle.de\/nachschlagewerk\/wp-json\/wp\/v2\/media?parent=58"}],"curies":[{"name":"wp","href":"https:\/\/api.w.org\/{rel}","templated":true}]}}