{"id":76,"date":"2021-07-13T19:57:25","date_gmt":"2021-07-13T17:57:25","guid":{"rendered":"https:\/\/blogs.urz.uni-halle.de\/nachschlagewerk\/?page_id=76"},"modified":"2021-09-05T13:40:52","modified_gmt":"2021-09-05T11:40:52","slug":"umsetzung","status":"publish","type":"page","link":"https:\/\/blogs.urz.uni-halle.de\/nachschlagewerk\/umsetzung\/","title":{"rendered":"Die digitale Pr\u00e4sentation"},"content":{"rendered":"\n<p>Sp\u00e4testens am <strong>Gymnasium<\/strong> oder an der <strong>Oberschule<\/strong> wirst du dazu aufgefordert. eine <strong>digitale Pr\u00e4sentation in Form einer PowerPoint Pr\u00e4sentation<\/strong> zu halten. Damit du dich Schritt f\u00fcr Schritt an diese Art der Pr\u00e4sentation gew\u00f6hnen kannst, sollst du bereits in der Grundschule erste Erfahrungen sammeln k\u00f6nnen und d\u00fcrfen.<\/p>\n\n\n\n<p>Eine <strong>digitale Pr\u00e4sentation<\/strong>, in diesem Falle eine PowerPoint Pr\u00e4sentation, ist <strong>nichts anderes wie ein Vortrag mit Plakat, nur digital<\/strong>. Du nimmst dir kein Plakat und Schere sowie Leimstift zur Hand, sondern fertigst das Plakat bzw. die Pr\u00e4sentation am Computer an. Du zeigst dein Thema nicht einfach nur auf einer einzigen Seite wie bei einem Plakat, nein, du erstellst mehrere Seiten die zusammen eine <strong>Pr\u00e4sentation<\/strong> ergeben und die dann \u00fcber den <strong>Beamer<\/strong> an die <strong>Wand<\/strong> oder Tafel <strong>projiziert<\/strong> werden und alle deine Klassenkameraden mitschauen k\u00f6nnen. <\/p>\n\n\n\n<p>Deine digitale Pr\u00e4sentation wird genau wie ein Plakat mit einen Vortrag pr\u00e4sentiert. Dieser ist letztendlich der selbe wie bei einem Plakat. Das sch\u00f6ne an einer PowerPoint Pr\u00e4sentation ist, dass du dich nicht auf eine Seite beschr\u00e4nken musst sondern viel mehr zur Auswahl hast.<\/p>\n\n\n\n<p><\/p>\n\n\n\n<figure class=\"wp-block-image size-large\"><img loading=\"lazy\" width=\"1024\" height=\"544\" src=\"https:\/\/blogs.urz.uni-halle.de\/nachschlagewerk\/files\/2021\/08\/Bildschirmfoto-2021-08-17-um-12.08.37-1024x544.png\" alt=\"\" class=\"wp-image-363\" srcset=\"https:\/\/blogs.urz.uni-halle.de\/nachschlagewerk\/files\/2021\/08\/Bildschirmfoto-2021-08-17-um-12.08.37-1024x544.png 1024w, https:\/\/blogs.urz.uni-halle.de\/nachschlagewerk\/files\/2021\/08\/Bildschirmfoto-2021-08-17-um-12.08.37-300x159.png 300w, https:\/\/blogs.urz.uni-halle.de\/nachschlagewerk\/files\/2021\/08\/Bildschirmfoto-2021-08-17-um-12.08.37-768x408.png 768w, https:\/\/blogs.urz.uni-halle.de\/nachschlagewerk\/files\/2021\/08\/Bildschirmfoto-2021-08-17-um-12.08.37-624x332.png 624w, https:\/\/blogs.urz.uni-halle.de\/nachschlagewerk\/files\/2021\/08\/Bildschirmfoto-2021-08-17-um-12.08.37.png 1440w\" sizes=\"(max-width: 1024px) 100vw, 1024px\" \/><\/figure>\n","protected":false},"excerpt":{"rendered":"<p>Sp\u00e4testens am Gymnasium oder an der Oberschule wirst du dazu aufgefordert. eine digitale Pr\u00e4sentation in Form einer PowerPoint Pr\u00e4sentation zu halten. Damit du dich Schritt f\u00fcr Schritt an diese Art der Pr\u00e4sentation gew\u00f6hnen kannst, sollst du bereits in der Grundschule <a class=\"more-link\" href=\"https:\/\/blogs.urz.uni-halle.de\/nachschlagewerk\/umsetzung\/\">weiterlesen  <span class=\"screen-reader-text\">  Die digitale Pr\u00e4sentation<\/span><span class=\"meta-nav\">&rarr;<\/span><\/a><\/p>\n","protected":false},"author":5154,"featured_media":0,"parent":0,"menu_order":0,"comment_status":"closed","ping_status":"closed","template":"page-fullwidth.php","meta":[],"_links":{"self":[{"href":"https:\/\/blogs.urz.uni-halle.de\/nachschlagewerk\/wp-json\/wp\/v2\/pages\/76"}],"collection":[{"href":"https:\/\/blogs.urz.uni-halle.de\/nachschlagewerk\/wp-json\/wp\/v2\/pages"}],"about":[{"href":"https:\/\/blogs.urz.uni-halle.de\/nachschlagewerk\/wp-json\/wp\/v2\/types\/page"}],"author":[{"embeddable":true,"href":"https:\/\/blogs.urz.uni-halle.de\/nachschlagewerk\/wp-json\/wp\/v2\/users\/5154"}],"replies":[{"embeddable":true,"href":"https:\/\/blogs.urz.uni-halle.de\/nachschlagewerk\/wp-json\/wp\/v2\/comments?post=76"}],"version-history":[{"count":6,"href":"https:\/\/blogs.urz.uni-halle.de\/nachschlagewerk\/wp-json\/wp\/v2\/pages\/76\/revisions"}],"predecessor-version":[{"id":526,"href":"https:\/\/blogs.urz.uni-halle.de\/nachschlagewerk\/wp-json\/wp\/v2\/pages\/76\/revisions\/526"}],"wp:attachment":[{"href":"https:\/\/blogs.urz.uni-halle.de\/nachschlagewerk\/wp-json\/wp\/v2\/media?parent=76"}],"curies":[{"name":"wp","href":"https:\/\/api.w.org\/{rel}","templated":true}]}}