{"id":84,"date":"2021-07-13T20:03:08","date_gmt":"2021-07-13T18:03:08","guid":{"rendered":"https:\/\/blogs.urz.uni-halle.de\/nachschlagewerk\/?page_id=84"},"modified":"2021-09-07T21:14:34","modified_gmt":"2021-09-07T19:14:34","slug":"der-vortrag","status":"publish","type":"page","link":"https:\/\/blogs.urz.uni-halle.de\/nachschlagewerk\/der-vortrag\/","title":{"rendered":"Der Vortrag"},"content":{"rendered":"\n<p>Der Vortrag ist eine Art <strong>Rede<\/strong> \u00fcber ein<strong> bestimmtes Thema<\/strong> oder eine Vorstellung eines bestimmten Themengebietes. Er wird immer <strong>m\u00fcndlich<\/strong> gehalten. Den Vortrag gibt es auch in  schriftlicher Form. Die schriftliche Form ist der sogenannte <strong>&#8222;Stichpunktzettel&#8220;<\/strong>, der dich bei deiner Pr\u00e4sentation <strong>unterst\u00fctzen<\/strong> soll. Da du einen Vortrag nicht auswendig lernen sollst wie ein Gedicht, fertigst du dieses Hilfsmittel mit Stichpunkten an, um dann m\u00fcndlich \u00fcber dein Thema zu sprechen. Was genau in den Stichpunktzettel, also den schriftlichen Teil des Vortrages, und was in den m\u00fcndlichen Teil geh\u00f6rt, erf\u00e4hrst du in den dazugeh\u00f6rigen Unterkapiteln (<a href=\"https:\/\/blogs.urz.uni-halle.de\/nachschlagewerk\/der-vortrag\/stichpunktzettel\/\" data-type=\"page\" data-id=\"86\">Schriftlich<\/a> und <a href=\"https:\/\/blogs.urz.uni-halle.de\/nachschlagewerk\/der-vortrag\/muendlich\/\" data-type=\"page\" data-id=\"88\">M\u00fcndlich<\/a>).<\/p>\n","protected":false},"excerpt":{"rendered":"<p>Der Vortrag ist eine Art Rede \u00fcber ein bestimmtes Thema oder eine Vorstellung eines bestimmten Themengebietes. Er wird immer m\u00fcndlich gehalten. Den Vortrag gibt es auch in schriftlicher Form. Die schriftliche Form ist der sogenannte &#8222;Stichpunktzettel&#8220;, der dich bei deiner <a class=\"more-link\" href=\"https:\/\/blogs.urz.uni-halle.de\/nachschlagewerk\/der-vortrag\/\">weiterlesen  <span class=\"screen-reader-text\">  Der Vortrag<\/span><span class=\"meta-nav\">&rarr;<\/span><\/a><\/p>\n","protected":false},"author":5154,"featured_media":0,"parent":0,"menu_order":0,"comment_status":"closed","ping_status":"closed","template":"page-fullwidth.php","meta":[],"_links":{"self":[{"href":"https:\/\/blogs.urz.uni-halle.de\/nachschlagewerk\/wp-json\/wp\/v2\/pages\/84"}],"collection":[{"href":"https:\/\/blogs.urz.uni-halle.de\/nachschlagewerk\/wp-json\/wp\/v2\/pages"}],"about":[{"href":"https:\/\/blogs.urz.uni-halle.de\/nachschlagewerk\/wp-json\/wp\/v2\/types\/page"}],"author":[{"embeddable":true,"href":"https:\/\/blogs.urz.uni-halle.de\/nachschlagewerk\/wp-json\/wp\/v2\/users\/5154"}],"replies":[{"embeddable":true,"href":"https:\/\/blogs.urz.uni-halle.de\/nachschlagewerk\/wp-json\/wp\/v2\/comments?post=84"}],"version-history":[{"count":7,"href":"https:\/\/blogs.urz.uni-halle.de\/nachschlagewerk\/wp-json\/wp\/v2\/pages\/84\/revisions"}],"predecessor-version":[{"id":575,"href":"https:\/\/blogs.urz.uni-halle.de\/nachschlagewerk\/wp-json\/wp\/v2\/pages\/84\/revisions\/575"}],"wp:attachment":[{"href":"https:\/\/blogs.urz.uni-halle.de\/nachschlagewerk\/wp-json\/wp\/v2\/media?parent=84"}],"curies":[{"name":"wp","href":"https:\/\/api.w.org\/{rel}","templated":true}]}}