{"id":1055,"date":"2017-06-29T11:21:42","date_gmt":"2017-06-29T09:21:42","guid":{"rendered":"https:\/\/blogs.uni-bremen.de\/nataschaueckmann\/?page_id=1055"},"modified":"2024-07-09T16:16:13","modified_gmt":"2024-07-09T14:16:13","slug":"presse-2","status":"publish","type":"page","link":"https:\/\/blogs.urz.uni-halle.de\/nataschaueckmann\/presse-2\/","title":{"rendered":"Presse &amp; Podcasts"},"content":{"rendered":"<h1>2023\/2024<\/h1>\n<h1><strong><a href=\"https:\/\/www.campus-halensis.de\/artikel\/eine-uni-ein-buch-impulse-fur-ein-neues-verstandnis-von-geschichte\/\">Eine Uni \u2013 ein Buch: Impulse f\u00fcr ein neues Verst\u00e4ndnis von Geschichte<\/a><\/strong><\/h1>\n<h1><strong><a href=\"https:\/\/www.campus-halensis.de\/artikel\/eine-uni-ein-buch-erinnern-als-ethische-ressource\/\">Eine Uni \u2013 ein Buch: Erinnern als ethische Ressource<\/a><\/strong><\/h1>\n<h1><a href=\"_wp_link_placeholder\" edit=\"true\" rel=\"nofollow\"><strong>Eine Uni &#8211; ein Buch: Erinnern ohne Gel\u00e4nder: \u00dcber Ambivalenzen und Un\u00fcbersichtlichkeit in der Erinnerung<\/strong><\/a><\/h1>\n<p><strong>2022<\/strong><\/p>\n<p><a href=\"https:\/\/www.campus-halensis.de\/artikel\/raubkunst-verschleppt-vergessen-und-verdrangt\/\"><strong>Raubkunst: Verschleppt, vergessen und verdr\u00e4ngt<\/strong><\/a><br \/>erneut erschienen im <a href=\"https:\/\/blogs.urz.uni-halle.de\/nataschaueckmann\/files\/2023\/01\/Restitution_Jahresmagazin_MLU_2022.pdf\">Jahresmagazin 2022 der MLU<\/a><\/p>\n<p><strong><a href=\"https:\/\/www.campus-halensis.de\/artikel\/theater-ist-ein-ereignis\/\">Theater ist ein Ereignis<\/a><\/strong><\/p>\n<p><strong>2020<\/strong><\/p>\n<p><a href=\"https:\/\/obs-bad-laer.de\/projekt-zur-frankophonie\/\"><strong>Frankophonie in der Schule<\/strong><\/a><\/p>\n<p><strong>2019<\/strong><\/p>\n<p><a href=\"https:\/\/www.campus-halensis.de\/artikel\/aufklarung-international\/\"><strong>Aufkl\u00e4rung international<\/strong><\/a><\/p>\n<p><strong>2018<\/strong><\/p>\n<p><a href=\"https:\/\/blogs.uni-bremen.de\/resonanz\/2018\/04\/20\/berlin_avignon\/#more-2566\" rel=\"nofollow\"><strong>Theater erleben in Berlin und Avignon: Ein deutsch-franz\u00f6sisches Lehrprojekt als Laboratoirum f\u00fcr Forschendes Lernen<\/strong><\/a><\/p>\n<p><strong>2017<\/strong><\/p>\n<p><a href=\"https:\/\/blogs.urz.uni-halle.de\/nataschaueckmann\/files\/2013\/03\/Osnabr\u00fcckerin-erlebt-die-Stichwahl-in-Franz\u00f6sisch-Guyana.pdf\"><strong>Osnabr\u00fcckerin erlebt die Stichwahl in Franz\u00f6sisch-Guyana<\/strong><\/a><\/p>\n<p><strong>2016<\/strong><\/p>\n<p><a href=\"https:\/\/www.gesundheit.bremen.de\/detail.php?gsid=bremen229.c.25395.de\"><strong>Berninghausen-Preis f\u00fcr gute Lehr<\/strong><strong>e<\/strong><\/a><\/p>\n<p><a href=\"https:\/\/blogs.urz.uni-halle.de\/nataschaueckmann\/files\/2013\/03\/Artikel-im-Weser-Kurier-zum-Berninghausen-Preis.pdf\"><strong>Artikel im <em>Weser Kurier<\/em> zum Berninghausen Preis<\/strong><\/a><\/p>\n<p><a href=\"https:\/\/blogs.uni-bremen.de\/resonanz\/2016\/10\/17\/haiti-neu-entdecken\/\" rel=\"nofollow\"><strong>Forschendes Lernen in der Frankoromanistik<\/strong><\/a><\/p>\n<p>\u00a0<\/p>\n\n\n<p><\/p>\n\n\n\n<h1>Podcasts \/ Radiobeitr\u00e4ge<\/h1>\n\n\n\n<p>Mitwirkung am franz\u00f6sischen Podcast <em>Mesdames\u2026d\u2019Occitanie<\/em> zur Orient-Reisenden und Forscherin Jane Dieulafoy, 8. M\u00e4rz 2021, <a rel=\"noreferrer noopener\" href=\"https:\/\/podcast.ausha.co\/mesdames-d-occitanie\/episode-1-jane\" target=\"_blank\">https:\/\/podcast.ausha.co\/mesdames-d-occitanie\/episode-1-jane<\/a><\/p>\n\n\n\n<h4><\/h4>\n\n\n\n<p>Mitwirkung am Feature <em>Das archipelische Denken: Kreolisierung als Dritter Weg<\/em> (eine Sendung von Georg See\u00dflen u. Markus Metz), Bayerischer Rundfunk, 10. Oktober 2010, <a href=\"http:\/\/www.br-online.de\/podcast\/mp3-download\/bayern2\/mp3-download-podcast-zuendfunk-generator.shtml\">http:\/\/www.br-online.de\/podcast\/mp3-download\/bayern2\/mp3-download-podcast-zuendfunk-generator.shtml<\/a><\/p>\n\n\n\n<p>Mitwirkung am Feature <em>Mit Pferd und Esel nach Jerusalem. Zum 200. Geburtstag der italienischen Freiheitsk\u00e4mpferin und Salonni\u00e8re Cristina di Belgiojoso<\/em> (eine Sendung von Gabriele Killert u. Richard Schroetter), Deutschlandradio Berlin, 18. Juni 2008.<\/p>\n\n\n\n<p>Mitwirkung am Feature <em>Reisende Frauen im Orient<\/em>, WDR 3, 23. Februar 2006<\/p>\n","protected":false},"excerpt":{"rendered":"<p>2023\/2024 Eine Uni \u2013 ein Buch: Impulse f\u00fcr ein neues Verst\u00e4ndnis von Geschichte Eine Uni \u2013 ein Buch: Erinnern als ethische Ressource Eine Uni &#8211; ein Buch: Erinnern ohne Gel\u00e4nder: \u00dcber Ambivalenzen und Un\u00fcbersichtlichkeit in der Erinnerung 2022 Raubkunst: Verschleppt, &hellip; <a href=\"https:\/\/blogs.urz.uni-halle.de\/nataschaueckmann\/presse-2\/\">Weiterlesen <span class=\"meta-nav\">&rarr;<\/span><\/a><\/p>\n","protected":false},"author":3981,"featured_media":0,"parent":0,"menu_order":0,"comment_status":"closed","ping_status":"closed","template":"","meta":[],"yoast_head":"<!-- This site is optimized with the Yoast SEO plugin v15.6.2 - https:\/\/yoast.com\/wordpress\/plugins\/seo\/ -->\n<meta name=\"robots\" content=\"index, follow, max-snippet:-1, max-image-preview:large, max-video-preview:-1\" \/>\n<link rel=\"canonical\" href=\"https:\/\/blogs.urz.uni-halle.de\/nataschaueckmann\/presse-2\/\" \/>\n<meta property=\"og:locale\" content=\"de_DE\" \/>\n<meta property=\"og:type\" content=\"article\" \/>\n<meta property=\"og:title\" content=\"Presse &amp; Podcasts - Prof. Dr. Natascha Ueckmann\" \/>\n<meta property=\"og:description\" content=\"2023\/2024 Eine Uni \u2013 ein Buch: Impulse f\u00fcr ein neues Verst\u00e4ndnis von Geschichte Eine Uni \u2013 ein Buch: Erinnern als ethische Ressource Eine Uni &#8211; ein Buch: Erinnern ohne Gel\u00e4nder: \u00dcber Ambivalenzen und Un\u00fcbersichtlichkeit in der Erinnerung 2022 Raubkunst: Verschleppt, &hellip; Weiterlesen &rarr;\" \/>\n<meta property=\"og:url\" content=\"https:\/\/blogs.urz.uni-halle.de\/nataschaueckmann\/presse-2\/\" \/>\n<meta property=\"og:site_name\" content=\"Prof. Dr. Natascha Ueckmann\" \/>\n<meta property=\"article:modified_time\" content=\"2024-07-09T14:16:13+00:00\" \/>\n<meta name=\"twitter:card\" content=\"summary_large_image\" \/>\n<meta name=\"twitter:label1\" content=\"Gesch\u00e4tzte Lesezeit\">\n\t<meta name=\"twitter:data1\" content=\"1\u00a0Minute\">\n<script type=\"application\/ld+json\" class=\"yoast-schema-graph\">{\"@context\":\"https:\/\/schema.org\",\"@graph\":[{\"@type\":\"WebSite\",\"@id\":\"https:\/\/blogs.urz.uni-halle.de\/nataschaueckmann\/#website\",\"url\":\"https:\/\/blogs.urz.uni-halle.de\/nataschaueckmann\/\",\"name\":\"Prof. Dr. Natascha Ueckmann\",\"description\":\"\",\"potentialAction\":[{\"@type\":\"SearchAction\",\"target\":\"https:\/\/blogs.urz.uni-halle.de\/nataschaueckmann\/?s={search_term_string}\",\"query-input\":\"required name=search_term_string\"}],\"inLanguage\":\"de\"},{\"@type\":\"WebPage\",\"@id\":\"https:\/\/blogs.urz.uni-halle.de\/nataschaueckmann\/presse-2\/#webpage\",\"url\":\"https:\/\/blogs.urz.uni-halle.de\/nataschaueckmann\/presse-2\/\",\"name\":\"Presse &amp; Podcasts - Prof. Dr. Natascha Ueckmann\",\"isPartOf\":{\"@id\":\"https:\/\/blogs.urz.uni-halle.de\/nataschaueckmann\/#website\"},\"datePublished\":\"2017-06-29T09:21:42+00:00\",\"dateModified\":\"2024-07-09T14:16:13+00:00\",\"inLanguage\":\"de\",\"potentialAction\":[{\"@type\":\"ReadAction\",\"target\":[\"https:\/\/blogs.urz.uni-halle.de\/nataschaueckmann\/presse-2\/\"]}]}]}<\/script>\n<!-- \/ Yoast SEO plugin. -->","_links":{"self":[{"href":"https:\/\/blogs.urz.uni-halle.de\/nataschaueckmann\/wp-json\/wp\/v2\/pages\/1055"}],"collection":[{"href":"https:\/\/blogs.urz.uni-halle.de\/nataschaueckmann\/wp-json\/wp\/v2\/pages"}],"about":[{"href":"https:\/\/blogs.urz.uni-halle.de\/nataschaueckmann\/wp-json\/wp\/v2\/types\/page"}],"author":[{"embeddable":true,"href":"https:\/\/blogs.urz.uni-halle.de\/nataschaueckmann\/wp-json\/wp\/v2\/users\/3981"}],"replies":[{"embeddable":true,"href":"https:\/\/blogs.urz.uni-halle.de\/nataschaueckmann\/wp-json\/wp\/v2\/comments?post=1055"}],"version-history":[{"count":10,"href":"https:\/\/blogs.urz.uni-halle.de\/nataschaueckmann\/wp-json\/wp\/v2\/pages\/1055\/revisions"}],"predecessor-version":[{"id":2008,"href":"https:\/\/blogs.urz.uni-halle.de\/nataschaueckmann\/wp-json\/wp\/v2\/pages\/1055\/revisions\/2008"}],"wp:attachment":[{"href":"https:\/\/blogs.urz.uni-halle.de\/nataschaueckmann\/wp-json\/wp\/v2\/media?parent=1055"}],"curies":[{"name":"wp","href":"https:\/\/api.w.org\/{rel}","templated":true}]}}