{"id":12,"date":"2025-11-17T09:12:56","date_gmt":"2025-11-17T08:12:56","guid":{"rendered":"https:\/\/blogs.urz.uni-halle.de\/netzfsuni\/?page_id=12"},"modified":"2025-11-17T22:02:03","modified_gmt":"2025-11-17T21:02:03","slug":"2024-2","status":"publish","type":"page","link":"https:\/\/blogs.urz.uni-halle.de\/netzfsuni\/2024-2\/","title":{"rendered":"2024"},"content":{"rendered":"\n<h4>5. Studientag zur Vernetzung der sprachpraktischen und<br>fachdidaktischen Lehre in den romanischen Sprachen:<br><em>Einstufen und Pr\u00fcfen im Zeichen der Kompetenzorientierung<\/em><\/h4>\n\n\n\n<p>Montag, 27. Mai 2024, 9.30-16.45 Uhr<\/p>\n\n\n\n<p>Martin-Luther-Universit\u00e4t Halle-Wittenberg,<br>Hallischer Saal in der Burse zur Tulpe, Universit\u00e4tsring 5, 06108 Halle (Saale)<\/p>\n\n\n\n<div class=\"wp-block-file\"><a href=\"https:\/\/blogs.urz.uni-halle.de\/netzfsuni\/files\/2025\/11\/Einladung_Studientag_Pru\u0308fen_Halle_2024.pdf\">Einladung_Studientag_Pru\u0308fen_Halle_2024<\/a><a href=\"https:\/\/blogs.urz.uni-halle.de\/netzfsuni\/files\/2025\/11\/Einladung_Studientag_Pru\u0308fen_Halle_2024.pdf\" class=\"wp-block-file__button\" download>Herunterladen<\/a><\/div>\n","protected":false},"excerpt":{"rendered":"<p>5. Studientag zur Vernetzung der sprachpraktischen undfachdidaktischen Lehre in den romanischen Sprachen:Einstufen und Pr\u00fcfen im Zeichen der Kompetenzorientierung Montag, 27. Mai 2024, 9.30-16.45 Uhr Martin-Luther-Universit\u00e4t Halle-Wittenberg,Hallischer Saal in der Burse zur Tulpe, Universit\u00e4tsring 5, 06108 Halle (Saale)<\/p>\n","protected":false},"author":5940,"featured_media":0,"parent":0,"menu_order":0,"comment_status":"closed","ping_status":"closed","template":"","meta":[],"_links":{"self":[{"href":"https:\/\/blogs.urz.uni-halle.de\/netzfsuni\/wp-json\/wp\/v2\/pages\/12"}],"collection":[{"href":"https:\/\/blogs.urz.uni-halle.de\/netzfsuni\/wp-json\/wp\/v2\/pages"}],"about":[{"href":"https:\/\/blogs.urz.uni-halle.de\/netzfsuni\/wp-json\/wp\/v2\/types\/page"}],"author":[{"embeddable":true,"href":"https:\/\/blogs.urz.uni-halle.de\/netzfsuni\/wp-json\/wp\/v2\/users\/5940"}],"replies":[{"embeddable":true,"href":"https:\/\/blogs.urz.uni-halle.de\/netzfsuni\/wp-json\/wp\/v2\/comments?post=12"}],"version-history":[{"count":2,"href":"https:\/\/blogs.urz.uni-halle.de\/netzfsuni\/wp-json\/wp\/v2\/pages\/12\/revisions"}],"predecessor-version":[{"id":90,"href":"https:\/\/blogs.urz.uni-halle.de\/netzfsuni\/wp-json\/wp\/v2\/pages\/12\/revisions\/90"}],"wp:attachment":[{"href":"https:\/\/blogs.urz.uni-halle.de\/netzfsuni\/wp-json\/wp\/v2\/media?parent=12"}],"curies":[{"name":"wp","href":"https:\/\/api.w.org\/{rel}","templated":true}]}}