{"id":6,"date":"2025-11-17T09:12:56","date_gmt":"2025-11-17T08:12:56","guid":{"rendered":"https:\/\/blogs.urz.uni-halle.de\/netzfsuni\/?page_id=6"},"modified":"2025-11-24T10:37:35","modified_gmt":"2025-11-24T09:37:35","slug":"mitglieder","status":"publish","type":"page","link":"https:\/\/blogs.urz.uni-halle.de\/netzfsuni\/mitglieder\/","title":{"rendered":"Mitglieder"},"content":{"rendered":"\n<h6>Aktuelle Mitglieder:<\/h6>\n\n\n\n<figure class=\"wp-block-table\"><table><tbody><tr><td><strong>Universit\u00e4t<\/strong><\/td><td><strong>Mitglieder<\/strong><\/td><\/tr><tr><td><br><em>Friedrich-Schiller-Universit\u00e4t Jena<\/em><\/td><td><br>Prof. Dr. Lukas Eibensteiner, Philipp F\u00f6rster, Olivia Mauny, Dr. Jorge Pe\u00f1a, Dr. Mar\u00eda Sauna<\/td><\/tr><tr><td><br><em>Humboldt-Universit\u00e4t zu Berlin<\/em><\/td><td><br>Martine Geffroy, Dr. Christian Koch, Joris Lehnert, PD Dr. Christoph Mayer<\/td><\/tr><tr><td><br><em>Martin-Luther-Universit\u00e4t Halle<\/em><br><\/td><td><br>Caroline Fischer, Alexander Grimm, Daniel Santana J\u00fcgler, Shaydon Ramey, Susanne Sch\u00fctz, Prof. Dr. Katharina Wieland<\/td><\/tr><tr><td><br><em>Technische Universit\u00e4t Dresden\/ Universit\u00e4t Potsdam<\/em><\/td><td>Jun.-Prof. Dr. Anne-Marie Lachmund<br><\/td><\/tr><tr><td><br><em>Universit\u00e4t Leipzig<\/em><\/td><td><br>Prof. Dr. Christiane Neveling, Margherita Siegismund<\/td><\/tr><\/tbody><\/table><\/figure>\n","protected":false},"excerpt":{"rendered":"<p>Aktuelle Mitglieder: Universit\u00e4t Mitglieder Friedrich-Schiller-Universit\u00e4t Jena Prof. Dr. Lukas Eibensteiner, Philipp F\u00f6rster, Olivia Mauny, Dr. Jorge Pe\u00f1a, Dr. Mar\u00eda Sauna Humboldt-Universit\u00e4t zu Berlin Martine Geffroy, Dr. Christian Koch, Joris Lehnert, PD Dr. Christoph Mayer Martin-Luther-Universit\u00e4t Halle Caroline Fischer, Alexander Grimm, Daniel Santana J\u00fcgler, Shaydon Ramey, Susanne Sch\u00fctz, Prof. Dr. Katharina Wieland Technische Universit\u00e4t Dresden\/ Universit\u00e4t [&hellip;]<\/p>\n","protected":false},"author":5940,"featured_media":0,"parent":0,"menu_order":0,"comment_status":"closed","ping_status":"closed","template":"","meta":[],"_links":{"self":[{"href":"https:\/\/blogs.urz.uni-halle.de\/netzfsuni\/wp-json\/wp\/v2\/pages\/6"}],"collection":[{"href":"https:\/\/blogs.urz.uni-halle.de\/netzfsuni\/wp-json\/wp\/v2\/pages"}],"about":[{"href":"https:\/\/blogs.urz.uni-halle.de\/netzfsuni\/wp-json\/wp\/v2\/types\/page"}],"author":[{"embeddable":true,"href":"https:\/\/blogs.urz.uni-halle.de\/netzfsuni\/wp-json\/wp\/v2\/users\/5940"}],"replies":[{"embeddable":true,"href":"https:\/\/blogs.urz.uni-halle.de\/netzfsuni\/wp-json\/wp\/v2\/comments?post=6"}],"version-history":[{"count":9,"href":"https:\/\/blogs.urz.uni-halle.de\/netzfsuni\/wp-json\/wp\/v2\/pages\/6\/revisions"}],"predecessor-version":[{"id":116,"href":"https:\/\/blogs.urz.uni-halle.de\/netzfsuni\/wp-json\/wp\/v2\/pages\/6\/revisions\/116"}],"wp:attachment":[{"href":"https:\/\/blogs.urz.uni-halle.de\/netzfsuni\/wp-json\/wp\/v2\/media?parent=6"}],"curies":[{"name":"wp","href":"https:\/\/api.w.org\/{rel}","templated":true}]}}