{"id":15,"date":"2024-07-29T14:19:50","date_gmt":"2024-07-29T12:19:50","guid":{"rendered":"https:\/\/blogs.urz.uni-halle.de\/neuberufenenbegruessung\/?page_id=15"},"modified":"2025-12-18T14:00:29","modified_gmt":"2025-12-18T13:00:29","slug":"anmeldung","status":"publish","type":"page","link":"https:\/\/blogs.urz.uni-halle.de\/neuberufenenbegruessung\/anmeldung\/","title":{"rendered":"Anmeldung"},"content":{"rendered":"\n<h4 id=\"block-a5ddaa54-7897-4f43-bb36-37576673b4b0\"><\/h4>\n\n\n\n<div class=\"wp-block-contact-form-7-contact-form-selector\"><div role=\"form\" class=\"wpcf7\" id=\"wpcf7-f56-o1\" lang=\"de-DE\" dir=\"ltr\">\n<div class=\"screen-reader-response\"><p role=\"status\" aria-live=\"polite\" aria-atomic=\"true\"><\/p> <ul><\/ul><\/div>\n<form action=\"\/neuberufenenbegruessung\/wp-json\/wp\/v2\/pages\/15#wpcf7-f56-o1\" method=\"post\" class=\"wpcf7-form init\" novalidate=\"novalidate\" data-status=\"init\">\n<div style=\"display: none;\">\n<input type=\"hidden\" name=\"_wpcf7\" value=\"56\" \/>\n<input type=\"hidden\" name=\"_wpcf7_version\" value=\"5.3.2\" \/>\n<input type=\"hidden\" name=\"_wpcf7_locale\" value=\"de_DE\" \/>\n<input type=\"hidden\" name=\"_wpcf7_unit_tag\" value=\"wpcf7-f56-o1\" \/>\n<input type=\"hidden\" name=\"_wpcf7_container_post\" value=\"0\" \/>\n<input type=\"hidden\" name=\"_wpcf7_posted_data_hash\" value=\"\" \/>\n<input type=\"hidden\" name=\"_wpcf7dtx_version\" value=\"5.0.4\" \/>\n<input type=\"hidden\" name=\"_wpcf7cf_hidden_group_fields\" value=\"[]\" \/>\n<input type=\"hidden\" name=\"_wpcf7cf_hidden_groups\" value=\"[]\" \/>\n<input type=\"hidden\" name=\"_wpcf7cf_visible_groups\" value=\"[]\" \/>\n<input type=\"hidden\" name=\"_wpcf7cf_repeaters\" value=\"[]\" \/>\n<input type=\"hidden\" name=\"_wpcf7cf_steps\" value=\"{}\" \/>\n<input type=\"hidden\" name=\"_wpcf7cf_options\" value=\"{&quot;form_id&quot;:56,&quot;conditions&quot;:[],&quot;settings&quot;:{&quot;animation&quot;:&quot;yes&quot;,&quot;animation_intime&quot;:200,&quot;animation_outtime&quot;:200,&quot;conditions_ui&quot;:&quot;normal&quot;,&quot;notice_dismissed&quot;:false}}\" \/>\n<\/div>\n<fieldset>\n<legend><\/legend>\n<p><label>Teil 1: Uniinterne Willkommensveranstaltung der MLU (13:30-16:30 Uhr) <span class=\"wpcf7-form-control-wrap WillkommensVA\"><select name=\"WillkommensVA\" class=\"wpcf7-form-control wpcf7-select wpcf7-validates-as-required\" aria-required=\"true\" aria-invalid=\"false\"><option value=\"\">---<\/option><option value=\"Ich nehme teil.\">Ich nehme teil.<\/option><option value=\"Ich nehme nicht teil.\">Ich nehme nicht teil.<\/option><\/select><\/span><\/label><br \/>\n<label>Teil 2: Empfang Oberb\u00fcrgermeister (ab 17:00 Uhr) <span class=\"wpcf7-form-control-wrap Stadtempfang\"><select name=\"Stadtempfang\" class=\"wpcf7-form-control wpcf7-select wpcf7-validates-as-required\" aria-required=\"true\" aria-invalid=\"false\"><option value=\"\">---<\/option><option value=\"Ich nehme teil.\">Ich nehme teil.<\/option><option value=\"Ich nehme nicht teil.\">Ich nehme nicht teil.<\/option><\/select><\/span><\/label><br \/>\n<label>Teil 3: Gef\u00fchrter Rundgang 30-45 min (jeweils 18:00 und 19 Uhr) <span class=\"wpcf7-form-control-wrap Rundgaenge\"><select name=\"Rundgaenge\" class=\"wpcf7-form-control wpcf7-select wpcf7-validates-as-required\" aria-required=\"true\" aria-invalid=\"false\"><option value=\"\">---<\/option><option value=\"Ich nehme teil.\">Ich nehme teil.<\/option><option value=\"Ich nehme nicht teil.\">Ich nehme nicht teil.<\/option><\/select><\/span><\/label><\/p>\n<p><label>Einwilligung Bildaufzeichnung inkl. Widerrufsbelehrung <\/label><br \/>\nHiermit best\u00e4tige ich die unentgeltliche Berechtigung des Veranstalters f\u00fcr alle gegenw\u00e4rtigen und zuk\u00fcnftigen Medien, Bildaufnahmen meiner Person, die \u00fcber die Wiedergabe einer Veranstaltung des Zeitgeschehens hinausgehen, zu erstellen, vervielf\u00e4ltigen, senden oder senden zu lassen sowie in visuellen Medien zu nutzen. Ich habe das Recht, diese Einwilligung jederzeit schriftlich beim Veranstalter zu widerrufen.<br \/>\n<span class=\"wpcf7-form-control-wrap radio-427\"><span class=\"wpcf7-form-control wpcf7-radio\"><span class=\"wpcf7-list-item first\"><label><input type=\"radio\" name=\"radio-427\" value=\"Ja\" checked=\"checked\" \/><span class=\"wpcf7-list-item-label\">Ja<\/span><\/label><\/span><span class=\"wpcf7-list-item last\"><label><input type=\"radio\" name=\"radio-427\" value=\"Nein\" \/><span class=\"wpcf7-list-item-label\">Nein<\/span><\/label><\/span><\/span><\/span><\/p>\n<\/fieldset>\n<fieldset>\n<legend>Pers\u00f6nliche Daten<\/legend>\n<p><label>Anrede: <span class=\"wpcf7-form-control-wrap Anrede\"><select name=\"Anrede\" class=\"wpcf7-form-control wpcf7-select wpcf7-validates-as-required\" aria-required=\"true\" aria-invalid=\"false\"><option value=\"\">---<\/option><option value=\"Frau\">Frau<\/option><option value=\"Herr\">Herr<\/option><option value=\"Keine Angabe\">Keine Angabe<\/option><\/select><\/span><\/label><br \/>\n<label>Titel: <span class=\"wpcf7-form-control-wrap titel\"><input type=\"text\" name=\"titel\" value=\"\" size=\"40\" class=\"wpcf7-form-control wpcf7-text\" aria-invalid=\"false\" \/><\/span><\/label><br \/>\n<label>Nachname: <span class=\"wpcf7-form-control-wrap nachname\"><input type=\"text\" name=\"nachname\" value=\"\" size=\"40\" class=\"wpcf7-form-control wpcf7-text wpcf7-validates-as-required\" aria-required=\"true\" aria-invalid=\"false\" \/><\/span><\/label><br \/>\n<label>Vorname: <span class=\"wpcf7-form-control-wrap vorname\"><input type=\"text\" name=\"vorname\" value=\"\" size=\"40\" class=\"wpcf7-form-control wpcf7-text wpcf7-validates-as-required\" aria-required=\"true\" aria-invalid=\"false\" \/><\/span><\/label><br \/>\n<label>E-Mail-Adresse: <span class=\"wpcf7-form-control-wrap emailadresse\"><input type=\"email\" name=\"emailadresse\" value=\"\" size=\"40\" class=\"wpcf7-form-control wpcf7-text wpcf7-email wpcf7-validates-as-required wpcf7-validates-as-email\" aria-required=\"true\" aria-invalid=\"false\" \/><\/span><\/label><br \/>\n<label>Kommentar (z. B. teilen Sie uns mit, ob Sie Essensunvertr\u00e4glichkeiten haben): <span class=\"wpcf7-form-control-wrap Kommentar\"><textarea name=\"Kommentar\" cols=\"40\" rows=\"10\" class=\"wpcf7-form-control wpcf7-textarea\" aria-invalid=\"false\"><\/textarea><\/span><\/label><br \/>\n<\/fieldset>\n<p><input type=\"submit\" value=\"Senden\" class=\"wpcf7-form-control wpcf7-submit\" \/><\/p>\n<div class=\"wpcf7-response-output\" aria-hidden=\"true\"><\/div><\/form><\/div><\/div>\n\n\n\n<p><\/p>\n","protected":false},"excerpt":{"rendered":"","protected":false},"author":6305,"featured_media":0,"parent":0,"menu_order":0,"comment_status":"closed","ping_status":"closed","template":"","meta":[],"_links":{"self":[{"href":"https:\/\/blogs.urz.uni-halle.de\/neuberufenenbegruessung\/wp-json\/wp\/v2\/pages\/15"}],"collection":[{"href":"https:\/\/blogs.urz.uni-halle.de\/neuberufenenbegruessung\/wp-json\/wp\/v2\/pages"}],"about":[{"href":"https:\/\/blogs.urz.uni-halle.de\/neuberufenenbegruessung\/wp-json\/wp\/v2\/types\/page"}],"author":[{"embeddable":true,"href":"https:\/\/blogs.urz.uni-halle.de\/neuberufenenbegruessung\/wp-json\/wp\/v2\/users\/6305"}],"replies":[{"embeddable":true,"href":"https:\/\/blogs.urz.uni-halle.de\/neuberufenenbegruessung\/wp-json\/wp\/v2\/comments?post=15"}],"version-history":[{"count":8,"href":"https:\/\/blogs.urz.uni-halle.de\/neuberufenenbegruessung\/wp-json\/wp\/v2\/pages\/15\/revisions"}],"predecessor-version":[{"id":180,"href":"https:\/\/blogs.urz.uni-halle.de\/neuberufenenbegruessung\/wp-json\/wp\/v2\/pages\/15\/revisions\/180"}],"wp:attachment":[{"href":"https:\/\/blogs.urz.uni-halle.de\/neuberufenenbegruessung\/wp-json\/wp\/v2\/media?parent=15"}],"curies":[{"name":"wp","href":"https:\/\/api.w.org\/{rel}","templated":true}]}}