{"id":501,"date":"2022-05-06T20:11:11","date_gmt":"2022-05-06T18:11:11","guid":{"rendered":"https:\/\/blogs.urz.uni-halle.de\/olli\/?page_id=501"},"modified":"2022-05-06T20:11:11","modified_gmt":"2022-05-06T18:11:11","slug":"antifaschismus","status":"publish","type":"page","link":"https:\/\/blogs.urz.uni-halle.de\/olli\/antifaschismus\/","title":{"rendered":"F\u00fcr eine antifaschistische Hochschule"},"content":{"rendered":"\n<p>Dozierende, die mit den sogenannten \u201cQuerdenker:innen\u201d sympathisieren, st\u00e4ndige Nazi-Demos auf dem Marktplatz, die immer st\u00e4rkere Bedrohung der Wissenschaftsfreiheit durch die AfD oder auch andere rassistische und anti-feministische Initiativen erfordern eine politisch aktive und antifaschistische Zivilgesellschaft, Universit\u00e4t und vor allem Studierendenschaft. Der StuRa und die Fachschaftsr\u00e4te m\u00fcssen sich stets mit den Betroffenen rechter Hetze und Gewalt solidarisieren und antifaschistische Initiativen als nat\u00fcrliche B\u00fcndnispartner:innen betrachten. Dabei d\u00fcrfen wir nicht auf die Diskussionen rund um die Beschr\u00e4nkung auf das angeblich rein \u201chochschulpolitische Mandat\u201d der studentischen Gremien hereinfallen, sondern m\u00fcssen deutlich machen: Die Verteidigung emanzipatorischer und menschenfreundlicher Ideale ist f\u00fcr uns ein Grundwert, der auch mit den Mitteln der Studierendenschaft gelebt werden muss. Die Universit\u00e4t kann und darf nicht als eine eigene, abgetrennte Insel Politik machen, ohne auf die st\u00e4dtische und \u00fcberregionale Politik zu achten.<\/p>\n\n\n\n<h3>Wir fordern:<\/h3>\n\n\n\n<ul><li>die Studierendenschaft muss sich gegen jede Form von Menschenfeindlichkeit und reaktion\u00e4rer Propaganda einsetzen und dasselbe von der MLU verlangen. Es braucht f\u00fcr alle Themen einen antifaschistischen Grundkonsens!<\/li><li>die Gremien der Studierendenschaft m\u00fcssen sich an der Mobilisierung gegen rechte und menschenfeindliche Aufm\u00e4rsche beteiligen.<\/li><li>der StuRa sollte auch selbst die Auseinandersetzung mit Anti-Faschismus voranbringen, zum Beispiel durch einen zweckgebundenen Haushaltstopf, aus dem nur anti-faschistische Projekte gef\u00f6rdert werden.<\/li><li>wir setzen uns f\u00fcr die Umbenennung der Martin-Luther-Universit\u00e4t Halle-Wittenberg ein. Martin Luther ist kein geeigneter Namenspatron f\u00fcr unsere Hochschule, da er Antisemit, Sexist und Klassenfeind war.<\/li><\/ul>\n","protected":false},"excerpt":{"rendered":"<p>Dozierende, die mit den sogenannten \u201cQuerdenker:innen\u201d sympathisieren, st\u00e4ndige Nazi-Demos auf dem Marktplatz, die immer st\u00e4rkere Bedrohung der Wissenschaftsfreiheit durch die AfD oder auch andere rassistische und anti-feministische Initiativen erfordern eine politisch aktive und antifaschistische Zivilgesellschaft, Universit\u00e4t und vor allem Studierendenschaft. Der StuRa und die Fachschaftsr\u00e4te m\u00fcssen sich stets mit den Betroffenen rechter Hetze und Gewalt [&hellip;]<\/p>\n","protected":false},"author":3514,"featured_media":0,"parent":0,"menu_order":0,"comment_status":"closed","ping_status":"closed","template":"","meta":[],"_links":{"self":[{"href":"https:\/\/blogs.urz.uni-halle.de\/olli\/wp-json\/wp\/v2\/pages\/501"}],"collection":[{"href":"https:\/\/blogs.urz.uni-halle.de\/olli\/wp-json\/wp\/v2\/pages"}],"about":[{"href":"https:\/\/blogs.urz.uni-halle.de\/olli\/wp-json\/wp\/v2\/types\/page"}],"author":[{"embeddable":true,"href":"https:\/\/blogs.urz.uni-halle.de\/olli\/wp-json\/wp\/v2\/users\/3514"}],"replies":[{"embeddable":true,"href":"https:\/\/blogs.urz.uni-halle.de\/olli\/wp-json\/wp\/v2\/comments?post=501"}],"version-history":[{"count":1,"href":"https:\/\/blogs.urz.uni-halle.de\/olli\/wp-json\/wp\/v2\/pages\/501\/revisions"}],"predecessor-version":[{"id":502,"href":"https:\/\/blogs.urz.uni-halle.de\/olli\/wp-json\/wp\/v2\/pages\/501\/revisions\/502"}],"wp:attachment":[{"href":"https:\/\/blogs.urz.uni-halle.de\/olli\/wp-json\/wp\/v2\/media?parent=501"}],"curies":[{"name":"wp","href":"https:\/\/api.w.org\/{rel}","templated":true}]}}