{"id":1117,"date":"2025-10-17T09:24:01","date_gmt":"2025-10-17T07:24:01","guid":{"rendered":"https:\/\/blogs.urz.uni-halle.de\/ortederromanistik\/?page_id=1117"},"modified":"2025-12-05T09:37:08","modified_gmt":"2025-12-05T08:37:08","slug":"gerda-hassler","status":"publish","type":"page","link":"https:\/\/blogs.urz.uni-halle.de\/ortederromanistik\/gerda-hassler\/","title":{"rendered":"Gerda Ha\u00dfler"},"content":{"rendered":"\n<figure class=\"wp-block-image size-large\"><img loading=\"lazy\" width=\"199\" height=\"300\" src=\"https:\/\/blogs.urz.uni-halle.de\/ortederromanistik\/files\/2025\/12\/CV-Bild-Hassler-199x300-1.png\" alt=\"\" class=\"wp-image-1183\" \/><figcaption>https:\/\/leibnizsozietaet.de\/wp-content\/uploads\/2021\/11\/CV-Bild-Hassler-199&#215;300.png   <\/figcaption><\/figure>\n\n\n\n<p>Geb. 1953 in Werdau<\/p>\n\n\n\n<p>Gerda Ha\u00dfler studierte von 1971 bis 1974 Romanistik und Slavistik an der Martin-Luther-Universit\u00e4t Halle-Wittenberg, wo sie danach wissenschaftliche Assistentin war und 1978 bei Ulrich Ricken mit der Arbeit <em>Zur Beschreibung des Einflusses der Sprache auf das Denken in Sprachtheorien des 18. Jahrhunderts<\/em> promovierte. Nach T\u00e4tigkeiten in au\u00dferuniversit\u00e4ren Praxisbereichen und als wissenschaftliche Mitarbeiterin an der P\u00e4dagogischen Hochschule Zwickau kehrte sie auf eine Aspirantur nach Halle zur\u00fcck und habilitierte sich hier 1984 mit einer Arbeit zur Entwicklung des semantischen Wertbegriffs in Sprachtheorien vom 18. bis zum 20. Jahrhundert im Fach Allgemeine Sprachwissenschaft. 1985 wurde sie in Halle zur Hochschuldozentin ernannt. Sie leitete den Wissenschaftsbereich Romanistik (ab 1990 \u201eRomanisches Seminar\u201c) der Martin-Luther-Universit\u00e4t von 1985 bis 1992. In dieser Zeit stie\u00df sie weitsichtig und mutig Entwicklungen an, die nach 1989 ein wichtiges Fundament f\u00fcr die schnelle Wiederaufnahme eines umfassenden romanistischen Lehrangebots waren.<\/p>\n\n\n\n<p>1992 auf den Lehrstuhl f\u00fcr Romanistik der TU Dresden berufen, folgte sie 1993 dem Ruf auf eine Professur f\u00fcr Linguistik und angewandte Sprachwissenschaft (Romanistik) an der Universit\u00e4t Potsdam, die sie bis zu ihrem Ruhestand 2020 innehatte. Neben vielf\u00e4ltigen Funktionen an der Fakult\u00e4t und in Universit\u00e4tskommissionen amtierte sie von 2001 bis 2006 als Prorektorin f\u00fcr Lehre, Studium und Internationale Beziehungen. Sie engagierte sich in Vorst\u00e4nden und Beir\u00e4ten zahlreicher wissenschaftlicher Gesellschaften im In- und Ausland und als Mitherausgeberin von Zeitschriften (z.B. <em>Beitr\u00e4ge zur Geschichte der Sprachwissenschaft) und Buchreihen (z.B., Studium Sprachwissenschaft, Potsdamer Linguistische Forschungen, Linguistica Philologica)<\/em>.<\/p>\n\n\n\n<p>Gerda Ha\u00dfler hat \u00fcber 400 wissenschaftliche Arbeiten ver\u00f6ffentlicht, davon sechs Monographien und 24 Sammelb\u00e4nde. Ihre Forschungsschwerpunkte sind die Funktionale Grammatik und Pragmatik der romanischen Sprachen, die Geschichte der Sprachwissenschaft und des Sprachbewusstseins vom 17. Jahrhundert bis zur Gegenwart sowie die Diskurstraditionen und ihre Auspr\u00e4gung in Kollokationen und Begriffsformationen.<\/p>\n\n\n\n<p>2008 wurde sie von Frankreich zum <em>Chevalier dans l\u2019ordre des Palmes Acad\u00e9miques<\/em> ernannt. Seit 2018 ist Gerda Ha\u00dfler Mitglied der Leibniz-Soziet\u00e4t der Wissenschaften zu Berlin, seit dem 1. Juli 2021 deren Pr\u00e4sidentin.<\/p>\n\n\n\n<p>Quellen:<a href=\"https:\/\/www.uni-potsdam.de\/de\/romanistik-hassler\/hassler\/person\">https:\/\/www.uni-potsdam.de\/de\/romanistik-hassler\/hassler\/person<\/a>, <a href=\"https:\/\/leibnizsozietaet.de\/prof-dr-gerda-hassler\/\">https:\/\/leibnizsozietaet.de\/prof-dr-gerda-hassler\/<\/a><\/p>\n","protected":false},"excerpt":{"rendered":"<p>Geb. 1953 in Werdau Gerda Ha\u00dfler studierte von 1971 bis 1974 Romanistik und Slavistik an der Martin-Luther-Universit\u00e4t Halle-Wittenberg, wo sie [&hellip;]<\/p>\n","protected":false},"author":6415,"featured_media":0,"parent":0,"menu_order":0,"comment_status":"closed","ping_status":"closed","template":"","meta":{"site-sidebar-layout":"default","site-content-layout":"","ast-site-content-layout":"default","site-content-style":"default","site-sidebar-style":"default","ast-global-header-display":"","ast-banner-title-visibility":"","ast-main-header-display":"","ast-hfb-above-header-display":"","ast-hfb-below-header-display":"","ast-hfb-mobile-header-display":"","site-post-title":"","ast-breadcrumbs-content":"","ast-featured-img":"","footer-sml-layout":"","theme-transparent-header-meta":"default","adv-header-id-meta":"","stick-header-meta":"","header-above-stick-meta":"","header-main-stick-meta":"","header-below-stick-meta":"","astra-migrate-meta-layouts":"set","ast-page-background-enabled":"default","ast-page-background-meta":{"desktop":{"background-color":"var(--ast-global-color-4)","background-image":"","background-repeat":"repeat","background-position":"center center","background-size":"auto","background-attachment":"scroll","background-type":"","background-media":"","overlay-type":"","overlay-color":"","overlay-opacity":"","overlay-gradient":""},"tablet":{"background-color":"","background-image":"","background-repeat":"repeat","background-position":"center center","background-size":"auto","background-attachment":"scroll","background-type":"","background-media":"","overlay-type":"","overlay-color":"","overlay-opacity":"","overlay-gradient":""},"mobile":{"background-color":"","background-image":"","background-repeat":"repeat","background-position":"center center","background-size":"auto","background-attachment":"scroll","background-type":"","background-media":"","overlay-type":"","overlay-color":"","overlay-opacity":"","overlay-gradient":""}},"ast-content-background-meta":{"desktop":{"background-color":"var(--ast-global-color-5)","background-image":"","background-repeat":"repeat","background-position":"center center","background-size":"auto","background-attachment":"scroll","background-type":"","background-media":"","overlay-type":"","overlay-color":"","overlay-opacity":"","overlay-gradient":""},"tablet":{"background-color":"var(--ast-global-color-5)","background-image":"","background-repeat":"repeat","background-position":"center center","background-size":"auto","background-attachment":"scroll","background-type":"","background-media":"","overlay-type":"","overlay-color":"","overlay-opacity":"","overlay-gradient":""},"mobile":{"background-color":"var(--ast-global-color-5)","background-image":"","background-repeat":"repeat","background-position":"center center","background-size":"auto","background-attachment":"scroll","background-type":"","background-media":"","overlay-type":"","overlay-color":"","overlay-opacity":"","overlay-gradient":""}}},"_links":{"self":[{"href":"https:\/\/blogs.urz.uni-halle.de\/ortederromanistik\/wp-json\/wp\/v2\/pages\/1117"}],"collection":[{"href":"https:\/\/blogs.urz.uni-halle.de\/ortederromanistik\/wp-json\/wp\/v2\/pages"}],"about":[{"href":"https:\/\/blogs.urz.uni-halle.de\/ortederromanistik\/wp-json\/wp\/v2\/types\/page"}],"author":[{"embeddable":true,"href":"https:\/\/blogs.urz.uni-halle.de\/ortederromanistik\/wp-json\/wp\/v2\/users\/6415"}],"replies":[{"embeddable":true,"href":"https:\/\/blogs.urz.uni-halle.de\/ortederromanistik\/wp-json\/wp\/v2\/comments?post=1117"}],"version-history":[{"count":3,"href":"https:\/\/blogs.urz.uni-halle.de\/ortederromanistik\/wp-json\/wp\/v2\/pages\/1117\/revisions"}],"predecessor-version":[{"id":1184,"href":"https:\/\/blogs.urz.uni-halle.de\/ortederromanistik\/wp-json\/wp\/v2\/pages\/1117\/revisions\/1184"}],"wp:attachment":[{"href":"https:\/\/blogs.urz.uni-halle.de\/ortederromanistik\/wp-json\/wp\/v2\/media?parent=1117"}],"curies":[{"name":"wp","href":"https:\/\/api.w.org\/{rel}","templated":true}]}}