{"id":483,"date":"2025-07-18T09:41:18","date_gmt":"2025-07-18T07:41:18","guid":{"rendered":"https:\/\/blogs.urz.uni-halle.de\/ortederromanistik\/?page_id=483"},"modified":"2025-10-16T16:02:05","modified_gmt":"2025-10-16T14:02:05","slug":"ulrich-ricken","status":"publish","type":"page","link":"https:\/\/blogs.urz.uni-halle.de\/ortederromanistik\/ulrich-ricken\/","title":{"rendered":"Ulrich Ricken"},"content":{"rendered":"\n<figure class=\"wp-block-image size-large is-resized\"><img loading=\"lazy\" src=\"https:\/\/blogs.urz.uni-halle.de\/ortederromanistik\/files\/2025\/07\/Ricken-und-Brummert.jpg\" alt=\"\" class=\"wp-image-368\" width=\"593\" height=\"394\" srcset=\"https:\/\/blogs.urz.uni-halle.de\/ortederromanistik\/files\/2025\/07\/Ricken-und-Brummert.jpg 790w, https:\/\/blogs.urz.uni-halle.de\/ortederromanistik\/files\/2025\/07\/Ricken-und-Brummert-300x199.jpg 300w, https:\/\/blogs.urz.uni-halle.de\/ortederromanistik\/files\/2025\/07\/Ricken-und-Brummert-768x510.jpg 768w, https:\/\/blogs.urz.uni-halle.de\/ortederromanistik\/files\/2025\/07\/Ricken-und-Brummert-272x182.jpg 272w\" sizes=\"(max-width: 593px) 100vw, 593px\" \/><figcaption>Ulrich Ricken mit Ulrike Brummert 1997 w\u00e4hrend der Er\u00f6ffnung der Ausstellung zur Institutsgeschichte (\u00a9 Wolfgang M\u00e4rten)<\/figcaption><\/figure>\n\n\n\n<p>Ulrich Ricken (1928-2011) musste bereits mit 17 Jahren Soldat werden und lernte in der Kriegsgefangenschaft (1944\u20131948) Franz\u00f6sisch. Danach studierte er von 1948 bis 1952 an der Universit\u00e4t Greifswald Romanistik und Slavistik. 1953 promovierte er in Leipzig und habilitierte sich dort 1961.<\/p>\n\n\n\n<p>Sein Forschungsinteresse galt Zeit seines Lebens der Geschichte der Sprachtheorien, insbesondere in Frankreich, und der Epoche der Aufkl\u00e4rung. Er arbeitete zu den \u201egro\u00dfen Autoren\u201c der Sprachtheorien des 18. Jahrhunderts und besorgte, wo n\u00f6tig, auch deren \u00dcbersetzung ins Deutsche. Viele seiner B\u00fccher sind auch in Frankreich erschienen.<\/p>\n\n\n\n<p>1962 kam er \u2013 zun\u00e4chst als Dozent, kurze Zeit sp\u00e4ter zum Professor ernannt \u2013 nach Halle und wurde zum Direktor des Romanischen Seminars (sp\u00e4ter Wissenschaftsbereich Romanistik) berufen. Dabei pr\u00e4gte er Strukturen und eine wissenschaftliche Orientierung, die z.T. auch in den nachfolgenden Entwicklungsphasen noch bestand hatten. Er sorgte unter schwierigen Bedingungen f\u00fcr vielf\u00e4ltige Kontakte nach Frankreich, bahnte zu Beginn der 1970er Jahre die Universit\u00e4tskontakte nach Lille und Grenoble an und k\u00fcmmerte sich um die Gewinnung muttersprachlicher Lektor*innen. Seine enge Vernetzung im internationalen Wissenschaftsbetrieb, u.a. als Mitglied franz\u00f6sischer und internationaler Vereinigungen zur Aufkl\u00e4rungsforschung erm\u00f6glichte bereits in den 70er und 80er Jahren Gastvortr\u00e4ge und Konferenzteilnahmen zahlreicher renommierter Wissenschaftler*innen aus Frankreich, Italien und der BRD in Halle.<\/p>\n\n\n\n<p>1984 gr\u00fcndete Ulrich Ricken einen Arbeitskreis Europ\u00e4ische Aufkl\u00e4rung, aus dem mit Unterst\u00fctzung durch Prof. Paul Raabe, Direktor der Herzog-August-Bibliothek in Wolfenb\u00fcttel, und die Volkswagenstiftung 1989 der Vorl\u00e4ufer des heutigen Interdisziplin\u00e4ren Zentrums zur Erforschung der Europ\u00e4ischen Aufkl\u00e4rung (IZEA) entstand. Nach dem Eintritt in den Ruhestand 1991 besch\u00e4ftigte er sich vor allem mit der deutschen Aufkl\u00e4rung und ihren Beziehungen zur Romania. Seinen letzten Vortrag im IZEA hielt er 2008.<a href=\"#_ftn1\">[1]<\/a><\/p>\n\n\n\n<hr class=\"wp-block-separator\" \/>\n\n\n\n<p><a href=\"#_ftnref1\">[1]<\/a> Vgl. Bach, Reinhard, Desn\u00e9, Roland, Ha\u00dfller, Gerda (Hrsgg.): <em>Formen der Aufkl\u00e4rung und ihrer Rezeption = Expressions des lumi\u00e8res et de leur r\u00e9ception. Festschrift zum 70. Geburtstag von Ulrich Ricken.<\/em> T\u00fcbingen 1999, Ha\u00dfler, Gerda: <em>Ulrich Ricken (1926-2011) \u2013 Ein Nachruf.<\/em> Beitr\u00e4ge zur Geschichte der Sprachwissenschaft 21.2, 275-280, UAHW, Personalakte Ricken<\/p>\n","protected":false},"excerpt":{"rendered":"<p>Ulrich Ricken (1928-2011) musste bereits mit 17 Jahren Soldat werden und lernte in der Kriegsgefangenschaft (1944\u20131948) Franz\u00f6sisch. Danach studierte er [&hellip;]<\/p>\n","protected":false},"author":5479,"featured_media":0,"parent":0,"menu_order":0,"comment_status":"closed","ping_status":"closed","template":"","meta":{"site-sidebar-layout":"default","site-content-layout":"","ast-site-content-layout":"","site-content-style":"default","site-sidebar-style":"default","ast-global-header-display":"","ast-banner-title-visibility":"","ast-main-header-display":"","ast-hfb-above-header-display":"","ast-hfb-below-header-display":"","ast-hfb-mobile-header-display":"","site-post-title":"","ast-breadcrumbs-content":"","ast-featured-img":"","footer-sml-layout":"","theme-transparent-header-meta":"","adv-header-id-meta":"","stick-header-meta":"","header-above-stick-meta":"","header-main-stick-meta":"","header-below-stick-meta":"","astra-migrate-meta-layouts":"default","ast-page-background-enabled":"default","ast-page-background-meta":{"desktop":{"background-color":"var(--ast-global-color-4)","background-image":"","background-repeat":"repeat","background-position":"center center","background-size":"auto","background-attachment":"scroll","background-type":"","background-media":"","overlay-type":"","overlay-color":"","overlay-opacity":"","overlay-gradient":""},"tablet":{"background-color":"","background-image":"","background-repeat":"repeat","background-position":"center center","background-size":"auto","background-attachment":"scroll","background-type":"","background-media":"","overlay-type":"","overlay-color":"","overlay-opacity":"","overlay-gradient":""},"mobile":{"background-color":"","background-image":"","background-repeat":"repeat","background-position":"center center","background-size":"auto","background-attachment":"scroll","background-type":"","background-media":"","overlay-type":"","overlay-color":"","overlay-opacity":"","overlay-gradient":""}},"ast-content-background-meta":{"desktop":{"background-color":"var(--ast-global-color-5)","background-image":"","background-repeat":"repeat","background-position":"center center","background-size":"auto","background-attachment":"scroll","background-type":"","background-media":"","overlay-type":"","overlay-color":"","overlay-opacity":"","overlay-gradient":""},"tablet":{"background-color":"var(--ast-global-color-5)","background-image":"","background-repeat":"repeat","background-position":"center center","background-size":"auto","background-attachment":"scroll","background-type":"","background-media":"","overlay-type":"","overlay-color":"","overlay-opacity":"","overlay-gradient":""},"mobile":{"background-color":"var(--ast-global-color-5)","background-image":"","background-repeat":"repeat","background-position":"center center","background-size":"auto","background-attachment":"scroll","background-type":"","background-media":"","overlay-type":"","overlay-color":"","overlay-opacity":"","overlay-gradient":""}}},"_links":{"self":[{"href":"https:\/\/blogs.urz.uni-halle.de\/ortederromanistik\/wp-json\/wp\/v2\/pages\/483"}],"collection":[{"href":"https:\/\/blogs.urz.uni-halle.de\/ortederromanistik\/wp-json\/wp\/v2\/pages"}],"about":[{"href":"https:\/\/blogs.urz.uni-halle.de\/ortederromanistik\/wp-json\/wp\/v2\/types\/page"}],"author":[{"embeddable":true,"href":"https:\/\/blogs.urz.uni-halle.de\/ortederromanistik\/wp-json\/wp\/v2\/users\/5479"}],"replies":[{"embeddable":true,"href":"https:\/\/blogs.urz.uni-halle.de\/ortederromanistik\/wp-json\/wp\/v2\/comments?post=483"}],"version-history":[{"count":7,"href":"https:\/\/blogs.urz.uni-halle.de\/ortederromanistik\/wp-json\/wp\/v2\/pages\/483\/revisions"}],"predecessor-version":[{"id":1079,"href":"https:\/\/blogs.urz.uni-halle.de\/ortederromanistik\/wp-json\/wp\/v2\/pages\/483\/revisions\/1079"}],"wp:attachment":[{"href":"https:\/\/blogs.urz.uni-halle.de\/ortederromanistik\/wp-json\/wp\/v2\/media?parent=483"}],"curies":[{"name":"wp","href":"https:\/\/api.w.org\/{rel}","templated":true}]}}