{"id":610,"date":"2025-08-11T09:37:55","date_gmt":"2025-08-11T07:37:55","guid":{"rendered":"https:\/\/blogs.urz.uni-halle.de\/ortederromanistik\/?page_id=610"},"modified":"2025-10-21T09:05:14","modified_gmt":"2025-10-21T07:05:14","slug":"rudolf-noack","status":"publish","type":"page","link":"https:\/\/blogs.urz.uni-halle.de\/ortederromanistik\/rudolf-noack\/","title":{"rendered":"Rudolf Noack"},"content":{"rendered":"\n<figure class=\"wp-block-image size-medium is-resized\"><img loading=\"lazy\" src=\"https:\/\/blogs.urz.uni-halle.de\/ortederromanistik\/files\/2025\/10\/UAHW_Rep_11_PA_32012_Rudolf_Noack-1-265x300.jpg\" alt=\"\" class=\"wp-image-1159\" width=\"267\" height=\"302\" srcset=\"https:\/\/blogs.urz.uni-halle.de\/ortederromanistik\/files\/2025\/10\/UAHW_Rep_11_PA_32012_Rudolf_Noack-1-265x300.jpg 265w, https:\/\/blogs.urz.uni-halle.de\/ortederromanistik\/files\/2025\/10\/UAHW_Rep_11_PA_32012_Rudolf_Noack-1-903x1024.jpg 903w, https:\/\/blogs.urz.uni-halle.de\/ortederromanistik\/files\/2025\/10\/UAHW_Rep_11_PA_32012_Rudolf_Noack-1-768x871.jpg 768w, https:\/\/blogs.urz.uni-halle.de\/ortederromanistik\/files\/2025\/10\/UAHW_Rep_11_PA_32012_Rudolf_Noack-1-1354x1536.jpg 1354w, https:\/\/blogs.urz.uni-halle.de\/ortederromanistik\/files\/2025\/10\/UAHW_Rep_11_PA_32012_Rudolf_Noack-1-1806x2048.jpg 1806w\" sizes=\"(max-width: 267px) 100vw, 267px\" \/><figcaption>UAHW_Rep_11_PA_32012_Rudolf_Noack<\/figcaption><\/figure>\n\n\n\n<p>Noack (1935-2010) studierte von 1953 bis 1958 in Leipzig Galloromanistik, Hispanistik und Italianistik und wurde dort 1962 bei Werner Krauss mit einer Arbeit zum franz\u00f6sischen Aufkl\u00e4rungsjournalismus promoviert. Nach weiteren T\u00e4tigkeiten an der Universit\u00e4t Leipzig leitete er von 1966 bis 1969 die Abteilung \u201eNeuere Literatur der romanischen L\u00e4nder\u201c an der Akademie der Wissenschaften der DDR in Berlin, wobei sein Schwerpunkt auf der Spanischen Literatur der Aufkl\u00e4rung und der Gegenwart lag.<\/p>\n\n\n\n<p>1969 kam Noack  nach Halle, wurde 1970 zum Dozenten und nach seiner &#8222;Promotion B&#8220; 1973 zur Rezeption und Wirkungsgeschichte der spanischen, lateinamerikanischen und franz\u00f6sischen Literatur. erst 1976 zum ordentlichen Professor f\u00fcr franz\u00f6sische Literatur berufen. Von 1983 bis 1985 leitete er das DDR-Kulturzentrum in Paris. 1992 schied er aus dem Dienst aus.<\/p>\n\n\n\n<p>In der Lehre vertrat Noack aufgrund des in Halle vorliegenden Bedarfs vor allem die franz\u00f6sische, erst ab 1985 auch die spanische Literaturwissenschaft, in der Forschung beide Bereiche. Ein Schwerpunkt lag dabei in der lateinamerikanischen Literatur, insbesondere der Kubas.<\/p>\n\n\n\n<p>Er gab zahlreiche Klassiker vor allem der franz\u00f6sischen Literatur, meist versehen mit einem eigenen Vor- bzw. Nachwort heraus (u.a. Montaigne Prevost, Maupassant) und die Werke Voltaires in deutscher Sprache heraus. Ab 1985 arbeitete er am Projekt des W\u00f6rterbuchs der Weltliteratur f\u00fcr den Bereich Hispanistik mit.<\/p>\n\n\n\n<hr class=\"wp-block-separator\" \/>\n\n\n\n<p>UAHW, Personalakte Nr. 032012<\/p>\n\n\n\n<p>L\u00fcsebrink, Hans-J\u00fcrgen, Siepe, Hans (Hgg.) Romanistische Komparatistik. Begegnungen der Texte \u2013 Literatur im Vergleich, Peter Lang, Frankfurt\/M. u.w., 1993, S. 282<\/p>\n","protected":false},"excerpt":{"rendered":"<p>Noack (1935-2010) studierte von 1953 bis 1958 in Leipzig Galloromanistik, Hispanistik und Italianistik und wurde dort 1962 bei Werner Krauss [&hellip;]<\/p>\n","protected":false},"author":6415,"featured_media":0,"parent":0,"menu_order":0,"comment_status":"closed","ping_status":"closed","template":"","meta":{"site-sidebar-layout":"default","site-content-layout":"","ast-site-content-layout":"default","site-content-style":"default","site-sidebar-style":"default","ast-global-header-display":"","ast-banner-title-visibility":"","ast-main-header-display":"","ast-hfb-above-header-display":"","ast-hfb-below-header-display":"","ast-hfb-mobile-header-display":"","site-post-title":"","ast-breadcrumbs-content":"","ast-featured-img":"","footer-sml-layout":"","theme-transparent-header-meta":"default","adv-header-id-meta":"","stick-header-meta":"","header-above-stick-meta":"","header-main-stick-meta":"","header-below-stick-meta":"","astra-migrate-meta-layouts":"set","ast-page-background-enabled":"default","ast-page-background-meta":{"desktop":{"background-color":"var(--ast-global-color-4)","background-image":"","background-repeat":"repeat","background-position":"center center","background-size":"auto","background-attachment":"scroll","background-type":"","background-media":"","overlay-type":"","overlay-color":"","overlay-opacity":"","overlay-gradient":""},"tablet":{"background-color":"","background-image":"","background-repeat":"repeat","background-position":"center center","background-size":"auto","background-attachment":"scroll","background-type":"","background-media":"","overlay-type":"","overlay-color":"","overlay-opacity":"","overlay-gradient":""},"mobile":{"background-color":"","background-image":"","background-repeat":"repeat","background-position":"center center","background-size":"auto","background-attachment":"scroll","background-type":"","background-media":"","overlay-type":"","overlay-color":"","overlay-opacity":"","overlay-gradient":""}},"ast-content-background-meta":{"desktop":{"background-color":"var(--ast-global-color-5)","background-image":"","background-repeat":"repeat","background-position":"center center","background-size":"auto","background-attachment":"scroll","background-type":"","background-media":"","overlay-type":"","overlay-color":"","overlay-opacity":"","overlay-gradient":""},"tablet":{"background-color":"var(--ast-global-color-5)","background-image":"","background-repeat":"repeat","background-position":"center center","background-size":"auto","background-attachment":"scroll","background-type":"","background-media":"","overlay-type":"","overlay-color":"","overlay-opacity":"","overlay-gradient":""},"mobile":{"background-color":"var(--ast-global-color-5)","background-image":"","background-repeat":"repeat","background-position":"center center","background-size":"auto","background-attachment":"scroll","background-type":"","background-media":"","overlay-type":"","overlay-color":"","overlay-opacity":"","overlay-gradient":""}}},"_links":{"self":[{"href":"https:\/\/blogs.urz.uni-halle.de\/ortederromanistik\/wp-json\/wp\/v2\/pages\/610"}],"collection":[{"href":"https:\/\/blogs.urz.uni-halle.de\/ortederromanistik\/wp-json\/wp\/v2\/pages"}],"about":[{"href":"https:\/\/blogs.urz.uni-halle.de\/ortederromanistik\/wp-json\/wp\/v2\/types\/page"}],"author":[{"embeddable":true,"href":"https:\/\/blogs.urz.uni-halle.de\/ortederromanistik\/wp-json\/wp\/v2\/users\/6415"}],"replies":[{"embeddable":true,"href":"https:\/\/blogs.urz.uni-halle.de\/ortederromanistik\/wp-json\/wp\/v2\/comments?post=610"}],"version-history":[{"count":4,"href":"https:\/\/blogs.urz.uni-halle.de\/ortederromanistik\/wp-json\/wp\/v2\/pages\/610\/revisions"}],"predecessor-version":[{"id":1160,"href":"https:\/\/blogs.urz.uni-halle.de\/ortederromanistik\/wp-json\/wp\/v2\/pages\/610\/revisions\/1160"}],"wp:attachment":[{"href":"https:\/\/blogs.urz.uni-halle.de\/ortederromanistik\/wp-json\/wp\/v2\/media?parent=610"}],"curies":[{"name":"wp","href":"https:\/\/api.w.org\/{rel}","templated":true}]}}