{"id":807,"date":"2025-09-01T09:22:19","date_gmt":"2025-09-01T07:22:19","guid":{"rendered":"https:\/\/blogs.urz.uni-halle.de\/ortederromanistik\/?page_id=807"},"modified":"2025-10-17T10:18:49","modified_gmt":"2025-10-17T08:18:49","slug":"voltaire-bueste","status":"publish","type":"page","link":"https:\/\/blogs.urz.uni-halle.de\/ortederromanistik\/voltaire-bueste\/","title":{"rendered":"Voltaire &#8211; von Paris nach Halle"},"content":{"rendered":"\n<p> <\/p>\n\n\n\n<figure class=\"wp-block-image size-full is-resized\"><img loading=\"lazy\" src=\"https:\/\/blogs.urz.uni-halle.de\/ortederromanistik\/files\/2025\/07\/Voltaire-1.png\" alt=\"\" class=\"wp-image-418\" width=\"577\" height=\"770\" srcset=\"https:\/\/blogs.urz.uni-halle.de\/ortederromanistik\/files\/2025\/07\/Voltaire-1.png 394w, https:\/\/blogs.urz.uni-halle.de\/ortederromanistik\/files\/2025\/07\/Voltaire-1-225x300.png 225w\" sizes=\"(max-width: 577px) 100vw, 577px\" \/><figcaption>(C) C\u00e9dric Ludwig<\/figcaption><\/figure>\n\n\n\n<p><br>Der Aufkl\u00e4rer Fran\u00e7ois-Marie Arouet (1694-1778), genannt Voltaire war nicht nur 1753 in der <a rel=\"noreferrer noopener\" href=\"https:\/\/blogs.urz.uni-halle.de\/ortederromanistik\/1680-grosse-maerkerstrasse-ritterakademie\/\" target=\"_blank\">Gro\u00dfen M\u00e4rkerstra\u00dfe<\/a> bei Prof. Siegmund Jakob Baumgarten f\u00fcr einen Tag zu Gast in Halle, sein Wirken war und ist auch immer wieder Gegenstand Hallescher Forschungen. So nannte <a rel=\"noreferrer noopener\" href=\"https:\/\/blogs.urz.uni-halle.de\/ortederromanistik\/viktor-klemperer\/\" target=\"_blank\">Victor Klemperer<\/a> den ersten Band seiner Geschichte der Franz\u00f6sischen Literatur im 18. Jahrhundert \u201eDas Jahrhundert Voltaires\u201c (Berlin 1954, der zweite Band \u201eDas Jahrhundert Rousseaus\u201c erschien posthum in Halle 1966). Auch das Interdisziplin\u00e4re Zentrum f\u00fcr die Erforschung der Europ\u00e4ischen Aufkl\u00e4rung besch\u00e4ftigt sich immer wieder mit ihm.<\/p>\n\n\n\n<p>Zudem ist er eine der am h\u00e4ufigsten dargestellten Personen seiner Zeit. Ganz besonders ber\u00fchmt geworden sind die B\u00fcsten von Jean-Antoine Houdon (1741-1828), dessen Werke sich in Museen in aller Welt befinden. Er schuf mehrere Darstellungen Voltaires, von denen einige bis heute als Marmornachbildungen, aber auch als Keramik- bzw. Gipsabg\u00fcsse in verschiedenen Gr\u00f6\u00dfen vor allem nach Kopien aus dem 19. Jahrhundert zu erwerben sind.<\/p>\n\n\n\n<p>Die B\u00fcste soll ein Detail der lebensgro\u00dfen Statue Houdons \u201cVoltaire assis\u201d, die Houdon 1778 (Voltaire war damals 83 Jahre alt) von Voltaires Nichte in Auftrag gegeben und der Com\u00e9die Fran\u00e7aise geschenkt wurde. Eine zweite Version schuf Houdon f\u00fcr Katharina die Gro\u00dfe von Russland.<a href=\"#1\">[1]<\/a><\/p>\n\n\n\n<p>Dem Institut wurde die B\u00fcste nach dem Tode von Professor Friedrich Klincksieck (1860-1928) geschenkt, wie es die aufgebrachte Inschrift \u201eErinnerung an Professor Dr. Friedrich Klincksieck dem Roman. Seminar geschenkt von Frau Prof. Dr. Klincksieck\u201c im Stil der Zeit ausweist.<\/p>\n\n\n\n<figure class=\"wp-block-image size-large\"><img loading=\"lazy\" width=\"584\" height=\"418\" src=\"https:\/\/blogs.urz.uni-halle.de\/ortederromanistik\/files\/2025\/07\/Uniplatz_4.png\" alt=\"\" class=\"wp-image-363\" srcset=\"https:\/\/blogs.urz.uni-halle.de\/ortederromanistik\/files\/2025\/07\/Uniplatz_4.png 584w, https:\/\/blogs.urz.uni-halle.de\/ortederromanistik\/files\/2025\/07\/Uniplatz_4-300x215.png 300w\" sizes=\"(max-width: 584px) 100vw, 584px\" \/><figcaption>Seminar- und Bibliotheksraum, um 1955, AIR<\/figcaption><\/figure>\n\n\n\n<p>Friedrich Klincksieck war der Sohn des Buchh\u00e4ndlers und Verlegers gleichen Namens, der mit den <em>\u00c9ditions Klincksieck<\/em> in Paris einen angesehenen und bis heute existierenden Verlag f\u00fcr wissenschaftliche Literatur aufgebaut hatte. Der Sohn arbeitete zun\u00e4chst in der Buchhandlung des Vaters, und h\u00f6rte nebenbei Vorlesungen \u00fcber franz\u00f6sische Literatur und Sprache an der Universit\u00e4t Paris. Ab 1883 studierte er neuere Philologie zun\u00e4chst in Leipzig, dann in Marburg, wo er ab 1888 wissenschaftlicher Assistent und Lektor f\u00fcr franz\u00f6sische Sprache war und 1890 promovierte.<\/p>\n\n\n\n<p>1893 kam er als Oberlehrer an das St\u00e4dtische Gymnasium in Halle und wurde dort 1906 zum Professor ernannt. Seit 1914 war er aushilfsweise, ab 1919 als Angestellter Lektor f\u00fcr Franz\u00f6sisch an der Universit\u00e4t Halle-Wittenberg. Er verfasste auch verschiedene Lehrmaterialien f\u00fcr die Schule (<em>Der Brief in der franz\u00f6sischen Literatur des 19. Jahrhunderts: Eine Auswahl<\/em>. Hrsg.: Fr. Klincksieck. Niemeyer, Halle a. S. 1912, <em>Franz\u00f6sisches Lesebuch f\u00fcr die oberen Klassen h\u00f6herer Lehranstalten<\/em>. L. Ehlermann, Dresden 1928). <a href=\"#_ftn2\">[<\/a><a href=\"#2\">2<\/a><a href=\"#_ftn2\">]<\/a><\/p>\n\n\n\n<p>Die Studenten hielt die Inschrift nicht davon ab, zuweilen ihren Schabernack mit dem ber\u00fchmten Herrn zu treiben:<\/p>\n\n\n\n<figure class=\"wp-block-image size-large\"><img loading=\"lazy\" width=\"1024\" height=\"768\" src=\"https:\/\/blogs.urz.uni-halle.de\/ortederromanistik\/files\/2025\/07\/df_pos-2018-b_0000001_032_Abb_2-1024x768.jpg\" alt=\"\" class=\"wp-image-553\" srcset=\"https:\/\/blogs.urz.uni-halle.de\/ortederromanistik\/files\/2025\/07\/df_pos-2018-b_0000001_032_Abb_2-1024x768.jpg 1024w, https:\/\/blogs.urz.uni-halle.de\/ortederromanistik\/files\/2025\/07\/df_pos-2018-b_0000001_032_Abb_2-300x225.jpg 300w, https:\/\/blogs.urz.uni-halle.de\/ortederromanistik\/files\/2025\/07\/df_pos-2018-b_0000001_032_Abb_2-768x576.jpg 768w, https:\/\/blogs.urz.uni-halle.de\/ortederromanistik\/files\/2025\/07\/df_pos-2018-b_0000001_032_Abb_2.jpg 1417w\" sizes=\"(max-width: 1024px) 100vw, 1024px\" \/><figcaption>\u00a9 Deutsche Fotothek; Album zum 70. Geburtstag von Victor Klemperer, Albumseite mit Abb. 15: Herren Zengler und Pichler um Voltaire-B\u00fcste, Frl. Kernecker und Kirchner, 1951<\/figcaption><\/figure>\n\n\n\n<p><\/p>\n\n\n\n<hr class=\"wp-block-separator\" \/>\n\n\n\n<p id=\"1\"><a href=\"#_ftnref1\">[1]<\/a> <a href=\"https:\/\/collections.vam.ac.uk\/item\/O94229\/voltaire-bust-houdon-jean-antoine\/\">https:\/\/collections.vam.ac.uk\/item\/O94229\/voltaire-bust-houdon-jean-antoine\/<\/a><\/p>\n\n\n\n<p id=\"2\"><a href=\"#_ftnref2\">[2]<\/a> \u201eKlincksieck, <em>Friedrich<\/em> Wilhelm Ludwig Johannes\u201c, in: Professorenkatalog der Philipps-Universit\u00e4t Marburg &lt;https:\/\/professorenkatalog.online.uni-marburg.de\/de\/pkat\/idrec?id=10326&gt; (Stand: 10.2.2025)<\/p>\n","protected":false},"excerpt":{"rendered":"<p>Der Aufkl\u00e4rer Fran\u00e7ois-Marie Arouet (1694-1778), genannt Voltaire war nicht nur 1753 in der Gro\u00dfen M\u00e4rkerstra\u00dfe bei Prof. Siegmund Jakob Baumgarten [&hellip;]<\/p>\n","protected":false},"author":6415,"featured_media":0,"parent":0,"menu_order":0,"comment_status":"closed","ping_status":"closed","template":"","meta":{"site-sidebar-layout":"default","site-content-layout":"","ast-site-content-layout":"","site-content-style":"default","site-sidebar-style":"default","ast-global-header-display":"","ast-banner-title-visibility":"","ast-main-header-display":"","ast-hfb-above-header-display":"","ast-hfb-below-header-display":"","ast-hfb-mobile-header-display":"","site-post-title":"","ast-breadcrumbs-content":"","ast-featured-img":"","footer-sml-layout":"","theme-transparent-header-meta":"","adv-header-id-meta":"","stick-header-meta":"","header-above-stick-meta":"","header-main-stick-meta":"","header-below-stick-meta":"","astra-migrate-meta-layouts":"default","ast-page-background-enabled":"default","ast-page-background-meta":{"desktop":{"background-color":"var(--ast-global-color-4)","background-image":"","background-repeat":"repeat","background-position":"center center","background-size":"auto","background-attachment":"scroll","background-type":"","background-media":"","overlay-type":"","overlay-color":"","overlay-opacity":"","overlay-gradient":""},"tablet":{"background-color":"","background-image":"","background-repeat":"repeat","background-position":"center center","background-size":"auto","background-attachment":"scroll","background-type":"","background-media":"","overlay-type":"","overlay-color":"","overlay-opacity":"","overlay-gradient":""},"mobile":{"background-color":"","background-image":"","background-repeat":"repeat","background-position":"center center","background-size":"auto","background-attachment":"scroll","background-type":"","background-media":"","overlay-type":"","overlay-color":"","overlay-opacity":"","overlay-gradient":""}},"ast-content-background-meta":{"desktop":{"background-color":"var(--ast-global-color-5)","background-image":"","background-repeat":"repeat","background-position":"center center","background-size":"auto","background-attachment":"scroll","background-type":"","background-media":"","overlay-type":"","overlay-color":"","overlay-opacity":"","overlay-gradient":""},"tablet":{"background-color":"var(--ast-global-color-5)","background-image":"","background-repeat":"repeat","background-position":"center center","background-size":"auto","background-attachment":"scroll","background-type":"","background-media":"","overlay-type":"","overlay-color":"","overlay-opacity":"","overlay-gradient":""},"mobile":{"background-color":"var(--ast-global-color-5)","background-image":"","background-repeat":"repeat","background-position":"center center","background-size":"auto","background-attachment":"scroll","background-type":"","background-media":"","overlay-type":"","overlay-color":"","overlay-opacity":"","overlay-gradient":""}}},"_links":{"self":[{"href":"https:\/\/blogs.urz.uni-halle.de\/ortederromanistik\/wp-json\/wp\/v2\/pages\/807"}],"collection":[{"href":"https:\/\/blogs.urz.uni-halle.de\/ortederromanistik\/wp-json\/wp\/v2\/pages"}],"about":[{"href":"https:\/\/blogs.urz.uni-halle.de\/ortederromanistik\/wp-json\/wp\/v2\/types\/page"}],"author":[{"embeddable":true,"href":"https:\/\/blogs.urz.uni-halle.de\/ortederromanistik\/wp-json\/wp\/v2\/users\/6415"}],"replies":[{"embeddable":true,"href":"https:\/\/blogs.urz.uni-halle.de\/ortederromanistik\/wp-json\/wp\/v2\/comments?post=807"}],"version-history":[{"count":10,"href":"https:\/\/blogs.urz.uni-halle.de\/ortederromanistik\/wp-json\/wp\/v2\/pages\/807\/revisions"}],"predecessor-version":[{"id":1128,"href":"https:\/\/blogs.urz.uni-halle.de\/ortederromanistik\/wp-json\/wp\/v2\/pages\/807\/revisions\/1128"}],"wp:attachment":[{"href":"https:\/\/blogs.urz.uni-halle.de\/ortederromanistik\/wp-json\/wp\/v2\/media?parent=807"}],"curies":[{"name":"wp","href":"https:\/\/api.w.org\/{rel}","templated":true}]}}