{"id":3,"date":"2025-02-27T14:49:37","date_gmt":"2025-02-27T13:49:37","guid":{"rendered":"https:\/\/blogs.urz.uni-halle.de\/ortederzukunft\/?page_id=3"},"modified":"2025-04-14T08:25:06","modified_gmt":"2025-04-14T06:25:06","slug":"idee","status":"publish","type":"page","link":"https:\/\/blogs.urz.uni-halle.de\/ortederzukunft\/","title":{"rendered":"Idee"},"content":{"rendered":"\n<p><strong>Zukunftsorte!<\/strong><\/p>\n\n\n\n<p>Im Sommersemester 2025 bietet der Forschungsschwerpunkt ARW (Aufkl\u00e4rung \u2013 Religion \u2013 Wissen) eine gro\u00dfe Seminarreihe zum Projekt \u201cZukunftsorte\u201d an, die sich \u00fcber die F\u00e4cher Germanistik, Kunstgeschichte und Geschichte erstrecken. Die Projektseminare widmen sich in praktischer Themenarbeit Orten der Transformation in Sachsen-Anhalt und behandeln dabei umfassend die vergangenen Zuk\u00fcnfte, die unsere Gegenwart so verst\u00e4rkt besch\u00e4ftigen wie noch nie. Utopische Lebensweise, Entwicklungschancen und auch Scheitern treffen sich an diesen Zukunftsorten und laden zu einer umfassenden Auseinandersetzung mit den Imaginationen der Zukunft ein.<\/p>\n\n\n\n<div class=\"wp-block-image\"><figure class=\"aligncenter size-large\"><img loading=\"lazy\" width=\"1024\" height=\"642\" src=\"https:\/\/blogs.urz.uni-halle.de\/ortederzukunft\/files\/2025\/03\/zukunft_schneekugel-1024x642.jpg\" alt=\"\" class=\"wp-image-40\" srcset=\"https:\/\/blogs.urz.uni-halle.de\/ortederzukunft\/files\/2025\/03\/zukunft_schneekugel-1024x642.jpg 1024w, https:\/\/blogs.urz.uni-halle.de\/ortederzukunft\/files\/2025\/03\/zukunft_schneekugel-300x188.jpg 300w, https:\/\/blogs.urz.uni-halle.de\/ortederzukunft\/files\/2025\/03\/zukunft_schneekugel-768x482.jpg 768w, https:\/\/blogs.urz.uni-halle.de\/ortederzukunft\/files\/2025\/03\/zukunft_schneekugel-1536x964.jpg 1536w, https:\/\/blogs.urz.uni-halle.de\/ortederzukunft\/files\/2025\/03\/zukunft_schneekugel.jpg 1583w\" sizes=\"(max-width: 1024px) 100vw, 1024px\" \/><\/figure><\/div>\n\n\n\n<p><\/p>\n\n\n\n<p>Wie unser Schaubild zeigt, k\u00f6nnen das ganz unterschiedliche Orte aus der Stadt Halle sein, darunter der Entwurf f\u00fcr die Krone der Stadt von Walter Gropius, ikonische Bauten in Halle-Neustadt sowie bildungs- und Lernorte der Franckeschen Stiftung und Universit\u00e4t. Hier verdichten sich im Raum Erz\u00e4hlungen und Vorstellungen, hier kristallisiere sich Visionen f\u00fcr die Zukunft. <\/p>\n\n\n\n<p>Im Speziellen besch\u00e4ftigen wir uns in einem Seminar mit der Transformationslandschaft Mansfelder Land, mit Leuna als einem Chronotopos der DDR, mit Halle-Neustadt, mit G\u00e4rten und Gartenst\u00e4dten und Reformbewegungen sowie Orten in Halle: Vergangen \u2013 gegenw\u00e4rtig \u2013 zuk\u00fcnftig. Die Seminare stehen miteinander im Kontakt und tauschen sich interdisziplin\u00e4r aus und werden sich am 24.06. au\u00dferdem zu einem gemeinsamen Workshop zusammenfinden, bei dem Vortr\u00e4ge von Lucian H\u00f6lscher, R\u00fcdiger Graf und Stefan Willer zu einer weiteren Reflexion der Zukunftssemantiken anregen. Wir laden gern dazu ein, sich dieses Angebot n\u00e4her anzusehen und sich bei Interesse einzuschreiben oder anzumelden. Bei der Langen Nacht der Wissenschaft (am 4. Juli 2025, von 17-23 Uhr) werden dann die Ergebnisse der Zukunftsseminare umfassend pr\u00e4sentiert.<\/p>\n","protected":false},"excerpt":{"rendered":"<p>Zukunftsorte! Im Sommersemester 2025 bietet der Forschungsschwerpunkt ARW (Aufkl\u00e4rung \u2013 Religion \u2013 Wissen) eine gro\u00dfe Seminarreihe zum Projekt \u201cZukunftsorte\u201d an, die sich \u00fcber die F\u00e4cher Germanistik, Kunstgeschichte und Geschichte erstrecken. Die Projektseminare widmen sich in praktischer Themenarbeit Orten der Transformation in Sachsen-Anhalt und behandeln dabei umfassend die vergangenen Zuk\u00fcnfte, die &hellip;<\/p>\n","protected":false},"author":630,"featured_media":0,"parent":0,"menu_order":0,"comment_status":"closed","ping_status":"closed","template":"","meta":[],"_links":{"self":[{"href":"https:\/\/blogs.urz.uni-halle.de\/ortederzukunft\/wp-json\/wp\/v2\/pages\/3"}],"collection":[{"href":"https:\/\/blogs.urz.uni-halle.de\/ortederzukunft\/wp-json\/wp\/v2\/pages"}],"about":[{"href":"https:\/\/blogs.urz.uni-halle.de\/ortederzukunft\/wp-json\/wp\/v2\/types\/page"}],"author":[{"embeddable":true,"href":"https:\/\/blogs.urz.uni-halle.de\/ortederzukunft\/wp-json\/wp\/v2\/users\/630"}],"replies":[{"embeddable":true,"href":"https:\/\/blogs.urz.uni-halle.de\/ortederzukunft\/wp-json\/wp\/v2\/comments?post=3"}],"version-history":[{"count":3,"href":"https:\/\/blogs.urz.uni-halle.de\/ortederzukunft\/wp-json\/wp\/v2\/pages\/3\/revisions"}],"predecessor-version":[{"id":65,"href":"https:\/\/blogs.urz.uni-halle.de\/ortederzukunft\/wp-json\/wp\/v2\/pages\/3\/revisions\/65"}],"wp:attachment":[{"href":"https:\/\/blogs.urz.uni-halle.de\/ortederzukunft\/wp-json\/wp\/v2\/media?parent=3"}],"curies":[{"name":"wp","href":"https:\/\/api.w.org\/{rel}","templated":true}]}}