{"id":2,"date":"2022-07-01T16:39:43","date_gmt":"2022-07-01T14:39:43","guid":{"rendered":"https:\/\/blogs.urz.uni-halle.de\/permstories\/?page_id=2"},"modified":"2022-07-03T16:29:16","modified_gmt":"2022-07-03T14:29:16","slug":"beispiel-seite","status":"publish","type":"page","link":"https:\/\/blogs.urz.uni-halle.de\/permstories\/beispiel-seite\/","title":{"rendered":"Arbeiterseele"},"content":{"rendered":"<p>Arbeiterseele ist die erste Geschichte aus der Welt von PERM , die auf dieser Website ver\u00f6ffentlicht wurde. Sie dient als Einstieg in das komplexe Universum.\u00a0 Urspr\u00fcnglich wurde das Projekt als blo\u00dfe Audiodatei, als Studienleistung des MuK Bachelors, von mir abgegeben und im Nachhinein mit einem kleinen Hintergrundvideo versehen.\u00a0<\/p>\n<p>Bei ihr handelt es sich um eine Geschichte die in den Tiefen des Meeres spielt und wohl in ferner Zukunft liegt. Alles weitere m\u00f6chte ich f\u00fcr die Spannung vorenthalten. Diskutiert gerne in Beitr\u00e4gen \u00fcber die Bedeutung und die Hintergr\u00fcnde. Viel Spa\u00df!\u00a0<\/p>\n\n\n<figure class=\"wp-block-video\"><video controls src=\"https:\/\/blogs.urz.uni-halle.de\/permstories\/files\/2022\/07\/Arbeiterseele-1.mp4\"><\/video><\/figure>\n","protected":false},"excerpt":{"rendered":"<div class=\"entry-summary\">\nArbeiterseele ist die erste Geschichte aus der Welt von PERM , die auf dieser Website ver\u00f6ffentlicht wurde. Sie dient als&hellip;\n<\/div>\n<div class=\"link-more\"><a href=\"https:\/\/blogs.urz.uni-halle.de\/permstories\/beispiel-seite\/\" class=\"more-link\">Continue reading<span class=\"screen-reader-text\"> &ldquo;Arbeiterseele&rdquo;<\/span>&hellip;<\/a><\/div>\n","protected":false},"author":5420,"featured_media":0,"parent":0,"menu_order":0,"comment_status":"closed","ping_status":"open","template":"","meta":[],"_links":{"self":[{"href":"https:\/\/blogs.urz.uni-halle.de\/permstories\/wp-json\/wp\/v2\/pages\/2"}],"collection":[{"href":"https:\/\/blogs.urz.uni-halle.de\/permstories\/wp-json\/wp\/v2\/pages"}],"about":[{"href":"https:\/\/blogs.urz.uni-halle.de\/permstories\/wp-json\/wp\/v2\/types\/page"}],"author":[{"embeddable":true,"href":"https:\/\/blogs.urz.uni-halle.de\/permstories\/wp-json\/wp\/v2\/users\/5420"}],"replies":[{"embeddable":true,"href":"https:\/\/blogs.urz.uni-halle.de\/permstories\/wp-json\/wp\/v2\/comments?post=2"}],"version-history":[{"count":2,"href":"https:\/\/blogs.urz.uni-halle.de\/permstories\/wp-json\/wp\/v2\/pages\/2\/revisions"}],"predecessor-version":[{"id":41,"href":"https:\/\/blogs.urz.uni-halle.de\/permstories\/wp-json\/wp\/v2\/pages\/2\/revisions\/41"}],"wp:attachment":[{"href":"https:\/\/blogs.urz.uni-halle.de\/permstories\/wp-json\/wp\/v2\/media?parent=2"}],"curies":[{"name":"wp","href":"https:\/\/api.w.org\/{rel}","templated":true}]}}