{"id":34,"date":"2022-07-01T17:57:11","date_gmt":"2022-07-01T15:57:11","guid":{"rendered":"https:\/\/blogs.urz.uni-halle.de\/permstories\/?page_id=34"},"modified":"2022-07-01T17:57:12","modified_gmt":"2022-07-01T15:57:12","slug":"hallo-welt-von-perm","status":"publish","type":"page","link":"https:\/\/blogs.urz.uni-halle.de\/permstories\/hallo-welt-von-perm\/","title":{"rendered":"Hallo Welt von PERM!"},"content":{"rendered":"\n<p>Willkommen auf meinem Blog zur Kurzgeschichtensammlung aus dem PERM Universum. Neben meinem YouTube Kanal findet ihr hier Einblicke und Eindr\u00fccke in die komplexe Welt und k\u00f6nnt Informationen aus ihr erfahren, die abseits der Hauptgeschichte spielen.<\/p>\n\n\n\n<p>PERM ist ein fiktives Universum welches (zun\u00e4chst) auf der altbekannten Erde spielt, doch schnell in phantastische Gefilde eintaucht. Die Genres dieser komplexen Welt sind vielf\u00e4ltig doch alles beginnt zun\u00e4chst mit einer kleinen Gruppe von Jugendlichen, die in eine Welt zwischen Tod und Leben, zwischen Realit\u00e4t und \u00fcbernat\u00fcrlichem eintauchen.<\/p>\n\n\n\n<p>Die Kurzgeschichten dieses Blogs spielen nicht in chronologischer Reihenfolge und sind an verschiedenen stellen der PERM Timeline angesiedelt. Verbindungen zu suchen und Bez\u00fcge herzustellen ist allerdings den Zuh\u00f6rern \u00fcberlassen.<\/p>\n","protected":false},"excerpt":{"rendered":"<div class=\"entry-summary\">\nWillkommen auf meinem Blog zur Kurzgeschichtensammlung aus dem PERM Universum. Neben meinem YouTube Kanal findet ihr hier Einblicke und Eindr\u00fccke&hellip;\n<\/div>\n<div class=\"link-more\"><a href=\"https:\/\/blogs.urz.uni-halle.de\/permstories\/hallo-welt-von-perm\/\" class=\"more-link\">Continue reading<span class=\"screen-reader-text\"> &ldquo;Hallo Welt von PERM!&rdquo;<\/span>&hellip;<\/a><\/div>\n","protected":false},"author":5420,"featured_media":0,"parent":0,"menu_order":0,"comment_status":"closed","ping_status":"closed","template":"","meta":[],"_links":{"self":[{"href":"https:\/\/blogs.urz.uni-halle.de\/permstories\/wp-json\/wp\/v2\/pages\/34"}],"collection":[{"href":"https:\/\/blogs.urz.uni-halle.de\/permstories\/wp-json\/wp\/v2\/pages"}],"about":[{"href":"https:\/\/blogs.urz.uni-halle.de\/permstories\/wp-json\/wp\/v2\/types\/page"}],"author":[{"embeddable":true,"href":"https:\/\/blogs.urz.uni-halle.de\/permstories\/wp-json\/wp\/v2\/users\/5420"}],"replies":[{"embeddable":true,"href":"https:\/\/blogs.urz.uni-halle.de\/permstories\/wp-json\/wp\/v2\/comments?post=34"}],"version-history":[{"count":1,"href":"https:\/\/blogs.urz.uni-halle.de\/permstories\/wp-json\/wp\/v2\/pages\/34\/revisions"}],"predecessor-version":[{"id":35,"href":"https:\/\/blogs.urz.uni-halle.de\/permstories\/wp-json\/wp\/v2\/pages\/34\/revisions\/35"}],"wp:attachment":[{"href":"https:\/\/blogs.urz.uni-halle.de\/permstories\/wp-json\/wp\/v2\/media?parent=34"}],"curies":[{"name":"wp","href":"https:\/\/api.w.org\/{rel}","templated":true}]}}