
{"id":64,"date":"2018-09-12T14:47:58","date_gmt":"2018-09-12T12:47:58","guid":{"rendered":"https:\/\/blogs.urz.uni-halle.de\/phecht\/?page_id=64"},"modified":"2018-09-30T10:41:35","modified_gmt":"2018-09-30T08:41:35","slug":"ueber","status":"publish","type":"page","link":"https:\/\/blogs.urz.uni-halle.de\/phecht\/","title":{"rendered":"\u00fcber"},"content":{"rendered":"<h1><img loading=\"lazy\" class=\"aligncenter wp-image-153 size-full\" src=\"https:\/\/blogs.urz.uni-halle.de\/phecht\/files\/2018\/09\/ueber.jpg\" alt=\"\" width=\"1280\" height=\"853\" srcset=\"https:\/\/blogs.urz.uni-halle.de\/phecht\/files\/2018\/09\/ueber.jpg 1280w, https:\/\/blogs.urz.uni-halle.de\/phecht\/files\/2018\/09\/ueber-300x200.jpg 300w, https:\/\/blogs.urz.uni-halle.de\/phecht\/files\/2018\/09\/ueber-768x512.jpg 768w, https:\/\/blogs.urz.uni-halle.de\/phecht\/files\/2018\/09\/ueber-785x523.jpg 785w\" sizes=\"(max-width: 1280px) 100vw, 1280px\" \/><\/h1>\n<h1>Hi<\/h1>\n<p id=\"u1243-4\">Sch\u00f6n, dass du dich hergefunden hast :) Mein Name ist Philipp und ich bin Fotograf und Gestalter aus Halle. Haupts\u00e4chlich fotografiere ich Landschaften und die Natur, wobei die meisten meiner Motive auf Reisen entstehen. Als gelernter Mediengestalter habe ich mittlerweile 10 Jahre Erfahrung in den Bereichen Grafik, Layout (Web\/Print) und Composing sammeln k\u00f6nnen. Alles was gedruckt werden kann, gestalte ich dir. Nicht nur weil es mein Job ist, sondern meine Passion. Wirf einen Blick in mein <a class=\"nonblock\" href=\"http:\/\/philipp-hecht.de\/portfolio---philipp-hecht.html#gallery\">Portfolio<\/a> und \u00fcberzeuge dich selbst.<\/p>\n<h1>Was soll das Ganze?<\/h1>\n<p>In diesem Blog geht es um Fotgrafie und das Bearbeiten mit Adobe Photoshop. In Zeiten von Google und Youtube kann sich jeder fast alles selbst bei bringen. Unter &#8222;Photoshop tutorial&#8220; spuckt dir die Suchmaschine 211.000.000 Ergebnisse aus. Niemand braucht das 20.001ste Photoshop &#8222;Distorsion Effekt&#8220; Tutorial oder den 21.400.001 &#8222;Was ist eine Blende&#8220; Artikel . Das Rad soll hier nicht neu erfunden werden. Viel mehr m\u00f6chte ich dir ein paar Tipps und Tricks mit auf dem Weg geben um deinen Workflow beim Fotografieren und bearbeiten zu verbessern. Ich m\u00f6chte dir auf diesem Blog in einfachen Worten die Techniken n\u00e4her bringen welche ich selbst nutze und sich \u00fcber die Jahre bew\u00e4hrt haben. Der Blog richtet sich an die jenigen die bereits Erfahrungen mit Adobe Photoshop und einer Kamera haben. Wurde schon einmal etwas an einer anderen Stelle ausf\u00fchrlich erkl\u00e4rt, werde ich zu dieser Stelle verweisen. Reicht jetzt auch mit Einleitungstext&#8230; Vergesst B\u00f6hmermanns <a href=\"https:\/\/youtu.be\/wyAL2P42L_U?t=51s\" target=\"_blank\" rel=\"noopener\">Photoshop-Philipp <\/a>und lernt vom einzig wahren Photoshop-Philipp.<\/p>\n<p>LG Philipp<\/p>\n","protected":false},"excerpt":{"rendered":"<p>Hi Sch\u00f6n, dass du dich hergefunden hast :) Mein Name ist Philipp und ich bin Fotograf und Gestalter aus Halle.<\/p>\n<div class=\"read-button read_more_btn_text\"><a class=\"read_more\" href=\"https:\/\/blogs.urz.uni-halle.de\/phecht\/\">Read Now<span class=\"arrow_readm\"> &#x25BA;<\/span><\/a><\/div>\n","protected":false},"author":3488,"featured_media":0,"parent":0,"menu_order":0,"comment_status":"closed","ping_status":"closed","template":"","meta":[],"_links":{"self":[{"href":"https:\/\/blogs.urz.uni-halle.de\/phecht\/wp-json\/wp\/v2\/pages\/64"}],"collection":[{"href":"https:\/\/blogs.urz.uni-halle.de\/phecht\/wp-json\/wp\/v2\/pages"}],"about":[{"href":"https:\/\/blogs.urz.uni-halle.de\/phecht\/wp-json\/wp\/v2\/types\/page"}],"author":[{"embeddable":true,"href":"https:\/\/blogs.urz.uni-halle.de\/phecht\/wp-json\/wp\/v2\/users\/3488"}],"replies":[{"embeddable":true,"href":"https:\/\/blogs.urz.uni-halle.de\/phecht\/wp-json\/wp\/v2\/comments?post=64"}],"version-history":[{"count":10,"href":"https:\/\/blogs.urz.uni-halle.de\/phecht\/wp-json\/wp\/v2\/pages\/64\/revisions"}],"predecessor-version":[{"id":233,"href":"https:\/\/blogs.urz.uni-halle.de\/phecht\/wp-json\/wp\/v2\/pages\/64\/revisions\/233"}],"wp:attachment":[{"href":"https:\/\/blogs.urz.uni-halle.de\/phecht\/wp-json\/wp\/v2\/media?parent=64"}],"curies":[{"name":"wp","href":"https:\/\/api.w.org\/{rel}","templated":true}]}}