{"id":11,"date":"2015-05-11T20:58:27","date_gmt":"2015-05-11T18:58:27","guid":{"rendered":"https:\/\/blogs.urz.uni-halle.de\/pluraleoekonomik\/?page_id=11"},"modified":"2025-06-26T11:36:53","modified_gmt":"2025-06-26T09:36:53","slug":"ueber-uns-2","status":"publish","type":"page","link":"https:\/\/blogs.urz.uni-halle.de\/pluraleoekonomik\/ueber-uns-2\/","title":{"rendered":"Wir \u00fcber uns"},"content":{"rendered":"<p><strong>Selbstverst\u00e4ndnis der Initiative Neue Plurale \u00d6konomik Halle\/Saale:<\/strong><\/p>\n<p>Weltweit rebellieren Studierende gegen die theoretische Einf\u00e4ltigkeit im Studium der Wirtschaftswissenschaften. Was 2000 an der Sorbonne in Paris begann, erreicht nun auch Halle. Die Auseinandersetzung mit Klassikern wie Smith, Marx oder Keynes findet nicht statt und auch von den diversen \u00f6konomischen Schulen (bspw. <a href=\"http:\/\/de.wikipedia.org\/wiki\/Evolutions\u00f6konomik\" target=\"_blank\" rel=\"noopener noreferrer\">Evolutorische \u00d6konomik<\/a>\u00a0oder <a href=\"http:\/\/de.wikipedia.org\/wiki\/Postkeynesianismus\" target=\"_blank\" rel=\"noopener noreferrer\">Postkeynesianismus<\/a>) erf\u00e4hrt man an der MLU sehr wenig. Solange von Pluralit\u00e4t an der gelehrten \u00f6konomischen Theorie Lehre an der Martin-Luther-Universit\u00e4t Halle-Wittenberg nicht viel zu sp\u00fcren ist, sehen wir uns dazu verpflichtet, die Wissensdefizite selbst zu beheben. Deshalb machen wir es zu unserer zentralen Aufgabe, durch eigens organisierte Lehrveranstaltungen ein Bildungsangebot zu schaffen, welches unserem Anspruch an Pluralit\u00e4t gerecht wird. Wir wollen damit eine Debatte \u00fcber die Monotonie der \u00f6konomischen Lehre ansto\u00dfen, aber auch eine Plattform bieten, um die vielf\u00e4ltigsten Theorien sowie aktuelle \u00f6konomische Ereignisse zu diskutieren. Weil wir den Pluralismus, den wir fordern, auch leben wollen, haben Dogmatismus und gruppenbezogene Menschenfeindlichkeit keinen Platz bei uns. Als ein interdisziplin\u00e4rer Arbeitskreis ist bei uns jeder an \u00f6konomischen Problemstellungen Interessierte herzlich willkommen.<\/p>\n<p><a href=\"https:\/\/blogs.urz.uni-halle.de\/pluraleoekonomik\/files\/2015\/05\/Satzung-Plurale-\u00d6konomik-Version-Gesch\u00e4ftsf\u00fchrung.pdf\">Satzung<\/a><\/p>\n<h2>NEU!<\/h2>\n<p>Wir haben im Transit Magazin einen offenen Brief an alle Professor*innen des Wirtschaftswissenschaftlichen Bereichs ver\u00f6ffentlicht! Lesen k\u00f6nnt ihr ihn hier:<\/p>\n<p><a href=\"https:\/\/transit-magazin.de\/2019\/08\/es-bleibt-an-uns-unbequem-zu-bleiben\/\">Es bleibt an uns, unbequem zu bleiben!<\/a>\u00a0(Stand 2019)<\/p>\n","protected":false},"excerpt":{"rendered":"<p>Selbstverst\u00e4ndnis der Initiative Neue Plurale \u00d6konomik Halle\/Saale: Weltweit rebellieren Studierende gegen die theoretische Einf\u00e4ltigkeit im Studium der Wirtschaftswissenschaften. Was 2000 an der Sorbonne in Paris begann, erreicht nun auch Halle. Die Auseinandersetzung mit Klassikern wie Smith, Marx oder Keynes findet&#8230;<\/p>\n","protected":false},"author":2277,"featured_media":0,"parent":0,"menu_order":1,"comment_status":"open","ping_status":"closed","template":"","meta":[],"_links":{"self":[{"href":"https:\/\/blogs.urz.uni-halle.de\/pluraleoekonomik\/wp-json\/wp\/v2\/pages\/11"}],"collection":[{"href":"https:\/\/blogs.urz.uni-halle.de\/pluraleoekonomik\/wp-json\/wp\/v2\/pages"}],"about":[{"href":"https:\/\/blogs.urz.uni-halle.de\/pluraleoekonomik\/wp-json\/wp\/v2\/types\/page"}],"author":[{"embeddable":true,"href":"https:\/\/blogs.urz.uni-halle.de\/pluraleoekonomik\/wp-json\/wp\/v2\/users\/2277"}],"replies":[{"embeddable":true,"href":"https:\/\/blogs.urz.uni-halle.de\/pluraleoekonomik\/wp-json\/wp\/v2\/comments?post=11"}],"version-history":[{"count":9,"href":"https:\/\/blogs.urz.uni-halle.de\/pluraleoekonomik\/wp-json\/wp\/v2\/pages\/11\/revisions"}],"predecessor-version":[{"id":564,"href":"https:\/\/blogs.urz.uni-halle.de\/pluraleoekonomik\/wp-json\/wp\/v2\/pages\/11\/revisions\/564"}],"wp:attachment":[{"href":"https:\/\/blogs.urz.uni-halle.de\/pluraleoekonomik\/wp-json\/wp\/v2\/media?parent=11"}],"curies":[{"name":"wp","href":"https:\/\/api.w.org\/{rel}","templated":true}]}}