{"id":469,"date":"2022-08-24T12:08:40","date_gmt":"2022-08-24T10:08:40","guid":{"rendered":"https:\/\/blogs.urz.uni-halle.de\/pluraleoekonomik\/?page_id=469"},"modified":"2024-05-20T11:26:27","modified_gmt":"2024-05-20T09:26:27","slug":"uebersicht","status":"publish","type":"page","link":"https:\/\/blogs.urz.uni-halle.de\/pluraleoekonomik\/uebersicht\/","title":{"rendered":"\u00dcbersicht \u00fcber die plurale \u00d6konomik"},"content":{"rendered":"\n<figure class=\"wp-block-image size-large\"><img loading=\"lazy\" width=\"1024\" height=\"221\" src=\"https:\/\/blogs.urz.uni-halle.de\/pluraleoekonomik\/files\/2022\/08\/logo_breit-1-1024x221.jpg\" alt=\"\" class=\"wp-image-478\" srcset=\"https:\/\/blogs.urz.uni-halle.de\/pluraleoekonomik\/files\/2022\/08\/logo_breit-1-1024x221.jpg 1024w, https:\/\/blogs.urz.uni-halle.de\/pluraleoekonomik\/files\/2022\/08\/logo_breit-1-300x65.jpg 300w, https:\/\/blogs.urz.uni-halle.de\/pluraleoekonomik\/files\/2022\/08\/logo_breit-1-768x166.jpg 768w, https:\/\/blogs.urz.uni-halle.de\/pluraleoekonomik\/files\/2022\/08\/logo_breit-1-1536x332.jpg 1536w, https:\/\/blogs.urz.uni-halle.de\/pluraleoekonomik\/files\/2022\/08\/logo_breit-1-2048x442.jpg 2048w\" sizes=\"(max-width: 1024px) 100vw, 1024px\" \/><\/figure>\n\n\n\n<p><em>Vielen Studierende der Wirtschaftswissenschaften mag der Begriff plurale \u00d6konomik erstmal nichts sagen, deswegen gibt es hier jetzt eine kleine \u00dcbersicht mit praktischen Links.<\/em><\/p>\n\n\n\n<p>von <a href=\"http:\/\/martenw.com\" data-type=\"URL\" data-id=\"martenw.com\">Marten<\/a><\/p>\n\n\n\n<blockquote class=\"wp-block-quote is-style-default\"><p>Ob Pandemie,&nbsp; Klimakrise, Finanzmarktinstabilit\u00e4t, soziale Ungleichheit \u2013 die Probleme unserer Zeit sind komplex und stark mit der Art unseres Wirtschaftens verbunden.<\/p><p>Damit h\u00e4ngt auch die Art, wie wir Wirtschaft in der Wissenschaft verstehen (lernen) zusammen. Die einseitigen Antworten der Wirtschaftswissenschaften spiegeln sich in den vielseitigen Krisen der Gegenwart wider. Denn obwohl die \u00d6konomik eine Vielfalt an Theorien und Methoden bietet, um reale Probleme zu verstehen, beschr\u00e4nkt sich der wissenschaftliche Diskurs meist auf einen einzigen Ansatz \u2013 den der Neoklassik.<\/p><p><strong>&#8211; von der Selbstbeschreibung des <a href=\"https:\/\/www.plurale-oekonomik.de\/info\/#warumplural\">Netzwerks f\u00fcr plurale \u00d6konomik<\/a><\/strong><\/p><\/blockquote>\n\n\n\n<p>Das Netzwerk f\u00fcr plurale \u00d6konomik ist so etwas wie die Dachorganisation f\u00fcr die Lokalgruppen, die sich an vielen verschiedenen Unis in Deutschland gebildet haben. <a href=\"https:\/\/www.plurale-oekonomik.de\/lokalgruppen\/\">An (fast) jeder Uni<\/a> mit volkswirtschaftlichem Bereich gibt es inzwischen engagierte Studieren\u00b4de. <\/p>\n\n\n\n<hr class=\"wp-block-separator\" \/>\n\n\n\n<p>Besonders hilfreich f\u00fcr einen \u00dcberblick \u00fcber die verschiedenen Theorieschulen der \u00d6konomik, von denen wir Studierende meist nichts mitbekommen, ist <a href=\"https:\/\/www.exploring-economics.org\/de\/orientieren\/\">Exploring-Economics<\/a>. Klickt euch doch einfach mal durch und schaut, was euch so interessiert.<\/p>\n\n\n\n<figure class=\"wp-block-image size-large\"><a href=\"https:\/\/www.exploring-economics.org\/de\/orientieren\/\"><img loading=\"lazy\" width=\"1024\" height=\"430\" src=\"https:\/\/blogs.urz.uni-halle.de\/pluraleoekonomik\/files\/2022\/08\/2022-08-24_11.50.29-1024x430.jpg\" alt=\"\" class=\"wp-image-470\" srcset=\"https:\/\/blogs.urz.uni-halle.de\/pluraleoekonomik\/files\/2022\/08\/2022-08-24_11.50.29-1024x430.jpg 1024w, https:\/\/blogs.urz.uni-halle.de\/pluraleoekonomik\/files\/2022\/08\/2022-08-24_11.50.29-300x126.jpg 300w, https:\/\/blogs.urz.uni-halle.de\/pluraleoekonomik\/files\/2022\/08\/2022-08-24_11.50.29-768x323.jpg 768w, https:\/\/blogs.urz.uni-halle.de\/pluraleoekonomik\/files\/2022\/08\/2022-08-24_11.50.29-1536x646.jpg 1536w, https:\/\/blogs.urz.uni-halle.de\/pluraleoekonomik\/files\/2022\/08\/2022-08-24_11.50.29-2048x861.jpg 2048w\" sizes=\"(max-width: 1024px) 100vw, 1024px\" \/><\/a><figcaption>Exploring Economics Orientierung<\/figcaption><\/figure>\n\n\n\n<hr class=\"wp-block-separator\" \/>\n\n\n\n<p>Sonst auch sehr zu empfehlen ist die Artikelreihe <a href=\"https:\/\/makronom.de\/economists-for-future-2\">Economists4Future auf makronom.de<\/a>, in der in verschiedenen Beitr\u00e4gen die aktuelle Wirtschaftspolitik und Lehre kritisch beleuchtet wird. <\/p>\n\n\n\n<hr class=\"wp-block-separator\" \/>\n\n\n\n<p>Falls ihr eher Filme m\u00f6gt, ist Oeconomia sehr zu empfehlen. Der besch\u00e4ftigt sich mit der Frage, wie Geld, Schulden und Wachstum zusammenh\u00e4ngen. Verf\u00fcgbar in der <a href=\"https:\/\/www.3sat.de\/film\/dokumentarfilmzeit\/oeconomia-100.html\">3sat-Mediathek<\/a> und als <a href=\"https:\/\/www.youtube.com\/watch?v=hsAvWez8qBQ\">Trailer auf Youtube<\/a>.<\/p>\n\n\n\n<figure class=\"wp-block-embed-youtube wp-block-embed is-type-video is-provider-youtube wp-embed-aspect-16-9 wp-has-aspect-ratio\"><div class=\"wp-block-embed__wrapper\">\n<iframe title=\"OECONOMIA Trailer German Deutsch (2020)\" width=\"640\" height=\"360\" src=\"https:\/\/www.youtube.com\/embed\/hsAvWez8qBQ?feature=oembed\" frameborder=\"0\" allow=\"accelerometer; autoplay; clipboard-write; encrypted-media; gyroscope; picture-in-picture; web-share\" referrerpolicy=\"strict-origin-when-cross-origin\" allowfullscreen><\/iframe>\n<\/div><\/figure>\n\n\n\n<hr class=\"wp-block-separator\" \/>\n\n\n\n<p>Und solltet ihr eher ein Buch pr\u00e4ferieren, ist Doughnut Economics von Kate Raworth von der Universit\u00e4t Oxford zu empfehlen. Das Buch und die dazugeh\u00f6rige Initiative beschreiben \u00f6konomische Ideen, um im 21. Jahrhundert die Menschheit innerhalb der planetaren Grenzen zu positionieren. Sehr empfehlenswerte Lekt\u00fcre f\u00fcr einen \u00dcberblick, warum wir das machen. Einen kleinen Einblick erlaubt der TED-Talk auf Youtube von der Autorin:<\/p>\n\n\n\n<figure class=\"wp-block-embed-youtube wp-block-embed is-type-video is-provider-youtube wp-embed-aspect-16-9 wp-has-aspect-ratio\"><div class=\"wp-block-embed__wrapper\">\n<iframe title=\"A healthy economy should be designed to thrive, not grow | Kate Raworth\" width=\"640\" height=\"360\" src=\"https:\/\/www.youtube.com\/embed\/Rhcrbcg8HBw?feature=oembed\" frameborder=\"0\" allow=\"accelerometer; autoplay; clipboard-write; encrypted-media; gyroscope; picture-in-picture; web-share\" referrerpolicy=\"strict-origin-when-cross-origin\" allowfullscreen><\/iframe>\n<\/div><\/figure>\n\n\n\n<p><\/p>\n","protected":false},"excerpt":{"rendered":"<p>Vielen Studierende der Wirtschaftswissenschaften mag der Begriff plurale \u00d6konomik erstmal nichts sagen, deswegen gibt es hier jetzt eine kleine \u00dcbersicht mit praktischen Links. von Marten Ob Pandemie,&nbsp; Klimakrise, Finanzmarktinstabilit\u00e4t, soziale Ungleichheit \u2013 die Probleme unserer Zeit sind komplex und stark&#8230;<\/p>\n","protected":false},"author":5261,"featured_media":470,"parent":0,"menu_order":0,"comment_status":"closed","ping_status":"closed","template":"","meta":[],"_links":{"self":[{"href":"https:\/\/blogs.urz.uni-halle.de\/pluraleoekonomik\/wp-json\/wp\/v2\/pages\/469"}],"collection":[{"href":"https:\/\/blogs.urz.uni-halle.de\/pluraleoekonomik\/wp-json\/wp\/v2\/pages"}],"about":[{"href":"https:\/\/blogs.urz.uni-halle.de\/pluraleoekonomik\/wp-json\/wp\/v2\/types\/page"}],"author":[{"embeddable":true,"href":"https:\/\/blogs.urz.uni-halle.de\/pluraleoekonomik\/wp-json\/wp\/v2\/users\/5261"}],"replies":[{"embeddable":true,"href":"https:\/\/blogs.urz.uni-halle.de\/pluraleoekonomik\/wp-json\/wp\/v2\/comments?post=469"}],"version-history":[{"count":4,"href":"https:\/\/blogs.urz.uni-halle.de\/pluraleoekonomik\/wp-json\/wp\/v2\/pages\/469\/revisions"}],"predecessor-version":[{"id":547,"href":"https:\/\/blogs.urz.uni-halle.de\/pluraleoekonomik\/wp-json\/wp\/v2\/pages\/469\/revisions\/547"}],"wp:featuredmedia":[{"embeddable":true,"href":"https:\/\/blogs.urz.uni-halle.de\/pluraleoekonomik\/wp-json\/wp\/v2\/media\/470"}],"wp:attachment":[{"href":"https:\/\/blogs.urz.uni-halle.de\/pluraleoekonomik\/wp-json\/wp\/v2\/media?parent=469"}],"curies":[{"name":"wp","href":"https:\/\/api.w.org\/{rel}","templated":true}]}}