{"id":93,"date":"2016-06-06T13:44:17","date_gmt":"2016-06-06T11:44:17","guid":{"rendered":"https:\/\/blogs.urz.uni-halle.de\/polymermaster\/?page_id=93"},"modified":"2022-11-28T16:59:23","modified_gmt":"2022-11-28T15:59:23","slug":"masterstudium-physik-am-zentrum-fuer-polymerforschung","status":"publish","type":"page","link":"https:\/\/blogs.urz.uni-halle.de\/polymermaster\/masterstudium-physik-am-zentrum-fuer-polymerforschung\/","title":{"rendered":"Masterstudium Physik in der Polymerforschung in Halle (Saale)"},"content":{"rendered":"<p>Ihr seid Bachelorstudierende in Physik und \u00fcberlegt, wie es im Masterstudium weitergehen soll?&nbsp;An der Martin-Luther-Universit\u00e4t Halle-Wittenberg k\u00f6nnt Ihr Euer Studium fortsetzen und dabei die Welt der Polymere erkunden.<\/p>\n\n<blockquote class=\"alignleft\">\n<p>&#8222;Polymerforschung am Puls der Zeit &#8211; sei&nbsp;dabei&#8220;<\/p>\n<\/blockquote>\n<p>Insgesamt vier Fachgruppen am Institut f\u00fcr Physik widmen sich der Erforschung von Polymeren mit experimentellen und theoretischen Methoden. Gr\u00f6\u00dfere Forschungsprojekte k\u00f6nnen oft durch eine Finanzierung \u00fcber Drittmittel auf die Beine gestellt werden. So gab es bereits mehrere Sonderforschungsbereiche in der Naturwissenschaftlichen Fakult\u00e4t II. Mit anderen Worten, die Forschung hier ist richtig gut und wird mit mehreren Millionen Euro pro Jahr gef\u00f6rdert.<\/p>\n<p><strong>Schreibt Euch in Halle in der Physik ein, sucht Euch Euch ein Thema rund um Polymere aus und nutzt die M\u00f6glichkeiten.<\/strong><\/p>\n<p>Infos zur Einschreibung an der MLU&nbsp;findet Ihr <a href=\"http:\/\/immaamt.verwaltung.uni-halle.de\/bewerbung\/ws16\/postgradual\/master\/#anchor2669268\" target=\"_blank\" rel=\"noopener noreferrer\">hier<\/a>. Bewerbt Euch doch einfach jetzt direkt \u00fcber das <a href=\"https:\/\/loewenportal.uni-halle.de\/portal\/rds?state=wimma&amp;stg=n&amp;imma=einl\" target=\"_blank\" rel=\"noopener noreferrer\">Bewerbungsportal<\/a> der MLU oder bis sp\u00e4testens 31. August.<\/p>\n<h2>Ziel des Studiums<\/h2>\n<p>Im <a href=\"https:\/\/studienangebot.uni-halle.de\/physik-master-120\">Masterstudium<\/a> vertieft Ihr Euer Wissen, welches Ihr im Bachelorstudium erworben habt. Weiterf\u00fchrende Vorlesungen in Experimental- und Theoretischer Physik helfen Euch Ph\u00e4nomene und die zugrundeliegenden Mechanismen besser zu verstehen. W\u00e4hlt Ihr die Vertiefungsrichtung \u201eWeiche Materie: Polymer- und Biophysik\u201c erlernt&nbsp;Ihr w\u00e4hrend des Studiums die Grundlagen<\/p>\n<ul>\n<li style=\"list-style-type: none\">\n<ul>\n<li>zur physikalischen Beschreibung<\/li>\n<li>der wichtigsten Methoden zur Analytik<\/li>\n<li>f\u00fcr Untersuchung von Struktur uns Dynamik<\/li>\n<\/ul>\n<\/li>\n<\/ul>\n<p>von makromolekularen Systemen. Ihr werdet in Kontakt mit der Forschung auf dem Gebiet der Polymer- und Biophysik kommen und Euch im Laufe der zwei Jahre in Forschungsthemen einarbeiten und Eure Ergebnisse pr\u00e4sentieren.<\/p>\n<div id=\"accordion1\">\n<h3>Themen synthetische Polymere<\/h3>\n<div>\n<ul>\n<li>Teilkristalline und supramolekulare Polymere<\/li>\n<li>Simulation der Kristallisation<\/li>\n<li>Polymere auf Oberfl\u00e4chen<\/li>\n<li>Selbstheilende Polymere<\/li>\n<li>Materialien f\u00fcr organische Solarzellen<\/li>\n<li>Wechselwirkung von synthetischen Polymeren mit Lipidmembranen<\/li>\n<li>Polymernetzwerke (Quellung von Elastomeren)<\/li>\n<\/ul>\n<\/div>\n<h3>Themen biologische Polymere<\/h3>\n<div>\n<ul>\n<li>Faltung, Dynamik und Stabilit\u00e4t von Proteinen<\/li>\n<li>Kataraktbildung (Grauer Star)<\/li>\n<li>Simulation der Strukturbildung von Amyloiden<\/li>\n<\/ul>\n<\/div>\n<\/div>\n<p>&nbsp;&nbsp;&nbsp;&nbsp;&nbsp;&nbsp;<\/p>\n<p>Weiterf\u00fchrende Details findet Ihr auch in den aktuellen <a href=\"http:\/\/www.natfak2.uni-halle.de\/studium\/stundenplaene\/\" target=\"_blank\" rel=\"noopener noreferrer\">Stundenpl\u00e4nen<\/a> und dem <a href=\"http:\/\/www.natfak2.uni-halle.de\/studium\/modulhandbuecher\/\" target=\"_blank\" rel=\"noopener noreferrer\">Modulhandbuch<\/a>&nbsp;hier.<\/p>\n<h2>Ins Doktorandendasein hineinschnuppern<\/h2>\n<p>Das n\u00f6tige Engagement und gute Noten vorausgesetzt, k\u00f6nnt Ihr an Veranstaltungen teilnehmen, die speziell auf Doktoranden bzw. Doktorandinnen zugeschnitten sind. Ob Ihr den Intensivkurs zur R\u00f6ntgenstreuung oder zur NMR oder doch lieber den Pr\u00e4sentationskurs w\u00e4hlt, liegt dann bei Euch. Ihr wollt mehr \u00fcber das integrierte Graduiertenkolleg &#8222;Polymere. Mehr als nur Zufallskn\u00e4uel&#8220; erfahren? Dann informiert Euch <a href=\"https:\/\/www.academics.de\/wissenschaft\/die_graduiertenschule_57786.html\" target=\"_blank\" rel=\"noopener noreferrer\">hier<\/a>.<\/p>\n[aesop_parallax img=&#8220;https:\/\/blogs.urz.uni-halle.de\/polymermaster\/files\/2016\/06\/MLUHW_Physik_Polymer_0360.jpg&#8220; parallaxbg=&#8220;on&#8220; caption=&#8220;Doktoranden im Gespr\u00e4ch auf dem Campus Heide-S\u00fcd&#8220; captionposition=&#8220;bottom-left&#8220; lightbox=&#8220;on&#8220; floater=&#8220;on&#8220; floaterposition=&#8220;left&#8220; floaterdirection=&#8220;up&#8220;]\n\n<h2>Gut vorbereitet auf dem Weg zur Promotion und in die Industrie<\/h2>\n<p>Falls die Polymerforschung es Euch&nbsp;angetan hat, k\u00f6nnt Ihr Euch im Anschluss an Eure Masterarbeit um eine Promotionsstelle bewerben. F\u00fcr &#8222;alte Hasen&#8220; in der Polymerforschung wie Euch stehen die Chancen dann sehr gut. Sprecht daf\u00fcr am besten mit Eurem Betreuer bzw. Betreuerin der Masterarbeit.<\/p>\n<p>Wollt Ihr direkt in die Industrie einsteigen, stehen Euch alle Wege offen. Als Physiker habt Ihr eine breite Ausbildung und seid dadurch in vielen Bereichen einsetzbar.<\/p>\n\n\n<h2>Interesse geweckt?<\/h2>\n<p>Dann kontaktiere uns!<\/p>\n<p>Ansprechpartnerin: Ann-Kristin Flieger<br>E-Mail: <a href=\"&#x6d;&#x61;&#x69;&#x6c;&#x74;&#x6f;&#58;&#98;&#101;&#97;te&#46;h&#x6f;&#x72;&#x6e;&#x40;&#x70;&#x68;&#121;&#115;&#105;&#107;&#46;uni&#x2d;&#x68;&#x61;&#x6c;&#x6c;&#x65;&#46;&#100;&#101;\">&#97;&#x6e;&#110;&#x2d;&#107;&#x72;&#105;&#x73;&#116;&#x69;&#110;&#x2e;&#102;&#x6c;&#105;&#x65;&#103;&#x65;&#114;&#x40;&#112;&#x68;&#121;&#x73;&#105;&#x6b;&#46;&#x75;n&#x69;-&#x68;a&#x6c;l&#x65;&#46;&#x64;e<\/a><br>Martin-Luther-Universit<strong>\u00e4<\/strong>t Halle-Wittenberg&nbsp;<br>Institut f\u00fcr Physik \u2013 SFB\/TRR 102<br>Von-Danckelmann-Platz 4 <br>06099 Halle (Saale)<\/p>\n\n","protected":false},"excerpt":{"rendered":"<p>Ihr seid Bachelorstudierende in Physik und \u00fcberlegt, wie es im Masterstudium weitergehen soll?&nbsp;An der Martin-Luther-Universit\u00e4t Halle-Wittenberg k\u00f6nnt Ihr &hellip; <a href=\"https:\/\/blogs.urz.uni-halle.de\/polymermaster\/masterstudium-physik-am-zentrum-fuer-polymerforschung\/\" class=\"more-link\"><span class=\"screen-reader-text\">&#8222;Masterstudium Physik in der Polymerforschung in Halle (Saale)&#8220; <\/span>weiterlesen<\/a><\/p>\n","protected":false},"author":4475,"featured_media":767,"parent":0,"menu_order":0,"comment_status":"closed","ping_status":"closed","template":"","meta":{"ngg_post_thumbnail":0},"_links":{"self":[{"href":"https:\/\/blogs.urz.uni-halle.de\/polymermaster\/wp-json\/wp\/v2\/pages\/93"}],"collection":[{"href":"https:\/\/blogs.urz.uni-halle.de\/polymermaster\/wp-json\/wp\/v2\/pages"}],"about":[{"href":"https:\/\/blogs.urz.uni-halle.de\/polymermaster\/wp-json\/wp\/v2\/types\/page"}],"author":[{"embeddable":true,"href":"https:\/\/blogs.urz.uni-halle.de\/polymermaster\/wp-json\/wp\/v2\/users\/4475"}],"replies":[{"embeddable":true,"href":"https:\/\/blogs.urz.uni-halle.de\/polymermaster\/wp-json\/wp\/v2\/comments?post=93"}],"version-history":[{"count":9,"href":"https:\/\/blogs.urz.uni-halle.de\/polymermaster\/wp-json\/wp\/v2\/pages\/93\/revisions"}],"predecessor-version":[{"id":794,"href":"https:\/\/blogs.urz.uni-halle.de\/polymermaster\/wp-json\/wp\/v2\/pages\/93\/revisions\/794"}],"wp:featuredmedia":[{"embeddable":true,"href":"https:\/\/blogs.urz.uni-halle.de\/polymermaster\/wp-json\/wp\/v2\/media\/767"}],"wp:attachment":[{"href":"https:\/\/blogs.urz.uni-halle.de\/polymermaster\/wp-json\/wp\/v2\/media?parent=93"}],"curies":[{"name":"wp","href":"https:\/\/api.w.org\/{rel}","templated":true}]}}